{"id":35459,"date":"2025-10-18T11:03:59","date_gmt":"2025-10-18T11:03:59","guid":{"rendered":"https:\/\/www.coloredcaramel.com\/product\/festive-days-cozy-christmas-coloring-book-comfy-relaxation-for-adults-and-teens-2\/"},"modified":"2026-09-05T12:36:54","modified_gmt":"2026-09-05T12:36:54","slug":"festive-days-cozy-christmas-coloring-book-relaxare","status":"publish","type":"product","link":"https:\/\/www.coloredcaramel.com\/ro\/product\/festive-days-cozy-christmas-coloring-book-relaxare\/","title":{"rendered":"Festive Days Cozy Christmas Coloring Book: relaxare comod\u0103 pentru adul\u021bi \u0219i adolescen\u021bi"},"content":{"rendered":"<h4><span style=\"font-family: 'comic sans ms', sans-serif;\"><span style=\"font-size: 14pt;\">E\u0219ti gata pentru cel mai magic \u0219i adorabil Cr\u0103ciun?\ud83c\udf32<\/span><\/span><\/h4>\n<p><span style=\"font-family: 'comic sans ms', sans-serif; font-size: 12pt;\">Bun venit la <i>Festive Days<\/i>, o <strong>carte de colorat de Cr\u0103ciun confortabil\u0103, plin\u0103 de farmec, lumini sclipitoare \u0219i bucurie pur\u0103 de s\u0103rb\u0103tori! <\/strong><\/span><span style=\"font-family: 'comic sans ms', sans-serif;\"><span style=\"font-size: 14pt;\">\u2728<\/span><\/span><\/p>\n<p><span style=\"font-size: 12pt; font-family: 'comic sans ms', sans-serif;\">Fiecare pagin\u0103 este plin\u0103 de <strong>personaje dr\u0103gu\u021be, decora\u021biuni str\u0103lucitoare \u0219i scene vesele de iarn\u0103<\/strong> , toate a\u0219tept\u00e2nd s\u0103 <i>le<\/i> dai o not\u0103 de culoare \u0219i creativitate.<\/span><\/p>\n<p><span style=\"font-family: 'comic sans ms', sans-serif; font-size: 12pt;\">A\u0219adar, cuib\u0103re\u0219te-te sub p\u0103tura ta preferat\u0103, toarn\u0103-\u021bi o can\u0103 cu ciocolat\u0103 cald\u0103 \u0219i <strong>las\u0103-\u021bi imagina\u021bia s\u0103 str\u0103luceasc\u0103 mai tare dec\u00e2t luminile bradului de Cr\u0103ciun.<\/strong><\/span><\/p>\n<p><span style=\"font-size: 12pt; font-family: 'comic sans ms', sans-serif;\">\ud83e\udde1<strong> De ce ne place:<\/strong><br \/>\n\u2022 <strong>Desene adorabile \u0219i \u00eendr\u0103zne\u021be<\/strong> create pentru momente pl\u0103cute de colorat.<br \/>\n\u2022 PDF cu <strong>40 de ilustra\u021bii unice \u0219i festive<\/strong> , (f\u0103r\u0103 repet\u0103ri!)<br \/>\n\u2022 Include <strong>mostre de culori<\/strong> \u0219i <strong>spa\u021bii mici pentru a experimenta cu palete \u0219i modele<\/strong>.<br \/>\n\u2022 Dimensiunea paginii este de <strong>8.5 x 8.5 inch<\/strong> &#8211; cel mai bine de imprimat pe h\u00e2rtie de 8.5 x 11 inch.<br \/>\n\u2022 Creat\u0103 <strong>pentru adul\u021bi \u0219i adolescen\u021bi<\/strong> care iubesc <strong>ilustra\u021biile de s\u0103rb\u0103tori dr\u0103gu\u021be, confortabile \u0219i relaxante<\/strong>.<br \/>\n\u2022 <strong>Evadarea ta lini\u0219tit\u0103 din agita\u021bia s\u0103rb\u0103torilor.<\/strong><br \/>\n\u2022 Perfect\u0103 ca <strong>un cadou plin de aten\u021bie!<\/strong><\/span><\/p>\n<p><span style=\"font-size: 12pt; font-family: 'comic sans ms', sans-serif;\">Alege varianta preferat\u0103:<strong> digital\u0103 sau tip\u0103rit\u0103!<\/strong><br \/>\n\ud83e\udde1 Ia-\u021bi <strong>exemplarul digital chiar aici<\/strong>, sau<br \/>\n\ud83e\udde1 <strong>Selecteaz\u0103 varianta tip\u0103rit\u0103<\/strong> pentru a o comanda <strong>pe Amazon<\/strong>!<\/span><\/p>\n<p><span style=\"font-family: 'comic sans ms', sans-serif; font-size: 12pt;\">\u2728 <strong>Important<\/strong> \u2728<br \/>\n\ud83e\udde1 Aceasta este <strong>o carte de colorat digital\u0103, care poate fi tip\u0103rit\u0103<\/strong>. Dac\u0103 vrei <strong>o copie fizic\u0103, te rug\u0103m s\u0103 selectezi \u201eVersiune tip\u0103rit\u0103\u201d \u0219i s\u0103 finalizezi achizi\u021bia pe Amazon<\/strong>.<br data-start=\"499\" data-end=\"502\" \/>\ud83d\udeab <strong>Nu se vor expedia copii fizice dac\u0103 achizi\u021bionezi versiunea digital\u0103, imprimabil\u0103, de pe site-ul nostru.<\/strong><br \/>\n\ud83c\udfe1 O po\u021bi <strong>desc\u0103rca \u0219i imprima<\/strong> acas\u0103 de c\u00e2te ori dore\u0219ti , <strong>doar pentru uz personal<\/strong>.<br \/>\n\ud83d\udc95 <strong>F\u0103r\u0103 utilizare comercial\u0103<\/strong> , nu vinde, nu distribui \u0219i nu redistribui aceste pagini.<br \/>\n\ud83c\udfa8 <strong>Nu folosi desenele pentru a crea produse noi<\/strong> (cum ar fi stickere, c\u0103r\u021bi sau produse promo\u021bionale).<br \/>\n\ud83d\udcf8 E\u0219ti binevenit s\u0103 <strong>distribui paginile colorate<\/strong> online , <strong>men\u021bioneaz\u0103 doar Colored Caramel<\/strong>.<br \/>\n\ud83d\udd8b\ufe0f Toate desenele sunt <strong>protejate integral de drepturi de autor de c\u0103tre Colored Caramel<\/strong>. Te rug\u0103m s\u0103 respec\u021bi munca \u0219i creativitatea noastr\u0103.<\/span><\/p>\n<p><span style=\"font-family: 'comic sans ms', sans-serif;\"><strong>Pe locuri, fi\u021bi gata, jingle! \ud83c\udf85\u2728 Ia-\u021bi exemplarul \u0219i cufund\u0103-te \u00een dr\u0103g\u0103l\u0103\u0219enia s\u0103rb\u0103torilor!<\/strong><\/span><\/p>\n<p><span style=\"font-family: 'comic sans ms', sans-serif; font-size: 12pt;\">Dac\u0103 ai \u00eentreb\u0103ri, trimite-ne un mesaj \ud83e\udde1<\/span><\/p>\n","protected":false},"excerpt":{"rendered":"<p>E\u0219ti gata pentru cel mai magic \u0219i adorabil Cr\u0103ciun?\ud83c\udf32 Bun venit la Festive Days, o carte de colorat de Cr\u0103ciun confortabil\u0103, plin\u0103 de farmec, lumini sclipitoare \u0219i bucurie pur\u0103 de\u2026<\/p>\n","protected":false},"featured_media":0,"comment_status":"open","ping_status":"closed","template":"","meta":{"_acf_changed":false,"_glsr_average":0,"_glsr_ranking":0,"_glsr_reviews":0},"product_brand":[],"product_cat":[7748,7660],"product_tag":[],"class_list":["post-35459","product","type-product","status-publish","product_cat-craciun","product_cat-carti-de-colorat","first","instock","sold-individually","shipping-taxable","purchasable","product-type-variable"],"bundled_by":[],"bundle_stock_status":"instock","bundle_stock_quantity":null,"bundle_virtual":false,"bundle_layout":"","bundle_add_to_cart_form_location":"","bundle_editable_in_cart":false,"bundle_sold_individually_context":"","bundle_item_grouping":"","bundle_min_size":"","bundle_max_size":"","bundle_price":[],"bundled_items":[],"bundle_sell_ids":[],"acf":[],"_links":{"self":[{"href":"https:\/\/www.coloredcaramel.com\/ro\/wp-json\/wp\/v2\/product\/35459","targetHints":{"allow":["GET"]}}],"collection":[{"href":"https:\/\/www.coloredcaramel.com\/ro\/wp-json\/wp\/v2\/product"}],"about":[{"href":"https:\/\/www.coloredcaramel.com\/ro\/wp-json\/wp\/v2\/types\/product"}],"replies":[{"embeddable":true,"href":"https:\/\/www.coloredcaramel.com\/ro\/wp-json\/wp\/v2\/comments?post=35459"}],"wp:attachment":[{"href":"https:\/\/www.coloredcaramel.com\/ro\/wp-json\/wp\/v2\/media?parent=35459"}],"wp:term":[{"taxonomy":"product_brand","embeddable":true,"href":"https:\/\/www.coloredcaramel.com\/ro\/wp-json\/wp\/v2\/product_brand?post=35459"},{"taxonomy":"product_cat","embeddable":true,"href":"https:\/\/www.coloredcaramel.com\/ro\/wp-json\/wp\/v2\/product_cat?post=35459"},{"taxonomy":"product_tag","embeddable":true,"href":"https:\/\/www.coloredcaramel.com\/ro\/wp-json\/wp\/v2\/product_tag?post=35459"}],"curies":[{"name":"wp","href":"https:\/\/api.w.org\/{rel}","templated":true}]}}

Festive Days Cozy Christmas Coloring Book: relaxare comodă pentru adulți și adolescenți

<h4><span style="font-family: 'comic sans ms', sans-serif;"><span style="font-size: 14pt;">Ești gata pentru cel mai magic și adorabil Crăciun?🌲</span></span></h4>
<p><span style="font-family: 'comic sans ms', sans-serif; font-size: 12pt;">Bun venit la <i>Festive Days</i>, o <strong>carte de colorat de Crăciun confortabilă, plină de farmec, lumini sclipitoare și bucurie pură de sărbători! </strong></span><span style="font-family: 'comic sans ms', sans-serif;"><span style="font-size: 14pt;">✨</span></span></p>
<p><span style="font-size: 12pt; font-family: 'comic sans ms', sans-serif;">Fiecare pagină este plină de <strong>personaje drăguțe, decorațiuni strălucitoare și scene vesele de iarnă</strong> , toate așteptând să <i>le</i> dai o notă de culoare și creativitate.</span></p>
<p><span style="font-family: 'comic sans ms', sans-serif; font-size: 12pt;">Așadar, cuibărește-te sub pătura ta preferată, toarnă-ți o cană cu ciocolată caldă și <strong>lasă-ți imaginația să strălucească mai tare decât luminile bradului de Crăciun.</strong></span></p>
<p><span style="font-size: 12pt; font-family: 'comic sans ms', sans-serif;">🧡<strong> De ce ne place:</strong><br />
• <strong>Desene adorabile și îndrăznețe</strong> create pentru momente plăcute de colorat.<br />
• PDF cu <strong>40 de ilustrații unice și festive</strong> , (fără repetări!)<br />
• Include <strong>mostre de culori</strong> și <strong>spații mici pentru a experimenta cu palete și modele</strong>.<br />
• Dimensiunea paginii este de <strong>8.5 x 8.5 inch</strong> &#8211; cel mai bine de imprimat pe hârtie de 8.5 x 11 inch.<br />
• Creată <strong>pentru adulți și adolescenți</strong> care iubesc <strong>ilustrațiile de sărbători drăguțe, confortabile și relaxante</strong>.<br />
• <strong>Evadarea ta liniștită din agitația sărbătorilor.</strong><br />
• Perfectă ca <strong>un cadou plin de atenție!</strong></span></p>
<p><span style="font-size: 12pt; font-family: 'comic sans ms', sans-serif;">Alege varianta preferată:<strong> digitală sau tipărită!</strong><br />
🧡 Ia-ți <strong>exemplarul digital chiar aici</strong>, sau<br />
🧡 <strong>Selectează varianta tipărită</strong> pentru a o comanda <strong>pe Amazon</strong>!</span></p>
<p><span style="font-family: 'comic sans ms', sans-serif; font-size: 12pt;">✨ <strong>Important</strong> ✨<br />
🧡 Aceasta este <strong>o carte de colorat digitală, care poate fi tipărită</strong>. Dacă vrei <strong>o copie fizică, te rugăm să selectezi „Versiune tipărită” și să finalizezi achiziția pe Amazon</strong>.<br data-start="499" data-end="502" />🚫 <strong>Nu se vor expedia copii fizice dacă achiziționezi versiunea digitală, imprimabilă, de pe site-ul nostru.</strong><br />
🏡 O poți <strong>descărca și imprima</strong> acasă de câte ori dorești , <strong>doar pentru uz personal</strong>.<br />
💕 <strong>Fără utilizare comercială</strong> , nu vinde, nu distribui și nu redistribui aceste pagini.<br />
🎨 <strong>Nu folosi desenele pentru a crea produse noi</strong> (cum ar fi stickere, cărți sau produse promoționale).<br />
📸 Ești binevenit să <strong>distribui paginile colorate</strong> online , <strong>menționează doar Colored Caramel</strong>.<br />
🖋️ Toate desenele sunt <strong>protejate integral de drepturi de autor de către Colored Caramel</strong>. Te rugăm să respecți munca și creativitatea noastră.</span></p>
<p><span style="font-family: 'comic sans ms', sans-serif;"><strong>Pe locuri, fiți gata, jingle! 🎅✨ Ia-ți exemplarul și cufundă-te în drăgălășenia sărbătorilor!</strong></span></p>
<p><span style="font-family: 'comic sans ms', sans-serif; font-size: 12pt;">Dacă ai întrebări, trimite-ne un mesaj 🧡</span></p>

<p>Ești gata pentru cel mai magic și adorabil Crăciun?🌲 Bun venit la Festive Days, o carte de colorat de Crăciun confortabilă, plină de farmec, lumini sclipitoare și bucurie pură de…</p>
