{"id":35405,"date":"2025-10-11T11:22:48","date_gmt":"2025-10-11T11:22:48","guid":{"rendered":"https:\/\/www.coloredcaramel.com\/product\/charming-christmas-a-coloring-book-for-all-ages-2\/"},"modified":"2026-09-05T12:36:53","modified_gmt":"2026-09-05T12:36:53","slug":"charming-christmas-o-carte-de-colorat-pentru","status":"publish","type":"product","link":"https:\/\/www.coloredcaramel.com\/ro\/product\/charming-christmas-o-carte-de-colorat-pentru\/","title":{"rendered":"Charming Christmas: o carte de colorat pentru toate v\u00e2rstele"},"content":{"rendered":"<p><span style=\"font-family: 'comic sans ms', sans-serif;\">Cele mai dr\u0103gu\u021be plan\u0219e de colorat de Cr\u0103ciun, care includ \u0219i un calendar de Advent distractiv de colorat!<\/span><\/p>\n<p><span style=\"font-family: 'comic sans ms', sans-serif;\">De ce o iubim:<\/span><br \/>\n<span style=\"font-family: 'comic sans ms', sans-serif;\">\u2022 Este plin\u0103 de ilustra\u021bii dr\u0103gu\u021be \u0219i vesele, cu elemente de Cr\u0103ciun, gnomi, animale, oameni de z\u0103pad\u0103, dulciuri \u0219i multe altele!<\/span><br \/>\n<span style=\"font-family: 'comic sans ms', sans-serif;\">\u2022 Un fi\u0219ier PDF complet cu 35 de desene unice<\/span><br \/>\n<span style=\"font-family: 'comic sans ms', sans-serif;\">\u2022 Include o ilustra\u021bie special\u0103 de colorat sub form\u0103 de calendar de Advent<\/span><br \/>\n<span style=\"font-family: 'comic sans ms', sans-serif;\">\u2022 Include o palet\u0103 de culori cu elemente de Cr\u0103ciun<\/span><br \/>\n<span style=\"font-family: 'comic sans ms', sans-serif;\">\u2022 Dimensiunea paginii este de 8.5 x 11 inci<\/span><br \/>\n<span style=\"font-family: 'comic sans ms', sans-serif;\">\u2022 Perfect\u0103 pentru adul\u021bi \u0219i adolescen\u021bi<\/span><br \/>\n<span style=\"font-family: 'comic sans ms', sans-serif;\">\u2022 Activitate perfect\u0103 pentru relaxare \u0219i reducerea stresului<\/span><br \/>\n<span style=\"font-family: 'comic sans ms', sans-serif;\">\u2022 Activitate distractiv\u0103 pentru s\u0103rb\u0103tori<\/span><br \/>\n<span style=\"font-family: 'comic sans ms', sans-serif;\">\u2022 Cadoul pe care toat\u0103 lumea \u00eel va adora!<\/span><\/p>\n<p><span style=\"font-family: 'comic sans ms', sans-serif;\">**IMPORTANT**<\/span><br \/>\n<span style=\"font-family: 'comic sans ms', sans-serif;\">\u2022 Aceasta este o carte electronic\u0103 desc\u0103rcabil\u0103 pe care o imprimi acas\u0103 \u2013 nu se vor trimite prin po\u0219t\u0103 exemplare fizice.<\/span><br \/>\n<span style=\"font-family: 'comic sans ms', sans-serif;\">\u2022 Fi\u0219ierele desc\u0103rcabile nu con\u021bin filigrane.<\/span><br \/>\n<span style=\"font-family: 'comic sans ms', sans-serif;\">\u2022 Numai pentru uz PERSONAL\/PRIVAT! Nu este permis\u0103 utilizarea comercial\u0103.<\/span><br \/>\n<span style=\"font-family: 'comic sans ms', sans-serif;\">\u2022 Cartea este protejat\u0103 de drepturi de autor \u0219i NU este permis\u0103 PRODUC\u021aIA \u00ceN SERIE sau REV\u00c2NZAREA.<\/span><br \/>\n<span style=\"font-family: 'comic sans ms', sans-serif;\">Comand\u0103 ACUM aceast\u0103 CARTE DE COLORAT JUC\u0102U\u0218\u0102 \u0219i \u00eemp\u0103rt\u0103\u0219e\u0219te SPIRITUL DE CR\u0102CIUN!<\/span><\/p>\n<p><span style=\"font-family: 'comic sans ms', sans-serif;\">De s\u0103rb\u0103tori, hai s\u0103 fim juc\u0103u\u0219i, veseli, relaxa\u021bi \u0219i creativi!<\/span><\/p>\n<p><span style=\"font-family: 'comic sans ms', sans-serif;\">Dac\u0103 ai \u00eentreb\u0103ri, trimite-ne un mesaj \ud83d\ude42<\/span><\/p>\n","protected":false},"excerpt":{"rendered":"<p>Cele mai dr\u0103gu\u021be plan\u0219e de colorat de Cr\u0103ciun, care includ \u0219i un calendar de Advent distractiv de colorat! De ce o iubim: \u2022 Este plin\u0103 de ilustra\u021bii dr\u0103gu\u021be \u0219i vesele,\u2026<\/p>\n","protected":false},"featured_media":0,"comment_status":"open","ping_status":"closed","template":"","meta":{"_acf_changed":false,"_glsr_average":0,"_glsr_ranking":0,"_glsr_reviews":0},"product_brand":[],"product_cat":[7748,7660,7692],"product_tag":[],"class_list":["post-35405","product","type-product","status-publish","product_cat-craciun","product_cat-carti-de-colorat","product_cat-fara-categorie","first","instock","sold-individually","shipping-taxable","purchasable","product-type-variable"],"bundled_by":[],"bundle_stock_status":"instock","bundle_stock_quantity":null,"bundle_virtual":false,"bundle_layout":"","bundle_add_to_cart_form_location":"","bundle_editable_in_cart":false,"bundle_sold_individually_context":"","bundle_item_grouping":"","bundle_min_size":"","bundle_max_size":"","bundle_price":[],"bundled_items":[],"bundle_sell_ids":[],"acf":[],"_links":{"self":[{"href":"https:\/\/www.coloredcaramel.com\/ro\/wp-json\/wp\/v2\/product\/35405","targetHints":{"allow":["GET"]}}],"collection":[{"href":"https:\/\/www.coloredcaramel.com\/ro\/wp-json\/wp\/v2\/product"}],"about":[{"href":"https:\/\/www.coloredcaramel.com\/ro\/wp-json\/wp\/v2\/types\/product"}],"replies":[{"embeddable":true,"href":"https:\/\/www.coloredcaramel.com\/ro\/wp-json\/wp\/v2\/comments?post=35405"}],"wp:attachment":[{"href":"https:\/\/www.coloredcaramel.com\/ro\/wp-json\/wp\/v2\/media?parent=35405"}],"wp:term":[{"taxonomy":"product_brand","embeddable":true,"href":"https:\/\/www.coloredcaramel.com\/ro\/wp-json\/wp\/v2\/product_brand?post=35405"},{"taxonomy":"product_cat","embeddable":true,"href":"https:\/\/www.coloredcaramel.com\/ro\/wp-json\/wp\/v2\/product_cat?post=35405"},{"taxonomy":"product_tag","embeddable":true,"href":"https:\/\/www.coloredcaramel.com\/ro\/wp-json\/wp\/v2\/product_tag?post=35405"}],"curies":[{"name":"wp","href":"https:\/\/api.w.org\/{rel}","templated":true}]}}

Charming Christmas: o carte de colorat pentru toate vârstele

<p><span style="font-family: 'comic sans ms', sans-serif;">Cele mai drăguțe planșe de colorat de Crăciun, care includ și un calendar de Advent distractiv de colorat!</span></p>
<p><span style="font-family: 'comic sans ms', sans-serif;">De ce o iubim:</span><br />
<span style="font-family: 'comic sans ms', sans-serif;">• Este plină de ilustrații drăguțe și vesele, cu elemente de Crăciun, gnomi, animale, oameni de zăpadă, dulciuri și multe altele!</span><br />
<span style="font-family: 'comic sans ms', sans-serif;">• Un fișier PDF complet cu 35 de desene unice</span><br />
<span style="font-family: 'comic sans ms', sans-serif;">• Include o ilustrație specială de colorat sub formă de calendar de Advent</span><br />
<span style="font-family: 'comic sans ms', sans-serif;">• Include o paletă de culori cu elemente de Crăciun</span><br />
<span style="font-family: 'comic sans ms', sans-serif;">• Dimensiunea paginii este de 8.5 x 11 inci</span><br />
<span style="font-family: 'comic sans ms', sans-serif;">• Perfectă pentru adulți și adolescenți</span><br />
<span style="font-family: 'comic sans ms', sans-serif;">• Activitate perfectă pentru relaxare și reducerea stresului</span><br />
<span style="font-family: 'comic sans ms', sans-serif;">• Activitate distractivă pentru sărbători</span><br />
<span style="font-family: 'comic sans ms', sans-serif;">• Cadoul pe care toată lumea îl va adora!</span></p>
<p><span style="font-family: 'comic sans ms', sans-serif;">**IMPORTANT**</span><br />
<span style="font-family: 'comic sans ms', sans-serif;">• Aceasta este o carte electronică descărcabilă pe care o imprimi acasă – nu se vor trimite prin poștă exemplare fizice.</span><br />
<span style="font-family: 'comic sans ms', sans-serif;">• Fișierele descărcabile nu conțin filigrane.</span><br />
<span style="font-family: 'comic sans ms', sans-serif;">• Numai pentru uz PERSONAL/PRIVAT! Nu este permisă utilizarea comercială.</span><br />
<span style="font-family: 'comic sans ms', sans-serif;">• Cartea este protejată de drepturi de autor și NU este permisă PRODUCȚIA ÎN SERIE sau REVÂNZAREA.</span><br />
<span style="font-family: 'comic sans ms', sans-serif;">Comandă ACUM această CARTE DE COLORAT JUCĂUȘĂ și împărtășește SPIRITUL DE CRĂCIUN!</span></p>
<p><span style="font-family: 'comic sans ms', sans-serif;">De sărbători, hai să fim jucăuși, veseli, relaxați și creativi!</span></p>
<p><span style="font-family: 'comic sans ms', sans-serif;">Dacă ai întrebări, trimite-ne un mesaj 🙂</span></p>

<p>Cele mai drăguțe planșe de colorat de Crăciun, care includ și un calendar de Advent distractiv de colorat! De ce o iubim: • Este plină de ilustrații drăguțe și vesele,…</p>
