{"id":35027,"date":"2025-06-12T06:13:41","date_gmt":"2025-06-12T06:13:41","guid":{"rendered":"https:\/\/www.coloredcaramel.com\/product\/spooky-dreams-coloring-book-2\/"},"modified":"2026-09-05T12:36:31","modified_gmt":"2026-09-05T12:36:31","slug":"carte-de-colorat-spooky-dreams-cu-fantome","status":"publish","type":"product","link":"https:\/\/www.coloredcaramel.com\/ro\/product\/carte-de-colorat-spooky-dreams-cu-fantome\/","title":{"rendered":"Carte de colorat Spooky Dreams cu fantome \u0219i prieteni"},"content":{"rendered":"<p><span style=\"font-family: 'comic sans ms', sans-serif;\">Bine ai venit la Spooky Dreams! Micii no\u0219tri prieteni dr\u0103gu\u021bi \u0219i fantomele \u00eenfrico\u0219\u0103toare te a\u0219teapt\u0103 s\u0103 te duc\u0103 \u00eentr-o aventur\u0103 magic\u0103. \u2728<\/p>\n<p>\ud83e\udde1 De ce ne place:<\/span><br \/>\n<span style=\"font-family: 'comic sans ms', sans-serif;\">\u2022 Ilustra\u021bii cu linii groase, u\u0219or de colorat, perfecte pentru momentele de relaxare.<\/span><br \/>\n<span style=\"font-family: 'comic sans ms', sans-serif;\">\u2022 Un PDF complet cu 40 de ilustra\u021bii unice, adorabile \u0219i \u00eenfrico\u0219\u0103toare &#8211; f\u0103r\u0103 repet\u0103ri!<\/span><br \/>\n<span style=\"font-family: 'comic sans ms', sans-serif;\">\u2022 Include mostre de culori \u0219i spa\u021biu pentru a \u00eencerca nuan\u021be \u0219i combina\u021bii.<\/span><br \/>\n<span style=\"font-family: 'comic sans ms', sans-serif;\">\u2022 Dimensiunea paginii este 8.5 x 8.5 inch &#8211; cel mai bine se imprim\u0103 pe h\u00e2rtie de 8.5 x 11 inch.<\/span><br \/>\n<span style=\"font-family: 'comic sans ms', sans-serif;\">\u2022 Perfect\u0103 pentru adul\u021bi \u0219i adolescen\u021bi c\u0103rora le place s\u0103 coloreze \u0219i iubesc lucrurile \u00eenfrico\u0219\u0103toare.<\/span><br \/>\n<span style=\"font-family: 'comic sans ms', sans-serif;\">\u2022 Cartea de colorat Spooky Dreams este ideal\u0103 pentru Halloween sau orice alt\u0103 zi din an.<\/span><br \/>\n<span style=\"font-family: 'comic sans ms', sans-serif;\">\u2022 Bucur\u0103-te de momentele tale de lini\u0219te cu activit\u0103\u021bi relaxante \u0219i creative.<\/span><br \/>\n<span style=\"font-family: 'comic sans ms', sans-serif;\">\u2022 Un cadou minunat.<\/span><\/p>\n<p><span style=\"font-family: 'comic sans ms', sans-serif;\">**IMPORTANT**<\/span><br \/>\n<span style=\"font-family: 'comic sans ms', sans-serif;\">\u2022 Aceasta este o carte electronic\u0103 desc\u0103rcabil\u0103 pe care o imprimi acas\u0103 &#8211; nu se vor expedia exemplare fizice.<\/span><br \/>\n<span style=\"font-family: 'comic sans ms', sans-serif;\">\u2022 Fi\u0219ierele desc\u0103rcabile nu con\u021bin filigrane.<\/span><br \/>\n<span style=\"font-family: 'comic sans ms', sans-serif;\">\u2022 DOAR pentru uz PERSONAL\/PRIVAT! Nu este permis\u0103 utilizarea comercial\u0103.<\/span><br \/>\n<span style=\"font-family: 'comic sans ms', sans-serif;\">\u2022 Cartea este protejat\u0103 de drepturi de autor \u0219i NU este permis\u0103 PRODUC\u021aIA \u00ceN MAS\u0102 sau REV\u00c2NZAREA.<\/span><\/p>\n<p><span style=\"font-family: 'comic sans ms', sans-serif;\">Ia-\u021bi exemplarul ast\u0103zi \u0219i pierde-te \u00een cele mai dr\u0103gu\u021be vise \u00eenfrico\u0219\u0103toare!<\/span><\/p>\n<p><span style=\"font-family: 'comic sans ms', sans-serif;\">Dac\u0103 ai \u00eentreb\u0103ri, trimite-ne un mesaj \ud83d\ude42<\/span><\/p>\n","protected":false},"excerpt":{"rendered":"<p>Bine ai venit \u00een Spooky Dreams! Micii no\u0219tri prieteni dr\u0103g\u0103la\u0219i \u0219i fantomele spooky te a\u0219teapt\u0103 \u00eentr-o aventur\u0103 magic\u0103. \u2728<\/p>\n","protected":false},"featured_media":0,"comment_status":"open","ping_status":"closed","template":"","meta":{"_acf_changed":false,"_glsr_average":0,"_glsr_ranking":0,"_glsr_reviews":0},"product_brand":[],"product_cat":[7764,7660,7796],"product_tag":[],"class_list":["post-35027","product","type-product","status-publish","product_cat-halloween","product_cat-carti-de-colorat","product_cat-relaxare","first","instock","sold-individually","shipping-taxable","purchasable","product-type-variable"],"bundled_by":[],"bundle_stock_status":"instock","bundle_stock_quantity":null,"bundle_virtual":false,"bundle_layout":"","bundle_add_to_cart_form_location":"","bundle_editable_in_cart":false,"bundle_sold_individually_context":"","bundle_item_grouping":"","bundle_min_size":"","bundle_max_size":"","bundle_price":[],"bundled_items":[],"bundle_sell_ids":[],"acf":[],"_links":{"self":[{"href":"https:\/\/www.coloredcaramel.com\/ro\/wp-json\/wp\/v2\/product\/35027","targetHints":{"allow":["GET"]}}],"collection":[{"href":"https:\/\/www.coloredcaramel.com\/ro\/wp-json\/wp\/v2\/product"}],"about":[{"href":"https:\/\/www.coloredcaramel.com\/ro\/wp-json\/wp\/v2\/types\/product"}],"replies":[{"embeddable":true,"href":"https:\/\/www.coloredcaramel.com\/ro\/wp-json\/wp\/v2\/comments?post=35027"}],"wp:attachment":[{"href":"https:\/\/www.coloredcaramel.com\/ro\/wp-json\/wp\/v2\/media?parent=35027"}],"wp:term":[{"taxonomy":"product_brand","embeddable":true,"href":"https:\/\/www.coloredcaramel.com\/ro\/wp-json\/wp\/v2\/product_brand?post=35027"},{"taxonomy":"product_cat","embeddable":true,"href":"https:\/\/www.coloredcaramel.com\/ro\/wp-json\/wp\/v2\/product_cat?post=35027"},{"taxonomy":"product_tag","embeddable":true,"href":"https:\/\/www.coloredcaramel.com\/ro\/wp-json\/wp\/v2\/product_tag?post=35027"}],"curies":[{"name":"wp","href":"https:\/\/api.w.org\/{rel}","templated":true}]}}

Carte de colorat Spooky Dreams cu fantome și prieteni

<p><span style="font-family: 'comic sans ms', sans-serif;">Bine ai venit la Spooky Dreams! Micii noștri prieteni drăguți și fantomele înfricoșătoare te așteaptă să te ducă într-o aventură magică. ✨</p>
<p>🧡 De ce ne place:</span><br />
<span style="font-family: 'comic sans ms', sans-serif;">• Ilustrații cu linii groase, ușor de colorat, perfecte pentru momentele de relaxare.</span><br />
<span style="font-family: 'comic sans ms', sans-serif;">• Un PDF complet cu 40 de ilustrații unice, adorabile și înfricoșătoare &#8211; fără repetări!</span><br />
<span style="font-family: 'comic sans ms', sans-serif;">• Include mostre de culori și spațiu pentru a încerca nuanțe și combinații.</span><br />
<span style="font-family: 'comic sans ms', sans-serif;">• Dimensiunea paginii este 8.5 x 8.5 inch &#8211; cel mai bine se imprimă pe hârtie de 8.5 x 11 inch.</span><br />
<span style="font-family: 'comic sans ms', sans-serif;">• Perfectă pentru adulți și adolescenți cărora le place să coloreze și iubesc lucrurile înfricoșătoare.</span><br />
<span style="font-family: 'comic sans ms', sans-serif;">• Cartea de colorat Spooky Dreams este ideală pentru Halloween sau orice altă zi din an.</span><br />
<span style="font-family: 'comic sans ms', sans-serif;">• Bucură-te de momentele tale de liniște cu activități relaxante și creative.</span><br />
<span style="font-family: 'comic sans ms', sans-serif;">• Un cadou minunat.</span></p>
<p><span style="font-family: 'comic sans ms', sans-serif;">**IMPORTANT**</span><br />
<span style="font-family: 'comic sans ms', sans-serif;">• Aceasta este o carte electronică descărcabilă pe care o imprimi acasă &#8211; nu se vor expedia exemplare fizice.</span><br />
<span style="font-family: 'comic sans ms', sans-serif;">• Fișierele descărcabile nu conțin filigrane.</span><br />
<span style="font-family: 'comic sans ms', sans-serif;">• DOAR pentru uz PERSONAL/PRIVAT! Nu este permisă utilizarea comercială.</span><br />
<span style="font-family: 'comic sans ms', sans-serif;">• Cartea este protejată de drepturi de autor și NU este permisă PRODUCȚIA ÎN MASĂ sau REVÂNZAREA.</span></p>
<p><span style="font-family: 'comic sans ms', sans-serif;">Ia-ți exemplarul astăzi și pierde-te în cele mai drăguțe vise înfricoșătoare!</span></p>
<p><span style="font-family: 'comic sans ms', sans-serif;">Dacă ai întrebări, trimite-ne un mesaj 🙂</span></p>

<p>Bine ai venit în Spooky Dreams! Micii noștri prieteni drăgălași și fantomele spooky te așteaptă într-o aventură magică. ✨</p>
