{"id":33829,"date":"2025-04-12T11:14:12","date_gmt":"2025-04-12T11:14:12","guid":{"rendered":"https:\/\/www.coloredcaramel.com\/product\/easy-bold-christmas-coloring-book-2\/"},"modified":"2026-09-05T12:36:11","modified_gmt":"2026-09-05T12:36:11","slug":"livro-de-colorir-de-natal-com-globos","status":"publish","type":"product","link":"https:\/\/www.coloredcaramel.com\/pt-br\/product\/livro-de-colorir-de-natal-com-globos\/","title":{"rendered":"Livro de colorir de Natal com globos de neve, f\u00e1cil e com tra\u00e7os grossos"},"content":{"rendered":"<p><span style=\"font-family: 'comic sans ms', sans-serif;\">D\u00ea um toque de cor \u00e0s suas festas de fim de ano! Fique bem aconchegante e deixe sua criatividade ganhar vida com este livro de colorir de Natal com tra\u00e7os f\u00e1ceis e grossos!<\/span><\/p>\n<p><span style=\"font-family: 'comic sans ms', sans-serif;\">Por que a gente ama:<\/span><br \/>\n<span style=\"font-family: 'comic sans ms', sans-serif;\">\u2022 Livro de colorir de Natal com tra\u00e7os f\u00e1ceis e grossos e ilustra\u00e7\u00f5es ador\u00e1veis.<br \/>\n\u2022 Inclui uma variedade de desenhos para colorir com globos de neve.<br \/>\n<\/span><span style=\"font-family: 'comic sans ms', sans-serif;\">\u2022 Um PDF completo com 40 desenhos exclusivos &#8211; sem repeti\u00e7\u00f5es!<br \/>\n<\/span><span style=\"font-family: 'comic sans ms', sans-serif;\">\u2022 O tamanho da p\u00e1gina \u00e9 8.5 x 8.5 polegadas &#8211; ideal para imprimir em papel de 8.5 x 11 polegadas.<\/span><br \/>\n<span style=\"font-family: 'comic sans ms', sans-serif;\">\u2022 Perfeito para adultos e adolescentes.<br \/>\n\u2022 <\/span><span style=\"font-family: 'comic sans ms', sans-serif;\">\u2022 Perfeito para projetos de arte na escola, artesanato ou atividades em fam\u00edlia.<br \/>\n<\/span><span style=\"font-family: 'comic sans ms', sans-serif;\">\u2022 Capture o brilho das festas de fim de ano e crie seu pr\u00f3prio para\u00edso de inverno.<br \/>\n\u2022 Relaxante!<\/span><br \/>\n<span style=\"font-family: 'comic sans ms', sans-serif;\">\u2022 Um presente lindo.<\/span><\/p>\n<p><span style=\"font-family: 'comic sans ms', sans-serif;\">**IMPORTANTE**<\/span><br \/>\n<span style=\"font-family: 'comic sans ms', sans-serif;\">\u2022 Este \u00e9 um e-book para download que voc\u00ea imprime em casa &#8211; nenhuma c\u00f3pia f\u00edsica ser\u00e1 enviada pelo correio.<\/span><br \/>\n<span style=\"font-family: 'comic sans ms', sans-serif;\">\u2022 N\u00e3o h\u00e1 marcas d&#8217;\u00e1gua nos arquivos para download.<\/span><br \/>\n<span style=\"font-family: 'comic sans ms', sans-serif;\">\u2022 APENAS para uso PESSOAL\/PRIVADO! N\u00e3o \u00e9 permitido o uso comercial.<\/span><br \/>\n<span style=\"font-family: 'comic sans ms', sans-serif;\">\u2022 O livro \u00e9 protegido por direitos autorais e N\u00c3O \u00c9 PERMITIDA A PRODU\u00c7\u00c3O EM MASSA nem a REVENDA.<\/span><\/p>\n<p><span style=\"font-family: 'comic sans ms', sans-serif;\">Garanta sua c\u00f3pia hoje mesmo para um fim de ano m\u00e1gico!<\/span><\/p>\n<p><span style=\"font-family: 'comic sans ms', sans-serif;\">Se tiver alguma d\u00favida, mande uma mensagem pra gente \ud83d\ude42<\/span><\/p>\n","protected":false},"excerpt":{"rendered":"<p>D\u00ea um toque de cor \u00e0s suas festas de fim de ano! Fique bem aconchegante e deixe sua criatividade ganhar vida com este livro de colorir de Natal com tra\u00e7os\u2026<\/p>\n","protected":false},"featured_media":0,"comment_status":"open","ping_status":"closed","template":"","meta":{"_acf_changed":false,"_glsr_average":0,"_glsr_ranking":0,"_glsr_reviews":0},"product_brand":[],"product_cat":[7743,7655],"product_tag":[],"class_list":["post-33829","product","type-product","status-publish","product_cat-natal","product_cat-livros-de-colorir","first","instock","sold-individually","shipping-taxable","purchasable","product-type-variable"],"bundled_by":[],"bundle_stock_status":"instock","bundle_stock_quantity":null,"bundle_virtual":false,"bundle_layout":"","bundle_add_to_cart_form_location":"","bundle_editable_in_cart":false,"bundle_sold_individually_context":"","bundle_item_grouping":"","bundle_min_size":"","bundle_max_size":"","bundle_price":[],"bundled_items":[],"bundle_sell_ids":[],"acf":[],"_links":{"self":[{"href":"https:\/\/www.coloredcaramel.com\/pt-br\/wp-json\/wp\/v2\/product\/33829","targetHints":{"allow":["GET"]}}],"collection":[{"href":"https:\/\/www.coloredcaramel.com\/pt-br\/wp-json\/wp\/v2\/product"}],"about":[{"href":"https:\/\/www.coloredcaramel.com\/pt-br\/wp-json\/wp\/v2\/types\/product"}],"replies":[{"embeddable":true,"href":"https:\/\/www.coloredcaramel.com\/pt-br\/wp-json\/wp\/v2\/comments?post=33829"}],"wp:attachment":[{"href":"https:\/\/www.coloredcaramel.com\/pt-br\/wp-json\/wp\/v2\/media?parent=33829"}],"wp:term":[{"taxonomy":"product_brand","embeddable":true,"href":"https:\/\/www.coloredcaramel.com\/pt-br\/wp-json\/wp\/v2\/product_brand?post=33829"},{"taxonomy":"product_cat","embeddable":true,"href":"https:\/\/www.coloredcaramel.com\/pt-br\/wp-json\/wp\/v2\/product_cat?post=33829"},{"taxonomy":"product_tag","embeddable":true,"href":"https:\/\/www.coloredcaramel.com\/pt-br\/wp-json\/wp\/v2\/product_tag?post=33829"}],"curies":[{"name":"wp","href":"https:\/\/api.w.org\/{rel}","templated":true}]}}

Livro de colorir de Natal com globos de neve, fácil e com traços grossos

<p><span style="font-family: 'comic sans ms', sans-serif;">Dê um toque de cor às suas festas de fim de ano! Fique bem aconchegante e deixe sua criatividade ganhar vida com este livro de colorir de Natal com traços fáceis e grossos!</span></p>
<p><span style="font-family: 'comic sans ms', sans-serif;">Por que a gente ama:</span><br />
<span style="font-family: 'comic sans ms', sans-serif;">• Livro de colorir de Natal com traços fáceis e grossos e ilustrações adoráveis.<br />
• Inclui uma variedade de desenhos para colorir com globos de neve.<br />
</span><span style="font-family: 'comic sans ms', sans-serif;">• Um PDF completo com 40 desenhos exclusivos &#8211; sem repetições!<br />
</span><span style="font-family: 'comic sans ms', sans-serif;">• O tamanho da página é 8.5 x 8.5 polegadas &#8211; ideal para imprimir em papel de 8.5 x 11 polegadas.</span><br />
<span style="font-family: 'comic sans ms', sans-serif;">• Perfeito para adultos e adolescentes.<br />
• </span><span style="font-family: 'comic sans ms', sans-serif;">• Perfeito para projetos de arte na escola, artesanato ou atividades em família.<br />
</span><span style="font-family: 'comic sans ms', sans-serif;">• Capture o brilho das festas de fim de ano e crie seu próprio paraíso de inverno.<br />
• Relaxante!</span><br />
<span style="font-family: 'comic sans ms', sans-serif;">• Um presente lindo.</span></p>
<p><span style="font-family: 'comic sans ms', sans-serif;">**IMPORTANTE**</span><br />
<span style="font-family: 'comic sans ms', sans-serif;">• Este é um e-book para download que você imprime em casa &#8211; nenhuma cópia física será enviada pelo correio.</span><br />
<span style="font-family: 'comic sans ms', sans-serif;">• Não há marcas d&#8217;água nos arquivos para download.</span><br />
<span style="font-family: 'comic sans ms', sans-serif;">• APENAS para uso PESSOAL/PRIVADO! Não é permitido o uso comercial.</span><br />
<span style="font-family: 'comic sans ms', sans-serif;">• O livro é protegido por direitos autorais e NÃO É PERMITIDA A PRODUÇÃO EM MASSA nem a REVENDA.</span></p>
<p><span style="font-family: 'comic sans ms', sans-serif;">Garanta sua cópia hoje mesmo para um fim de ano mágico!</span></p>
<p><span style="font-family: 'comic sans ms', sans-serif;">Se tiver alguma dúvida, mande uma mensagem pra gente 🙂</span></p>

<p>Dê um toque de cor às suas festas de fim de ano! Fique bem aconchegante e deixe sua criatividade ganhar vida com este livro de colorir de Natal com traços…</p>
