{"id":35720,"date":"2026-02-14T10:35:36","date_gmt":"2026-02-14T10:35:36","guid":{"rendered":"https:\/\/www.coloredcaramel.com\/product\/cute-hygge-coloring-book-2\/"},"modified":"2026-09-05T12:37:05","modified_gmt":"2026-09-05T12:37:05","slug":"pretty-cozy-aranyos-hygge-szinezo-otthonos-kikapcsolodas","status":"publish","type":"product","link":"https:\/\/www.coloredcaramel.com\/hu\/product\/pretty-cozy-aranyos-hygge-szinezo-otthonos-kikapcsolodas\/","title":{"rendered":"Pretty Cozy: aranyos hygge sz\u00ednez\u0151, otthonos kikapcsol\u00f3d\u00e1s feln\u0151tteknek \u00e9s tiniknek"},"content":{"rendered":"<p><span style=\"font-weight: 400; font-family: 'comic sans ms', sans-serif; font-size: 12pt;\">K\u00e9sz\u00fclj fel a valaha volt legsz\u00edvmelenget\u0151bb sz\u00ednez\u0151 lapokra! \u2728<\/span><\/p>\n<p><span style=\"font-weight: 400; font-family: 'comic sans ms', sans-serif; font-size: 12pt;\">\u00dcdv\u00f6zl\u00fcnk a Pretty Cozy vil\u00e1g\u00e1ban \u2013 egy cuki, hygge sz\u00ednez\u0151ben, ami tele van szeretettel, bar\u00e1ts\u00e1ggal \u00e9s otthonos pillanatokkal. Tarts az im\u00e1dnival\u00f3 \u00e1llatbar\u00e1tokkal, ahogy fagyiznak a naps\u00fct\u00e9ses d\u00e9lut\u00e1nokon, s\u00e9t\u00e1lnak a tengerparton, finoms\u00e1gokat s\u00fctnek, szabadt\u00e9ri moziz\u00e1st tartanak a csillagok alatt, \u00e9s romantikus cs\u00f3nak\u00e1z\u00e1son vesznek r\u00e9szt.<\/span><\/p>\n<p><span style=\"font-family: 'comic sans ms', sans-serif; font-size: 12pt;\"><b>\ud83d\udc95 M\u00e1r most im\u00e1dod a Valentin-napi oldalainkat? Ez a k\u00f6nyv tartalmazza azt a 8 mint\u00e1t, PLUSZ 32 vadonat\u00faj illusztr\u00e1ci\u00f3t!<\/b><\/span><\/p>\n<p><span style=\"font-weight: 400; font-family: 'comic sans ms', sans-serif; font-size: 12pt;\">Minden oldal a te var\u00e1zslatos \u00e9rint\u00e9sedre v\u00e1r! \ud83d\udc97<\/span><\/p>\n<p><span style=\"font-weight: 400; font-family: 'comic sans ms', sans-serif; font-size: 12pt;\">\ud83e\udde1 Mi\u00e9rt im\u00e1djuk:<\/span><\/p>\n<ul>\n<li style=\"font-weight: 400;\" aria-level=\"1\"><span style=\"font-weight: 400; font-family: 'comic sans ms', sans-serif; font-size: 12pt;\">Im\u00e1dnival\u00f3, vastag vonalas mint\u00e1k a bekuck\u00f3z\u00f3s sz\u00ednez\u00e9shez.<\/span><\/li>\n<li style=\"font-weight: 400;\" aria-level=\"1\"><span style=\"font-weight: 400; font-family: 'comic sans ms', sans-serif; font-size: 12pt;\">PDF 40 egyedi illusztr\u00e1ci\u00f3val (nincs ism\u00e9tl\u0151d\u00e9s!).<\/span><\/li>\n<li style=\"font-weight: 400;\" aria-level=\"1\"><span style=\"font-weight: 400; font-family: 'comic sans ms', sans-serif; font-size: 12pt;\">Sz\u00ednpalett\u00e1kat \u00e9s kis helyeket is tartalmaz, ahol k\u00eds\u00e9rletezhetsz a sz\u00ednekkel \u00e9s mint\u00e1kkal!<\/span><\/li>\n<li style=\"font-weight: 400;\" aria-level=\"1\"><span style=\"font-weight: 400; font-family: 'comic sans ms', sans-serif; font-size: 12pt;\">Az oldalak m\u00e9rete 8.5 x 8.5 inch, amit a legjobb 8.5 x 11 inch m\u00e9ret\u0171 pap\u00edrra nyomtatni.<\/span><\/li>\n<li style=\"font-weight: 400;\" aria-level=\"1\"><span style=\"font-weight: 400; font-family: 'comic sans ms', sans-serif; font-size: 12pt;\">Feln\u0151tteknek \u00e9s tiniknek k\u00e9sz\u00fclt, akik szeretik a cuki, otthonos \u00e9s pihentet\u0151 illusztr\u00e1ci\u00f3kat.<\/span><\/li>\n<li style=\"font-weight: 400;\" aria-level=\"1\"><span style=\"font-weight: 400; font-family: 'comic sans ms', sans-serif; font-size: 12pt;\">Ez a cuki hygge sz\u00ednez\u0151 a te nyugodt mened\u00e9ked a mindennapi stressz el\u0151l.<\/span><\/li>\n<li style=\"font-weight: 400;\" aria-level=\"1\"><span style=\"font-size: 12pt;\"><span style=\"font-family: 'comic sans ms', sans-serif;\"><span style=\"font-family: 'comic sans ms', sans-serif;\"><span style=\"font-weight: 400;\">T\u00f6k\u00e9letes, figyelmes aj\u00e1nd\u00e9k.<\/span><\/span><\/span>\u00a0<\/span><\/li>\n<\/ul>\n<p><span style=\"font-family: 'comic sans ms', sans-serif; font-size: 12pt;\"><span style=\"font-weight: 400;\">V\u00e1laszd ki a kedvenced: <\/span><b>Digit\u00e1lis vagy pap\u00edrk\u00f6t\u00e9s\u0171!<\/b><b><br \/>\n<\/b><span style=\"font-weight: 400;\">\ud83e\udde1 Szerezd be a <\/span><b>digit\u00e1lis p\u00e9ld\u00e1nyt<\/b><span style=\"font-weight: 400;\"> itt, vagy<\/span><span style=\"font-weight: 400;\"><br \/>\n<\/span><span style=\"font-weight: 400;\">\ud83d\udc9a v\u00e1laszd a <\/span><b>pap\u00edrk\u00f6t\u00e9s\u0171<\/b><span style=\"font-weight: 400;\"> v\u00e1ltozatot, \u00e9s rendeld meg az Amazonon!<\/span><\/span><\/p>\n<h3><span style=\"font-family: 'comic sans ms', sans-serif; font-size: 12pt;\"><span style=\"font-weight: 400;\">\u2728 <\/span><b>Fontos<\/b><span style=\"font-weight: 400;\"> \u2728<\/span><span style=\"font-weight: 400;\"><br \/>\n<\/span><span style=\"font-weight: 400;\">\ud83e\udde1 Ez egy digit\u00e1lis, nyomtathat\u00f3 sz\u00ednez\u0151.<\/span><span style=\"font-weight: 400;\"><br \/>\n<\/span><span style=\"font-weight: 400;\">\ud83d\udeab Fizikai p\u00e9ld\u00e1nyt nem k\u00fcld\u00fcnk.<\/span><span style=\"font-weight: 400;\"><br \/>\n<\/span><span style=\"font-weight: 400;\">\ud83c\udfe1 Otthon annyiszor t\u00f6ltheted le \u00e9s nyomtathatod ki, ah\u00e1nyszor csak szeretn\u00e9d \u2013 de csak szem\u00e9lyes haszn\u00e1latra.<\/span><span style=\"font-weight: 400;\"><br \/>\n<\/span><span style=\"font-weight: 400;\">\ud83d\udc95 Kereskedelmi c\u00e9lra nem haszn\u00e1lhat\u00f3 \u2013 ne add el, ne oszd meg \u00e9s ne terjeszd ezeket az oldalakat.<\/span><span style=\"font-weight: 400;\"><br \/>\n<\/span><span style=\"font-weight: 400;\">\ud83c\udfa8 Ne haszn\u00e1ld a mint\u00e1kat \u00faj term\u00e9kek (p\u00e9ld\u00e1ul matric\u00e1k, k\u00f6nyvek vagy egy\u00e9b term\u00e9kek) k\u00e9sz\u00edt\u00e9s\u00e9hez.<\/span><span style=\"font-weight: 400;\"><br \/>\n<\/span><span style=\"font-weight: 400;\">\ud83d\udcf8 Sz\u00edvesen vessz\u00fck, ha megosztod a kisz\u00ednezett oldalakat online \u2013 csak k\u00e9rj\u00fck, jel\u00f6ld meg a Colored Caramel-t.<\/span><span style=\"font-weight: 400;\"><br \/>\n<\/span><span style=\"font-weight: 400;\">\ud83d\udd8b\ufe0f Minden minta a Colored Caramel szerz\u0151i jogi v\u00e9delme alatt \u00e1ll. K\u00e9rj\u00fck, tiszteld a munk\u00e1nkat \u00e9s a kreativit\u00e1sunkat.<\/span><span style=\"font-weight: 400;\"><br \/>\n<\/span><span style=\"font-weight: 400;\"><br \/>\n<\/span><span style=\"font-weight: 400;\">Vigy\u00e1zz, k\u00e9sz, sz\u00ednezz! \u2728 Szerezd be a p\u00e9ld\u00e1nyod, \u00e9s mer\u00fclj el a tiszta cukis\u00e1g vil\u00e1g\u00e1ban!\u00a0<\/span><\/span><\/h3>\n<p><span style=\"font-weight: 400; font-family: 'comic sans ms', sans-serif; font-size: 12pt;\">Ha b\u00e1rmilyen k\u00e9rd\u00e9sed van, k\u00fcldj nek\u00fcnk egy \u00fczenetet. \ud83e\udde1<\/span><\/p>\n","protected":false},"excerpt":{"rendered":"<p>K\u00e9sz\u00fclj fel a valaha volt legsz\u00edvmelenget\u0151bb sz\u00ednez\u0151 lapokra! \u2728 \u00dcdv\u00f6zl\u00fcnk a Pretty Cozy vil\u00e1g\u00e1ban \u2013 egy cuki, hygge sz\u00ednez\u0151ben, ami tele van szeretettel, bar\u00e1ts\u00e1ggal \u00e9s otthonos pillanatokkal. Tarts az im\u00e1dnival\u00f3\u2026<\/p>\n","protected":false},"featured_media":0,"comment_status":"open","ping_status":"closed","template":"","meta":{"_acf_changed":false,"_glsr_average":0,"_glsr_ranking":0,"_glsr_reviews":0},"product_brand":[],"product_cat":[1376,829],"product_tag":[],"class_list":["post-35720","product","type-product","status-publish","product_cat-love","product_cat-coloring-books","first","instock","sold-individually","shipping-taxable","purchasable","product-type-variable"],"bundled_by":[],"bundle_stock_status":"instock","bundle_stock_quantity":null,"bundle_virtual":false,"bundle_layout":"","bundle_add_to_cart_form_location":"","bundle_editable_in_cart":false,"bundle_sold_individually_context":"","bundle_item_grouping":"","bundle_min_size":"","bundle_max_size":"","bundle_price":[],"bundled_items":[],"bundle_sell_ids":[],"acf":[],"_links":{"self":[{"href":"https:\/\/www.coloredcaramel.com\/hu\/wp-json\/wp\/v2\/product\/35720","targetHints":{"allow":["GET"]}}],"collection":[{"href":"https:\/\/www.coloredcaramel.com\/hu\/wp-json\/wp\/v2\/product"}],"about":[{"href":"https:\/\/www.coloredcaramel.com\/hu\/wp-json\/wp\/v2\/types\/product"}],"replies":[{"embeddable":true,"href":"https:\/\/www.coloredcaramel.com\/hu\/wp-json\/wp\/v2\/comments?post=35720"}],"wp:attachment":[{"href":"https:\/\/www.coloredcaramel.com\/hu\/wp-json\/wp\/v2\/media?parent=35720"}],"wp:term":[{"taxonomy":"product_brand","embeddable":true,"href":"https:\/\/www.coloredcaramel.com\/hu\/wp-json\/wp\/v2\/product_brand?post=35720"},{"taxonomy":"product_cat","embeddable":true,"href":"https:\/\/www.coloredcaramel.com\/hu\/wp-json\/wp\/v2\/product_cat?post=35720"},{"taxonomy":"product_tag","embeddable":true,"href":"https:\/\/www.coloredcaramel.com\/hu\/wp-json\/wp\/v2\/product_tag?post=35720"}],"curies":[{"name":"wp","href":"https:\/\/api.w.org\/{rel}","templated":true}]}}

Pretty Cozy: aranyos hygge színező, otthonos kikapcsolódás felnőtteknek és tiniknek

<p><span style="font-weight: 400; font-family: 'comic sans ms', sans-serif; font-size: 12pt;">Készülj fel a valaha volt legszívmelengetőbb színező lapokra! ✨</span></p>
<p><span style="font-weight: 400; font-family: 'comic sans ms', sans-serif; font-size: 12pt;">Üdvözlünk a Pretty Cozy világában – egy cuki, hygge színezőben, ami tele van szeretettel, barátsággal és otthonos pillanatokkal. Tarts az imádnivaló állatbarátokkal, ahogy fagyiznak a napsütéses délutánokon, sétálnak a tengerparton, finomságokat sütnek, szabadtéri mozizást tartanak a csillagok alatt, és romantikus csónakázáson vesznek részt.</span></p>
<p><span style="font-family: 'comic sans ms', sans-serif; font-size: 12pt;"><b>💕 Már most imádod a Valentin-napi oldalainkat? Ez a könyv tartalmazza azt a 8 mintát, PLUSZ 32 vadonatúj illusztrációt!</b></span></p>
<p><span style="font-weight: 400; font-family: 'comic sans ms', sans-serif; font-size: 12pt;">Minden oldal a te varázslatos érintésedre vár! 💗</span></p>
<p><span style="font-weight: 400; font-family: 'comic sans ms', sans-serif; font-size: 12pt;">🧡 Miért imádjuk:</span></p>
<ul>
<li style="font-weight: 400;" aria-level="1"><span style="font-weight: 400; font-family: 'comic sans ms', sans-serif; font-size: 12pt;">Imádnivaló, vastag vonalas minták a bekuckózós színezéshez.</span></li>
<li style="font-weight: 400;" aria-level="1"><span style="font-weight: 400; font-family: 'comic sans ms', sans-serif; font-size: 12pt;">PDF 40 egyedi illusztrációval (nincs ismétlődés!).</span></li>
<li style="font-weight: 400;" aria-level="1"><span style="font-weight: 400; font-family: 'comic sans ms', sans-serif; font-size: 12pt;">Színpalettákat és kis helyeket is tartalmaz, ahol kísérletezhetsz a színekkel és mintákkal!</span></li>
<li style="font-weight: 400;" aria-level="1"><span style="font-weight: 400; font-family: 'comic sans ms', sans-serif; font-size: 12pt;">Az oldalak mérete 8.5 x 8.5 inch, amit a legjobb 8.5 x 11 inch méretű papírra nyomtatni.</span></li>
<li style="font-weight: 400;" aria-level="1"><span style="font-weight: 400; font-family: 'comic sans ms', sans-serif; font-size: 12pt;">Felnőtteknek és tiniknek készült, akik szeretik a cuki, otthonos és pihentető illusztrációkat.</span></li>
<li style="font-weight: 400;" aria-level="1"><span style="font-weight: 400; font-family: 'comic sans ms', sans-serif; font-size: 12pt;">Ez a cuki hygge színező a te nyugodt menedéked a mindennapi stressz elől.</span></li>
<li style="font-weight: 400;" aria-level="1"><span style="font-size: 12pt;"><span style="font-family: 'comic sans ms', sans-serif;"><span style="font-family: 'comic sans ms', sans-serif;"><span style="font-weight: 400;">Tökéletes, figyelmes ajándék.</span></span></span> </span></li>
</ul>
<p><span style="font-family: 'comic sans ms', sans-serif; font-size: 12pt;"><span style="font-weight: 400;">Válaszd ki a kedvenced: </span><b>Digitális vagy papírkötésű!</b><b><br />
</b><span style="font-weight: 400;">🧡 Szerezd be a </span><b>digitális példányt</b><span style="font-weight: 400;"> itt, vagy</span><span style="font-weight: 400;"><br />
</span><span style="font-weight: 400;">💚 válaszd a </span><b>papírkötésű</b><span style="font-weight: 400;"> változatot, és rendeld meg az Amazonon!</span></span></p>
<h3><span style="font-family: 'comic sans ms', sans-serif; font-size: 12pt;"><span style="font-weight: 400;">✨ </span><b>Fontos</b><span style="font-weight: 400;"> ✨</span><span style="font-weight: 400;"><br />
</span><span style="font-weight: 400;">🧡 Ez egy digitális, nyomtatható színező.</span><span style="font-weight: 400;"><br />
</span><span style="font-weight: 400;">🚫 Fizikai példányt nem küldünk.</span><span style="font-weight: 400;"><br />
</span><span style="font-weight: 400;">🏡 Otthon annyiszor töltheted le és nyomtathatod ki, ahányszor csak szeretnéd – de csak személyes használatra.</span><span style="font-weight: 400;"><br />
</span><span style="font-weight: 400;">💕 Kereskedelmi célra nem használható – ne add el, ne oszd meg és ne terjeszd ezeket az oldalakat.</span><span style="font-weight: 400;"><br />
</span><span style="font-weight: 400;">🎨 Ne használd a mintákat új termékek (például matricák, könyvek vagy egyéb termékek) készítéséhez.</span><span style="font-weight: 400;"><br />
</span><span style="font-weight: 400;">📸 Szívesen vesszük, ha megosztod a kiszínezett oldalakat online – csak kérjük, jelöld meg a Colored Caramel-t.</span><span style="font-weight: 400;"><br />
</span><span style="font-weight: 400;">🖋️ Minden minta a Colored Caramel szerzői jogi védelme alatt áll. Kérjük, tiszteld a munkánkat és a kreativitásunkat.</span><span style="font-weight: 400;"><br />
</span><span style="font-weight: 400;"><br />
</span><span style="font-weight: 400;">Vigyázz, kész, színezz! ✨ Szerezd be a példányod, és merülj el a tiszta cukiság világában! </span></span></h3>
<p><span style="font-weight: 400; font-family: 'comic sans ms', sans-serif; font-size: 12pt;">Ha bármilyen kérdésed van, küldj nekünk egy üzenetet. 🧡</span></p>

<p>Készülj fel a valaha volt legszívmelengetőbb színező lapokra! ✨ Üdvözlünk a Pretty Cozy világában – egy cuki, hygge színezőben, ami tele van szeretettel, barátsággal és otthonos pillanatokkal. Tarts az imádnivaló…</p>
