{"id":35648,"date":"2025-12-19T06:32:27","date_gmt":"2025-12-19T06:32:27","guid":{"rendered":"https:\/\/www.coloredcaramel.com\/product\/diy-comfy-home-cute-cozy-coloring-book-home-making-relaxation-for-adults-and-teens-2\/"},"modified":"2026-09-05T12:37:04","modified_gmt":"2026-09-05T12:37:04","slug":"diy-comfy-home-cuki-es-otthonos-szinezo","status":"publish","type":"product","link":"https:\/\/www.coloredcaramel.com\/hu\/product\/diy-comfy-home-cuki-es-otthonos-szinezo\/","title":{"rendered":"DIY Comfy Home cuki \u00e9s otthonos sz\u00ednez\u0151, otthonteremt\u0151s kikapcsol\u00f3d\u00e1s feln\u0151tteknek \u00e9s tiniknek"},"content":{"rendered":"<p class=\"font-claude-response-body break-words whitespace-normal leading-[1.7]\"><span style=\"font-family: 'comic sans ms', sans-serif;\">K\u00e9sz\u00fclj fel <strong>a valaha volt legsz\u00edvmelenget\u0151bb sz\u00ednez\u0151 lapokra!<\/strong> \u2728<\/span><\/p>\n<p class=\"font-claude-response-body break-words whitespace-normal leading-[1.7]\"><span style=\"font-family: 'comic sans ms', sans-serif;\">\u00dcdv\u00f6zl\u00fcnk a <strong>DIY Comfy Home<\/strong> vil\u00e1g\u00e1ban, egy sz\u00ednez\u0151ben, ami tele van im\u00e1dnival\u00f3 kis bar\u00e1tokkal, akik \u00e9pp a t\u00f6k\u00e9letes, otthonos kis kuck\u00f3jukat alak\u00edtj\u00e1k ki. Fogd a filctollaidat, kuck\u00f3zz be egy puha helyre, \u00e9s engedd szabadj\u00e1ra a fant\u00e1zi\u00e1dat! \u2728<\/span><\/p>\n<p class=\"font-claude-response-body break-words whitespace-normal leading-[1.7]\"><span style=\"font-family: 'comic sans ms', sans-serif;\">A boldogs\u00e1g otthon k\u00e9sz\u00fcl! \ud83d\udc97<\/span><\/p>\n<p class=\"font-claude-response-body break-words whitespace-normal leading-[1.7]\"><span style=\"font-family: 'comic sans ms', sans-serif;\">\ud83e\udde1 Mi\u00e9rt im\u00e1djuk:<\/span><\/p>\n<ul class=\"[li_&amp;]:mb-0 [li_&amp;]:mt-1.5 [li_&amp;]:gap-1.5 [&amp;:not(:last-child)_ul]:pb-1 [&amp;:not(:last-child)_ol]:pb-1 list-disc flex flex-col gap-2 pl-8 mb-3\">\n<li class=\"whitespace-normal break-words pl-2\"><span style=\"font-family: 'comic sans ms', sans-serif;\">Im\u00e1dnival\u00f3, vastag vonalas rajzok a bekuck\u00f3z\u00f3s sz\u00ednez\u00e9shez.<\/span><\/li>\n<li class=\"whitespace-normal break-words pl-2\"><span style=\"font-family: 'comic sans ms', sans-serif;\">PDF <strong>40 egyedi, otthonteremt\u0151 illusztr\u00e1ci\u00f3val<\/strong> , (nincs ism\u00e9tl\u0151d\u00e9s!).<\/span><\/li>\n<li class=\"whitespace-normal break-words pl-2\"><span style=\"font-family: 'comic sans ms', sans-serif;\">Tartalmaz <strong>sz\u00ednmint\u00e1kat \u00e9s kis helyeket, ahol j\u00e1tszhatsz a palett\u00e1kkal \u00e9s a mint\u00e1kkal!<\/strong><\/span><\/li>\n<li class=\"whitespace-normal break-words pl-2\"><span style=\"font-family: 'comic sans ms', sans-serif;\"><strong>Az oldalm\u00e9ret 8.5 x 8.5 inch<\/strong> &#8211; a legjobb 8.5 x 11 inch m\u00e9ret\u0171 pap\u00edrra nyomtatni.<\/span><\/li>\n<li class=\"whitespace-normal break-words pl-2\"><span style=\"font-family: 'comic sans ms', sans-serif;\">Olyan <strong>feln\u0151tteknek \u00e9s tiniknek<\/strong> k\u00e9sz\u00fclt, akik szeretik a cuki, otthonos \u00e9s pihentet\u0151 illusztr\u00e1ci\u00f3kat.<\/span><\/li>\n<li class=\"whitespace-normal break-words pl-2\"><span style=\"font-family: 'comic sans ms', sans-serif;\">A te nyugodt mened\u00e9ked a mindennapi stressz el\u0151l.<\/span><\/li>\n<li class=\"whitespace-normal break-words pl-2\"><span style=\"font-family: 'comic sans ms', sans-serif;\">T\u00f6k\u00e9letes, figyelmes aj\u00e1nd\u00e9k.<\/span><\/li>\n<\/ul>\n<p class=\"font-claude-response-body break-words whitespace-normal leading-[1.7]\"><span style=\"font-family: 'comic sans ms', sans-serif;\">V\u00e1laszd ki a kedvencedet: <strong>Digit\u00e1lis vagy Nyomtatott!<\/strong><br \/>\n\ud83e\udde1 Szerezd be a digit\u00e1lis p\u00e9ld\u00e1nyodat itt, vagy<br \/>\n\ud83d\udc9a V\u00e1laszd a nyomtatott verzi\u00f3t, \u00e9s rendeld meg az Amazonr\u00f3l!<\/span><\/p>\n<p>&nbsp;<\/p>\n<p class=\"font-claude-response-body break-words whitespace-normal leading-[1.7]\"><span style=\"font-family: 'comic sans ms', sans-serif;\">\u2728 Fontos \u2728<br \/>\n<\/span><span style=\"font-family: 'comic sans ms', sans-serif;\">\ud83e\udde1 <strong>Ez egy digit\u00e1lis, nyomtathat\u00f3 sz\u00ednez\u0151.<br \/>\n<\/strong><\/span><span style=\"font-family: 'comic sans ms', sans-serif;\">\ud83d\udeab <strong>Fizikai p\u00e9ld\u00e1nyt nem k\u00fcld\u00fcnk.<br \/>\n<\/strong><\/span><span style=\"font-family: 'comic sans ms', sans-serif;\">\ud83c\udfe1 B\u00e1rmennyiszer let\u00f6ltheted \u00e9s kinyomtathatod otthon , <strong>kiz\u00e1r\u00f3lag szem\u00e9lyes haszn\u00e1latra.<br \/>\n<\/strong><\/span><span style=\"font-family: 'comic sans ms', sans-serif;\">\ud83d\udc95 <strong>Kereskedelmi c\u00e9lra nem haszn\u00e1lhat\u00f3<\/strong> , ne add el, ne oszd meg \u00e9s ne terjeszd ezeket a lapokat.<br \/>\n<\/span><span style=\"font-family: 'comic sans ms', sans-serif;\">\ud83c\udfa8 <strong>Ne haszn\u00e1ld a mint\u00e1kat \u00faj term\u00e9kek<\/strong> (p\u00e9ld\u00e1ul matric\u00e1k, k\u00f6nyvek vagy egy\u00e9b aj\u00e1nd\u00e9kt\u00e1rgyak) <strong>k\u00e9sz\u00edt\u00e9s\u00e9hez<\/strong>.<br \/>\n<\/span><span style=\"font-family: 'comic sans ms', sans-serif;\">\ud83d\udcf8 Sz\u00edvesen vessz\u00fck, ha megosztod a kisz\u00ednezett lapokat online , csak <strong>jel\u00f6ld meg a Colored Caramel-t.<br \/>\n<\/strong><\/span><span style=\"font-family: 'comic sans ms', sans-serif;\">\ud83d\udd8b\ufe0f <strong>Minden minta a Colored Caramel szerz\u0151i jogi v\u00e9delme alatt \u00e1ll.<\/strong> K\u00e9rj\u00fck, tartsd tiszteletben a munk\u00e1nkat \u00e9s a kreativit\u00e1sunkat.<\/span><\/p>\n<p class=\"font-claude-response-body break-words whitespace-normal leading-[1.7]\"><span style=\"font-family: 'comic sans ms', sans-serif;\">Vigy\u00e1zz, k\u00e9sz, sz\u00ednezz! \u2728 Szerezd be a saj\u00e1t p\u00e9ld\u00e1nyodat, \u00e9s mer\u00fclj el az otthonos kreativit\u00e1s vil\u00e1g\u00e1ban!<\/span><\/p>\n<p class=\"font-claude-response-body break-words whitespace-normal leading-[1.7]\"><span style=\"font-family: 'comic sans ms', sans-serif;\">Ha b\u00e1rmilyen k\u00e9rd\u00e9sed van, k\u00fcldj nek\u00fcnk egy \u00fczenetet \ud83e\udde1<\/span><\/p>\n","protected":false},"excerpt":{"rendered":"<p>K\u00e9sz\u00fclj fel a valaha volt legsz\u00edvmelenget\u0151bb sz\u00ednez\u0151 lapokra! \u2728 \u00dcdv\u00f6zl\u00fcnk a DIY Comfy Home vil\u00e1g\u00e1ban, egy sz\u00ednez\u0151ben, ami tele van im\u00e1dnival\u00f3 kis bar\u00e1tokkal, akik \u00e9pp a t\u00f6k\u00e9letes, otthonos kis kuck\u00f3jukat\u2026<\/p>\n","protected":false},"featured_media":0,"comment_status":"open","ping_status":"closed","template":"","meta":{"_acf_changed":false,"_glsr_average":0,"_glsr_ranking":0,"_glsr_reviews":0},"product_brand":[],"product_cat":[7793,7657],"product_tag":[],"class_list":["post-35648","product","type-product","status-publish","product_cat-relaxacio","product_cat-szinezok","first","instock","sold-individually","shipping-taxable","purchasable","product-type-variable"],"bundled_by":[],"bundle_stock_status":"instock","bundle_stock_quantity":null,"bundle_virtual":false,"bundle_layout":"","bundle_add_to_cart_form_location":"","bundle_editable_in_cart":false,"bundle_sold_individually_context":"","bundle_item_grouping":"","bundle_min_size":"","bundle_max_size":"","bundle_price":[],"bundled_items":[],"bundle_sell_ids":[],"acf":[],"_links":{"self":[{"href":"https:\/\/www.coloredcaramel.com\/hu\/wp-json\/wp\/v2\/product\/35648","targetHints":{"allow":["GET"]}}],"collection":[{"href":"https:\/\/www.coloredcaramel.com\/hu\/wp-json\/wp\/v2\/product"}],"about":[{"href":"https:\/\/www.coloredcaramel.com\/hu\/wp-json\/wp\/v2\/types\/product"}],"replies":[{"embeddable":true,"href":"https:\/\/www.coloredcaramel.com\/hu\/wp-json\/wp\/v2\/comments?post=35648"}],"wp:attachment":[{"href":"https:\/\/www.coloredcaramel.com\/hu\/wp-json\/wp\/v2\/media?parent=35648"}],"wp:term":[{"taxonomy":"product_brand","embeddable":true,"href":"https:\/\/www.coloredcaramel.com\/hu\/wp-json\/wp\/v2\/product_brand?post=35648"},{"taxonomy":"product_cat","embeddable":true,"href":"https:\/\/www.coloredcaramel.com\/hu\/wp-json\/wp\/v2\/product_cat?post=35648"},{"taxonomy":"product_tag","embeddable":true,"href":"https:\/\/www.coloredcaramel.com\/hu\/wp-json\/wp\/v2\/product_tag?post=35648"}],"curies":[{"name":"wp","href":"https:\/\/api.w.org\/{rel}","templated":true}]}}

DIY Comfy Home cuki és otthonos színező, otthonteremtős kikapcsolódás felnőtteknek és tiniknek

<p class="font-claude-response-body break-words whitespace-normal leading-[1.7]"><span style="font-family: 'comic sans ms', sans-serif;">Készülj fel <strong>a valaha volt legszívmelengetőbb színező lapokra!</strong> ✨</span></p>
<p class="font-claude-response-body break-words whitespace-normal leading-[1.7]"><span style="font-family: 'comic sans ms', sans-serif;">Üdvözlünk a <strong>DIY Comfy Home</strong> világában, egy színezőben, ami tele van imádnivaló kis barátokkal, akik épp a tökéletes, otthonos kis kuckójukat alakítják ki. Fogd a filctollaidat, kuckózz be egy puha helyre, és engedd szabadjára a fantáziádat! ✨</span></p>
<p class="font-claude-response-body break-words whitespace-normal leading-[1.7]"><span style="font-family: 'comic sans ms', sans-serif;">A boldogság otthon készül! 💗</span></p>
<p class="font-claude-response-body break-words whitespace-normal leading-[1.7]"><span style="font-family: 'comic sans ms', sans-serif;">🧡 Miért imádjuk:</span></p>
<ul class="[li_&amp;]:mb-0 [li_&amp;]:mt-1.5 [li_&amp;]:gap-1.5 [&amp;:not(:last-child)_ul]:pb-1 [&amp;:not(:last-child)_ol]:pb-1 list-disc flex flex-col gap-2 pl-8 mb-3">
<li class="whitespace-normal break-words pl-2"><span style="font-family: 'comic sans ms', sans-serif;">Imádnivaló, vastag vonalas rajzok a bekuckózós színezéshez.</span></li>
<li class="whitespace-normal break-words pl-2"><span style="font-family: 'comic sans ms', sans-serif;">PDF <strong>40 egyedi, otthonteremtő illusztrációval</strong> , (nincs ismétlődés!).</span></li>
<li class="whitespace-normal break-words pl-2"><span style="font-family: 'comic sans ms', sans-serif;">Tartalmaz <strong>színmintákat és kis helyeket, ahol játszhatsz a palettákkal és a mintákkal!</strong></span></li>
<li class="whitespace-normal break-words pl-2"><span style="font-family: 'comic sans ms', sans-serif;"><strong>Az oldalméret 8.5 x 8.5 inch</strong> &#8211; a legjobb 8.5 x 11 inch méretű papírra nyomtatni.</span></li>
<li class="whitespace-normal break-words pl-2"><span style="font-family: 'comic sans ms', sans-serif;">Olyan <strong>felnőtteknek és tiniknek</strong> készült, akik szeretik a cuki, otthonos és pihentető illusztrációkat.</span></li>
<li class="whitespace-normal break-words pl-2"><span style="font-family: 'comic sans ms', sans-serif;">A te nyugodt menedéked a mindennapi stressz elől.</span></li>
<li class="whitespace-normal break-words pl-2"><span style="font-family: 'comic sans ms', sans-serif;">Tökéletes, figyelmes ajándék.</span></li>
</ul>
<p class="font-claude-response-body break-words whitespace-normal leading-[1.7]"><span style="font-family: 'comic sans ms', sans-serif;">Válaszd ki a kedvencedet: <strong>Digitális vagy Nyomtatott!</strong><br />
🧡 Szerezd be a digitális példányodat itt, vagy<br />
💚 Válaszd a nyomtatott verziót, és rendeld meg az Amazonról!</span></p>
<p>&nbsp;</p>
<p class="font-claude-response-body break-words whitespace-normal leading-[1.7]"><span style="font-family: 'comic sans ms', sans-serif;">✨ Fontos ✨<br />
</span><span style="font-family: 'comic sans ms', sans-serif;">🧡 <strong>Ez egy digitális, nyomtatható színező.<br />
</strong></span><span style="font-family: 'comic sans ms', sans-serif;">🚫 <strong>Fizikai példányt nem küldünk.<br />
</strong></span><span style="font-family: 'comic sans ms', sans-serif;">🏡 Bármennyiszer letöltheted és kinyomtathatod otthon , <strong>kizárólag személyes használatra.<br />
</strong></span><span style="font-family: 'comic sans ms', sans-serif;">💕 <strong>Kereskedelmi célra nem használható</strong> , ne add el, ne oszd meg és ne terjeszd ezeket a lapokat.<br />
</span><span style="font-family: 'comic sans ms', sans-serif;">🎨 <strong>Ne használd a mintákat új termékek</strong> (például matricák, könyvek vagy egyéb ajándéktárgyak) <strong>készítéséhez</strong>.<br />
</span><span style="font-family: 'comic sans ms', sans-serif;">📸 Szívesen vesszük, ha megosztod a kiszínezett lapokat online , csak <strong>jelöld meg a Colored Caramel-t.<br />
</strong></span><span style="font-family: 'comic sans ms', sans-serif;">🖋️ <strong>Minden minta a Colored Caramel szerzői jogi védelme alatt áll.</strong> Kérjük, tartsd tiszteletben a munkánkat és a kreativitásunkat.</span></p>
<p class="font-claude-response-body break-words whitespace-normal leading-[1.7]"><span style="font-family: 'comic sans ms', sans-serif;">Vigyázz, kész, színezz! ✨ Szerezd be a saját példányodat, és merülj el az otthonos kreativitás világában!</span></p>
<p class="font-claude-response-body break-words whitespace-normal leading-[1.7]"><span style="font-family: 'comic sans ms', sans-serif;">Ha bármilyen kérdésed van, küldj nekünk egy üzenetet 🧡</span></p>

<p>Készülj fel a valaha volt legszívmelengetőbb színező lapokra! ✨ Üdvözlünk a DIY Comfy Home világában, egy színezőben, ami tele van imádnivaló kis barátokkal, akik épp a tökéletes, otthonos kis kuckójukat…</p>
