{"id":35567,"date":"2025-11-20T05:57:51","date_gmt":"2025-11-20T05:57:51","guid":{"rendered":"https:\/\/www.coloredcaramel.com\/product\/sweet-days-cute-cozy-coloring-book-comfy-relaxation-for-adults-and-teens-2\/"},"modified":"2026-09-05T12:36:55","modified_gmt":"2026-09-05T12:36:55","slug":"sweet-days-cuki-es-otthonos-szinezo-kellemes","status":"publish","type":"product","link":"https:\/\/www.coloredcaramel.com\/hu\/product\/sweet-days-cuki-es-otthonos-szinezo-kellemes\/","title":{"rendered":"Sweet Days cuki \u00e9s otthonos sz\u00ednez\u0151, kellemes kikapcsol\u00f3d\u00e1s feln\u0151tteknek \u00e9s tiniknek"},"content":{"rendered":"<p><span style=\"font-weight: 400; font-family: 'comic sans ms', sans-serif; font-size: 12pt;\">Sweet Days aranyos \u00e9s otthonos kifest\u0151: K\u00e9nyelmes kikapcsol\u00f3d\u00e1s feln\u0151tteknek \u00e9s tiniknek<\/span><\/p>\n<h3><span style=\"font-family: 'comic sans ms', sans-serif; font-size: 12pt;\"><b>K\u00e9sz\u00fclj fel a legsz\u00edvmelenget\u0151bb <\/b><b>sz\u00ednez\u0151 lapokra<\/b><b>! \u2728<\/b><\/span><\/h3>\n<p><span style=\"font-family: 'comic sans ms', sans-serif; font-size: 12pt;\"><span style=\"font-weight: 400;\">\u00dcdv\u00f6zl\u00fcnk a <\/span><i><span style=\"font-weight: 400;\">Sweet Days<\/span><\/i><span style=\"font-weight: 400;\"> vil\u00e1g\u00e1ban, egy olyan kifest\u0151ben, amely tele van aranyos kis bar\u00e1tokkal \u00e9s otthonos mindennapi jelenetekkel. Fogd a filctollakat, kuck\u00f3zz be egy puha helyre, \u00e9s engedd szabadj\u00e1ra a fant\u00e1zi\u00e1dat! \u2728<\/span><\/span><\/p>\n<p><span style=\"font-weight: 400; font-family: 'comic sans ms', sans-serif; font-size: 12pt;\">Minden oldal a te var\u00e1zslatos \u00e9rint\u00e9sedre v\u00e1r! \ud83d\udc97<\/span><\/p>\n<p><span style=\"font-family: 'comic sans ms', sans-serif; font-size: 12pt;\"><span style=\"font-weight: 400;\">\ud83e\udde1 <\/span><b>Mi\u00e9rt im\u00e1djuk:<\/b><\/span><\/p>\n<ul>\n<li><span style=\"font-weight: 400; font-family: 'comic sans ms', sans-serif; font-size: 12pt;\"> Im\u00e1dnival\u00f3, vastag vonalas mint\u00e1k a bekuck\u00f3z\u00f3s sz\u00ednez\u00e9shez.<\/span><\/li>\n<li><span style=\"font-weight: 400; font-family: 'comic sans ms', sans-serif; font-size: 12pt;\"> PDF 40 egyedi, \u00fcnnepi illusztr\u00e1ci\u00f3val (nincs ism\u00e9tl\u0151d\u00e9s!).<\/span><\/li>\n<li><span style=\"font-weight: 400; font-family: 'comic sans ms', sans-serif; font-size: 12pt;\"> Sz\u00ednmint\u00e1kat \u00e9s kis fel\u00fcleteket is tartalmaz, ahol k\u00eds\u00e9rletezhetsz a palett\u00e1kkal \u00e9s mint\u00e1kkal!<\/span><\/li>\n<li><span style=\"font-weight: 400; font-family: 'comic sans ms', sans-serif; font-size: 12pt;\"> Az oldalak m\u00e9rete 8.5 x 8.5 inch, amit a legjobb 8.5 x 11 inch m\u00e9ret\u0171 pap\u00edrra nyomtatni.<\/span><\/li>\n<li><span style=\"font-weight: 400; font-family: 'comic sans ms', sans-serif; font-size: 12pt;\"> Feln\u0151tteknek \u00e9s tiniknek k\u00e9sz\u00fclt, akik szeretik a cuki, otthonos \u00e9s pihentet\u0151 illusztr\u00e1ci\u00f3kat.<\/span><\/li>\n<li><span style=\"font-weight: 400; font-family: 'comic sans ms', sans-serif; font-size: 12pt;\"> Nyugodt mened\u00e9k a mindennapi stressz el\u0151l.<\/span><\/li>\n<li><span style=\"font-weight: 400; font-family: 'comic sans ms', sans-serif; font-size: 12pt;\">T\u00f6k\u00e9letes, figyelmes aj\u00e1nd\u00e9k.<\/span><\/li>\n<\/ul>\n<h3><span style=\"font-family: 'comic sans ms', sans-serif; font-size: 12pt;\"><span style=\"font-weight: 400;\">V\u00e1laszd ki a kedvencedet: <\/span><b>Digit\u00e1lis vagy pap\u00edrk\u00f6t\u00e9ses!<\/b><br \/>\n<span style=\"font-weight: 400;\">\ud83e\udde1 Szerezd be a <\/span><b>digit\u00e1lis p\u00e9ld\u00e1nyodat<\/b><span style=\"font-weight: 400;\"> itt, vagy<br \/>\n<\/span><span style=\"font-weight: 400;\">\ud83d\udc9a V\u00e1laszd a <\/span><b>pap\u00edrk\u00f6t\u00e9ses<\/b><span style=\"font-weight: 400;\"> verzi\u00f3t, \u00e9s rendeld meg az Amazonr\u00f3l!<\/span><\/span><\/h3>\n<h3><span style=\"font-family: 'comic sans ms', sans-serif; font-size: 12pt;\"><span style=\"font-weight: 400;\">\u2728 <\/span><b>Fontos<\/b><span style=\"font-weight: 400;\"> \u2728<\/span><span style=\"font-weight: 400;\"><br \/>\n<\/span><span style=\"font-weight: 400;\">\ud83e\udde1 Ez egy digit\u00e1lis, nyomtathat\u00f3 kifest\u0151.<\/span><span style=\"font-weight: 400;\"><br \/>\n<\/span><span style=\"font-weight: 400;\">\ud83d\udeab Fizikai p\u00e9ld\u00e1nyt nem k\u00fcld\u00fcnk.<\/span><span style=\"font-weight: 400;\"><br \/>\n<\/span><span style=\"font-weight: 400;\">\ud83c\udfe1 Otthon annyiszor t\u00f6ltheted le \u00e9s nyomtathatod ki, ah\u00e1nyszor csak szeretn\u00e9d \u2013 de kiz\u00e1r\u00f3lag szem\u00e9lyes haszn\u00e1latra.<\/span><span style=\"font-weight: 400;\"><br \/>\n<\/span><span style=\"font-weight: 400;\">\ud83d\udc95 Kereskedelmi c\u00e9l\u00fa felhaszn\u00e1l\u00e1s tilos \u2013 ne add el, ne oszd meg \u00e9s ne terjeszd ezeket az oldalakat.<\/span><span style=\"font-weight: 400;\"><br \/>\n<\/span><span style=\"font-weight: 400;\">\ud83c\udfa8 Ne haszn\u00e1ld a mint\u00e1kat \u00faj term\u00e9kek (p\u00e9ld\u00e1ul matric\u00e1k, k\u00f6nyvek vagy egy\u00e9b aj\u00e1nd\u00e9kt\u00e1rgyak) k\u00e9sz\u00edt\u00e9s\u00e9hez.<\/span><span style=\"font-weight: 400;\"><br \/>\n<\/span><span style=\"font-weight: 400;\">\ud83d\udcf8 Sz\u00edvesen vessz\u00fck, ha megosztod a kisz\u00ednezett oldalakat az interneten \u2013 csak k\u00e9rj\u00fck, jel\u00f6ld meg a Colored Caramel-t.<\/span><span style=\"font-weight: 400;\"><br \/>\n<\/span><span style=\"font-weight: 400;\">\ud83d\udd8b\ufe0f Minden minta a Colored Caramel szerz\u0151i jogi v\u00e9delme alatt \u00e1ll. K\u00e9rj\u00fck, tiszteld a munk\u00e1nkat \u00e9s a kreativit\u00e1sunkat.<\/span><span style=\"font-weight: 400;\"><br \/>\n<\/span><span style=\"font-weight: 400;\"><br \/>\n<\/span><span style=\"font-weight: 400;\">Vigy\u00e1zz, k\u00e9sz, sz\u00ednezz! \u2728 Szerezd be a p\u00e9ld\u00e1nyodat, \u00e9s mer\u00fclj el a tiszta cukis\u00e1g vil\u00e1g\u00e1ban! <\/span><\/span><\/h3>\n<p><span style=\"font-weight: 400; font-family: 'comic sans ms', sans-serif; font-size: 12pt;\">Ha b\u00e1rmilyen k\u00e9rd\u00e9sed van, k\u00fcldj nek\u00fcnk egy \u00fczenetet \ud83e\udde1<\/span><\/p>\n<p>&nbsp;<\/p>\n","protected":false},"excerpt":{"rendered":"<p>Sweet Days aranyos \u00e9s otthonos kifest\u0151: K\u00e9nyelmes kikapcsol\u00f3d\u00e1s feln\u0151tteknek \u00e9s tiniknek K\u00e9sz\u00fclj fel a legsz\u00edvmelenget\u0151bb sz\u00ednez\u0151 lapokra! \u2728 \u00dcdv\u00f6zl\u00fcnk a Sweet Days vil\u00e1g\u00e1ban, egy olyan kifest\u0151ben, amely tele van aranyos\u2026<\/p>\n","protected":false},"featured_media":0,"comment_status":"open","ping_status":"closed","template":"","meta":{"_acf_changed":false,"_glsr_average":0,"_glsr_ranking":0,"_glsr_reviews":0},"product_brand":[],"product_cat":[7793,7721,7657],"product_tag":[],"class_list":["post-35567","product","type-product","status-publish","product_cat-relaxacio","product_cat-kawaii","product_cat-szinezok","first","instock","sold-individually","shipping-taxable","purchasable","product-type-variable"],"bundled_by":[],"bundle_stock_status":"instock","bundle_stock_quantity":null,"bundle_virtual":false,"bundle_layout":"","bundle_add_to_cart_form_location":"","bundle_editable_in_cart":false,"bundle_sold_individually_context":"","bundle_item_grouping":"","bundle_min_size":"","bundle_max_size":"","bundle_price":[],"bundled_items":[],"bundle_sell_ids":[],"acf":[],"_links":{"self":[{"href":"https:\/\/www.coloredcaramel.com\/hu\/wp-json\/wp\/v2\/product\/35567","targetHints":{"allow":["GET"]}}],"collection":[{"href":"https:\/\/www.coloredcaramel.com\/hu\/wp-json\/wp\/v2\/product"}],"about":[{"href":"https:\/\/www.coloredcaramel.com\/hu\/wp-json\/wp\/v2\/types\/product"}],"replies":[{"embeddable":true,"href":"https:\/\/www.coloredcaramel.com\/hu\/wp-json\/wp\/v2\/comments?post=35567"}],"wp:attachment":[{"href":"https:\/\/www.coloredcaramel.com\/hu\/wp-json\/wp\/v2\/media?parent=35567"}],"wp:term":[{"taxonomy":"product_brand","embeddable":true,"href":"https:\/\/www.coloredcaramel.com\/hu\/wp-json\/wp\/v2\/product_brand?post=35567"},{"taxonomy":"product_cat","embeddable":true,"href":"https:\/\/www.coloredcaramel.com\/hu\/wp-json\/wp\/v2\/product_cat?post=35567"},{"taxonomy":"product_tag","embeddable":true,"href":"https:\/\/www.coloredcaramel.com\/hu\/wp-json\/wp\/v2\/product_tag?post=35567"}],"curies":[{"name":"wp","href":"https:\/\/api.w.org\/{rel}","templated":true}]}}

Sweet Days cuki és otthonos színező, kellemes kikapcsolódás felnőtteknek és tiniknek

<p><span style="font-weight: 400; font-family: 'comic sans ms', sans-serif; font-size: 12pt;">Sweet Days aranyos és otthonos kifestő: Kényelmes kikapcsolódás felnőtteknek és tiniknek</span></p>
<h3><span style="font-family: 'comic sans ms', sans-serif; font-size: 12pt;"><b>Készülj fel a legszívmelengetőbb </b><b>színező lapokra</b><b>! ✨</b></span></h3>
<p><span style="font-family: 'comic sans ms', sans-serif; font-size: 12pt;"><span style="font-weight: 400;">Üdvözlünk a </span><i><span style="font-weight: 400;">Sweet Days</span></i><span style="font-weight: 400;"> világában, egy olyan kifestőben, amely tele van aranyos kis barátokkal és otthonos mindennapi jelenetekkel. Fogd a filctollakat, kuckózz be egy puha helyre, és engedd szabadjára a fantáziádat! ✨</span></span></p>
<p><span style="font-weight: 400; font-family: 'comic sans ms', sans-serif; font-size: 12pt;">Minden oldal a te varázslatos érintésedre vár! 💗</span></p>
<p><span style="font-family: 'comic sans ms', sans-serif; font-size: 12pt;"><span style="font-weight: 400;">🧡 </span><b>Miért imádjuk:</b></span></p>
<ul>
<li><span style="font-weight: 400; font-family: 'comic sans ms', sans-serif; font-size: 12pt;"> Imádnivaló, vastag vonalas minták a bekuckózós színezéshez.</span></li>
<li><span style="font-weight: 400; font-family: 'comic sans ms', sans-serif; font-size: 12pt;"> PDF 40 egyedi, ünnepi illusztrációval (nincs ismétlődés!).</span></li>
<li><span style="font-weight: 400; font-family: 'comic sans ms', sans-serif; font-size: 12pt;"> Színmintákat és kis felületeket is tartalmaz, ahol kísérletezhetsz a palettákkal és mintákkal!</span></li>
<li><span style="font-weight: 400; font-family: 'comic sans ms', sans-serif; font-size: 12pt;"> Az oldalak mérete 8.5 x 8.5 inch, amit a legjobb 8.5 x 11 inch méretű papírra nyomtatni.</span></li>
<li><span style="font-weight: 400; font-family: 'comic sans ms', sans-serif; font-size: 12pt;"> Felnőtteknek és tiniknek készült, akik szeretik a cuki, otthonos és pihentető illusztrációkat.</span></li>
<li><span style="font-weight: 400; font-family: 'comic sans ms', sans-serif; font-size: 12pt;"> Nyugodt menedék a mindennapi stressz elől.</span></li>
<li><span style="font-weight: 400; font-family: 'comic sans ms', sans-serif; font-size: 12pt;">Tökéletes, figyelmes ajándék.</span></li>
</ul>
<h3><span style="font-family: 'comic sans ms', sans-serif; font-size: 12pt;"><span style="font-weight: 400;">Válaszd ki a kedvencedet: </span><b>Digitális vagy papírkötéses!</b><br />
<span style="font-weight: 400;">🧡 Szerezd be a </span><b>digitális példányodat</b><span style="font-weight: 400;"> itt, vagy<br />
</span><span style="font-weight: 400;">💚 Válaszd a </span><b>papírkötéses</b><span style="font-weight: 400;"> verziót, és rendeld meg az Amazonról!</span></span></h3>
<h3><span style="font-family: 'comic sans ms', sans-serif; font-size: 12pt;"><span style="font-weight: 400;">✨ </span><b>Fontos</b><span style="font-weight: 400;"> ✨</span><span style="font-weight: 400;"><br />
</span><span style="font-weight: 400;">🧡 Ez egy digitális, nyomtatható kifestő.</span><span style="font-weight: 400;"><br />
</span><span style="font-weight: 400;">🚫 Fizikai példányt nem küldünk.</span><span style="font-weight: 400;"><br />
</span><span style="font-weight: 400;">🏡 Otthon annyiszor töltheted le és nyomtathatod ki, ahányszor csak szeretnéd – de kizárólag személyes használatra.</span><span style="font-weight: 400;"><br />
</span><span style="font-weight: 400;">💕 Kereskedelmi célú felhasználás tilos – ne add el, ne oszd meg és ne terjeszd ezeket az oldalakat.</span><span style="font-weight: 400;"><br />
</span><span style="font-weight: 400;">🎨 Ne használd a mintákat új termékek (például matricák, könyvek vagy egyéb ajándéktárgyak) készítéséhez.</span><span style="font-weight: 400;"><br />
</span><span style="font-weight: 400;">📸 Szívesen vesszük, ha megosztod a kiszínezett oldalakat az interneten – csak kérjük, jelöld meg a Colored Caramel-t.</span><span style="font-weight: 400;"><br />
</span><span style="font-weight: 400;">🖋️ Minden minta a Colored Caramel szerzői jogi védelme alatt áll. Kérjük, tiszteld a munkánkat és a kreativitásunkat.</span><span style="font-weight: 400;"><br />
</span><span style="font-weight: 400;"><br />
</span><span style="font-weight: 400;">Vigyázz, kész, színezz! ✨ Szerezd be a példányodat, és merülj el a tiszta cukiság világában! </span></span></h3>
<p><span style="font-weight: 400; font-family: 'comic sans ms', sans-serif; font-size: 12pt;">Ha bármilyen kérdésed van, küldj nekünk egy üzenetet 🧡</span></p>
<p>&nbsp;</p>

<p>Sweet Days aranyos és otthonos kifestő: Kényelmes kikapcsolódás felnőtteknek és tiniknek Készülj fel a legszívmelengetőbb színező lapokra! ✨ Üdvözlünk a Sweet Days világában, egy olyan kifestőben, amely tele van aranyos…</p>
