{"id":35550,"date":"2025-11-08T10:26:48","date_gmt":"2025-11-08T10:26:48","guid":{"rendered":"https:\/\/www.coloredcaramel.com\/product\/christmas-bundle-2\/"},"modified":"2026-09-05T12:36:54","modified_gmt":"2026-09-05T12:36:54","slug":"karacsonyi-szinezo-lapok-az-uj-kedvenc-otthonos","status":"publish","type":"product","link":"https:\/\/www.coloredcaramel.com\/hu\/product\/karacsonyi-szinezo-lapok-az-uj-kedvenc-otthonos\/","title":{"rendered":"Kar\u00e1csonyi sz\u00ednez\u0151 lapok, az \u00faj kedvenc otthonos, csillog\u00f3 \u00fcnnepi sz\u00ednez\u0151csomagod"},"content":{"rendered":"<p><span style=\"font-family: 'comic sans ms', sans-serif;\">A legragyog\u00f3bb kar\u00e1csonyi sz\u00ednez\u0151 lapok<\/span><\/p>\n<p><span style=\"font-family: 'comic sans ms', sans-serif;\">Sz\u00ednezd ki az \u00e9v legcsod\u00e1latosabb id\u0151szak\u00e1t!<\/span><br \/>\n<span style=\"font-family: 'comic sans ms', sans-serif;\">A legaranyosabb \u00e9s legvar\u00e1zslatosabb \u00fcnnepi sz\u00ednez\u0151inket egyetlen ellen\u00e1llhatatlan csomagba gy\u0171jt\u00f6tt\u00fck \u00f6ssze, tele \u00fcnnepi j\u00f3kedvvel, otthonos hangulattal \u00e9s rengeteg b\u00e1jjal.<\/span><\/p>\n<p><span style=\"font-family: 'comic sans ms', sans-serif;\">\ud83c\udf85 Festive Days: Sz\u00ednezd be magad egy t\u00e9li csodaorsz\u00e1gba 40 aranyos, otthonos \u00e9s \u00f6r\u00f6mteli kar\u00e1csonyi jelenettel.<\/span><br \/>\n<span style=\"font-family: 'comic sans ms', sans-serif;\">\ud83c\udf81 Festive Corner: 40 otthonos \u00e9s vid\u00e1m kar\u00e1csonyi jelenet, hogy sz\u00ednezz, kikapcsol\u00f3dj \u00e9s \u00e1t\u00e9ld az \u00fcnnepi var\u00e1zslatot.<\/span><br \/>\n<span style=\"font-family: 'comic sans ms', sans-serif;\">\ud83c\udf84 Magical Snow Globes: Fedezz fel egy \u00e1lomszer\u0171 vil\u00e1got, ahol minden h\u00f3g\u00f6mb a saj\u00e1t otthonos kar\u00e1csonyi t\u00f6rt\u00e9net\u00e9t mes\u00e9li el!<br \/>\n\ud83d\udc7b Ghostly Cute Christmas: Azoknak, akik hisznek abban, hogy minden \u00e9vszak meg\u00e9rdemel egy kis k\u00eds\u00e9rteties csillog\u00e1st.<br \/>\n<\/span><\/p>\n<p><span style=\"font-family: 'comic sans ms', sans-serif;\">Nincsenek ism\u00e9tl\u0151d\u00e9sek, csak v\u00e9gtelen \u00fcnnepi var\u00e1zslat: im\u00e1dnival\u00f3 kar\u00e1csonyi sz\u00ednez\u0151 lapok az \u00fcnnepi kikapcsol\u00f3d\u00e1shoz.<\/span><\/p>\n<p><span style=\"font-family: 'comic sans ms', sans-serif;\">\u2728 Bontsd ki a var\u00e1zslatot, \u00e9s kezdd el sz\u00ednezni a kar\u00e1csonyi t\u00f6rt\u00e9netedet m\u00e9g ma! \u2728<\/span><\/p>\n","protected":false},"excerpt":{"rendered":"<p>A legragyog\u00f3bb kar\u00e1csonyi sz\u00ednez\u0151 lapok Sz\u00ednezd ki az \u00e9v legcsod\u00e1latosabb id\u0151szak\u00e1t! A legaranyosabb \u00e9s legvar\u00e1zslatosabb \u00fcnnepi sz\u00ednez\u0151inket egyetlen ellen\u00e1llhatatlan csomagba gy\u0171jt\u00f6tt\u00fck \u00f6ssze, tele \u00fcnnepi j\u00f3kedvvel, otthonos hangulattal \u00e9s rengeteg b\u00e1jjal.\u2026<\/p>\n","protected":false},"featured_media":0,"comment_status":"open","ping_status":"closed","template":"","meta":{"_acf_changed":false,"_glsr_average":0,"_glsr_ranking":0,"_glsr_reviews":0},"product_brand":[],"product_cat":[7745,7665,7657],"product_tag":[],"class_list":["post-35550","product","type-product","status-publish","product_cat-karacsony","product_cat-csomagok","product_cat-szinezok","first","instock","sale","virtual","sold-individually","product-type-bundle"],"bundled_by":[],"bundle_stock_status":"instock","bundle_stock_quantity":"","bundle_virtual":true,"bundle_layout":"default","bundle_add_to_cart_form_location":"after_summary","bundle_editable_in_cart":true,"bundle_sold_individually_context":"product","bundle_item_grouping":"parent","bundle_min_size":"","bundle_max_size":"","bundle_price":{"price":{"min":{"incl_tax":"22.33","excl_tax":"22.33"},"max":{"incl_tax":"22.33","excl_tax":"22.33"}},"regular_price":{"min":{"incl_tax":"31.96","excl_tax":"31.96"},"max":{"incl_tax":"31.96","excl_tax":"31.96"}}},"bundled_items":[],"bundle_sell_ids":[],"acf":[],"_links":{"self":[{"href":"https:\/\/www.coloredcaramel.com\/hu\/wp-json\/wp\/v2\/product\/35550","targetHints":{"allow":["GET"]}}],"collection":[{"href":"https:\/\/www.coloredcaramel.com\/hu\/wp-json\/wp\/v2\/product"}],"about":[{"href":"https:\/\/www.coloredcaramel.com\/hu\/wp-json\/wp\/v2\/types\/product"}],"replies":[{"embeddable":true,"href":"https:\/\/www.coloredcaramel.com\/hu\/wp-json\/wp\/v2\/comments?post=35550"}],"wp:attachment":[{"href":"https:\/\/www.coloredcaramel.com\/hu\/wp-json\/wp\/v2\/media?parent=35550"}],"wp:term":[{"taxonomy":"product_brand","embeddable":true,"href":"https:\/\/www.coloredcaramel.com\/hu\/wp-json\/wp\/v2\/product_brand?post=35550"},{"taxonomy":"product_cat","embeddable":true,"href":"https:\/\/www.coloredcaramel.com\/hu\/wp-json\/wp\/v2\/product_cat?post=35550"},{"taxonomy":"product_tag","embeddable":true,"href":"https:\/\/www.coloredcaramel.com\/hu\/wp-json\/wp\/v2\/product_tag?post=35550"}],"curies":[{"name":"wp","href":"https:\/\/api.w.org\/{rel}","templated":true}]}}

Karácsonyi színező lapok, az új kedvenc otthonos, csillogó ünnepi színezőcsomagod

<p><span style="font-family: 'comic sans ms', sans-serif;">A legragyogóbb karácsonyi színező lapok</span></p>
<p><span style="font-family: 'comic sans ms', sans-serif;">Színezd ki az év legcsodálatosabb időszakát!</span><br />
<span style="font-family: 'comic sans ms', sans-serif;">A legaranyosabb és legvarázslatosabb ünnepi színezőinket egyetlen ellenállhatatlan csomagba gyűjtöttük össze, tele ünnepi jókedvvel, otthonos hangulattal és rengeteg bájjal.</span></p>
<p><span style="font-family: 'comic sans ms', sans-serif;">🎅 Festive Days: Színezd be magad egy téli csodaországba 40 aranyos, otthonos és örömteli karácsonyi jelenettel.</span><br />
<span style="font-family: 'comic sans ms', sans-serif;">🎁 Festive Corner: 40 otthonos és vidám karácsonyi jelenet, hogy színezz, kikapcsolódj és átéld az ünnepi varázslatot.</span><br />
<span style="font-family: 'comic sans ms', sans-serif;">🎄 Magical Snow Globes: Fedezz fel egy álomszerű világot, ahol minden hógömb a saját otthonos karácsonyi történetét meséli el!<br />
👻 Ghostly Cute Christmas: Azoknak, akik hisznek abban, hogy minden évszak megérdemel egy kis kísérteties csillogást.<br />
</span></p>
<p><span style="font-family: 'comic sans ms', sans-serif;">Nincsenek ismétlődések, csak végtelen ünnepi varázslat: imádnivaló karácsonyi színező lapok az ünnepi kikapcsolódáshoz.</span></p>
<p><span style="font-family: 'comic sans ms', sans-serif;">✨ Bontsd ki a varázslatot, és kezdd el színezni a karácsonyi történetedet még ma! ✨</span></p>

<p>A legragyogóbb karácsonyi színező lapok Színezd ki az év legcsodálatosabb időszakát! A legaranyosabb és legvarázslatosabb ünnepi színezőinket egyetlen ellenállhatatlan csomagba gyűjtöttük össze, tele ünnepi jókedvvel, otthonos hangulattal és rengeteg bájjal.…</p>
