{"id":35450,"date":"2025-10-18T11:03:59","date_gmt":"2025-10-18T11:03:59","guid":{"rendered":"https:\/\/www.coloredcaramel.com\/product\/festive-days-cozy-christmas-coloring-book-comfy-relaxation-for-adults-and-teens-2\/"},"modified":"2026-09-05T12:36:54","modified_gmt":"2026-09-05T12:36:54","slug":"festive-days-otthonos-karacsonyi-szinezokonyv-kenyelmes-kikapcsolodas","status":"publish","type":"product","link":"https:\/\/www.coloredcaramel.com\/hu\/product\/festive-days-otthonos-karacsonyi-szinezokonyv-kenyelmes-kikapcsolodas\/","title":{"rendered":"Festive Days otthonos kar\u00e1csonyi sz\u00ednez\u0151k\u00f6nyv: k\u00e9nyelmes kikapcsol\u00f3d\u00e1s feln\u0151tteknek \u00e9s tiniknek"},"content":{"rendered":"<h4><span style=\"font-family: 'comic sans ms', sans-serif;\"><span style=\"font-size: 14pt;\">K\u00e9szen \u00e1llsz a valaha volt legvar\u00e1zslatosabb \u00e9s legaranyosabb kar\u00e1csonyra?\ud83c\udf32<\/span><\/span><\/h4>\n<p><span style=\"font-family: 'comic sans ms', sans-serif; font-size: 12pt;\">\u00dcdv\u00f6zl\u00fcnk a <i>Festive Days<\/i> vil\u00e1g\u00e1ban, egy hangulatos <strong>kar\u00e1csonyi sz\u00ednez\u0151ben, amely tele van sz\u00edvmelenget\u0151 b\u00e1jjal, csillog\u00f3 f\u00e9nyekkel \u00e9s hamis\u00edtatlan \u00fcnnepi \u00f6r\u00f6mmel! <\/strong><\/span><span style=\"font-family: 'comic sans ms', sans-serif;\"><span style=\"font-size: 14pt;\">\u2728<\/span><\/span><\/p>\n<p><span style=\"font-size: 12pt; font-family: 'comic sans ms', sans-serif;\">Minden oldal tele van <strong>cuki figur\u00e1kkal, ragyog\u00f3 d\u00edszekkel \u00e9s vid\u00e1m t\u00e9li jelenetekkel<\/strong>, melyek csak arra v\u00e1rnak, hogy <i>te<\/i> t\u00f6ltsd meg \u0151ket sz\u00ednekkel \u00e9s kreativit\u00e1ssal.<\/span><\/p>\n<p><span style=\"font-family: 'comic sans ms', sans-serif; font-size: 12pt;\">Sz\u00f3val kuck\u00f3zz be a kedvenc takar\u00f3d al\u00e1, t\u00f6lts magadnak egy b\u00f6gre meleg kaka\u00f3t, \u00e9s <strong>hagyd, hogy a k\u00e9pzeleted f\u00e9nyesebben ragyogjon, mint a kar\u00e1csonyfa f\u00e9nyei.<\/strong><\/span><\/p>\n<p><span style=\"font-size: 12pt; font-family: 'comic sans ms', sans-serif;\">\ud83e\udde1<strong> Mi\u00e9rt im\u00e1djuk:<\/strong><br \/>\n\u2022 <strong>Im\u00e1dnival\u00f3, vastag vonalas mint\u00e1k<\/strong> a hangulatos sz\u00ednez\u0151s pillanatokhoz.<br \/>\n\u2022 PDF <strong>40 egyedi, \u00fcnnepi illusztr\u00e1ci\u00f3val<\/strong> (nincsenek ism\u00e9tl\u0151d\u00e9sek!).<br \/>\n\u2022 <strong>Sz\u00ednmint\u00e1kat<\/strong> \u00e9s kis <strong>helyeket<\/strong> is tartalmaz, <strong>ahol k\u00eds\u00e9rletezhetsz a palett\u00e1kkal \u00e9s mint\u00e1kkal<\/strong>.<br \/>\n\u2022 Az oldalm\u00e9ret <strong>8.5 x 8.5 inch<\/strong>, amit legink\u00e1bb 8.5 x 11 inch m\u00e9ret\u0171 pap\u00edrra \u00e9rdemes nyomtatni.<br \/>\n\u2022 <strong>Feln\u0151tteknek \u00e9s tiniknek<\/strong> k\u00e9sz\u00fclt, akik szeretik <strong>a cuki, otthonos \u00e9s pihentet\u0151 \u00fcnnepi illusztr\u00e1ci\u00f3kat<\/strong>.<br \/>\n\u2022 <strong>A te nyugodt mened\u00e9ked az \u00fcnnepi rohan\u00e1sban.<\/strong><br \/>\n\u2022 T\u00f6k\u00e9letes, <strong>figyelmes aj\u00e1nd\u00e9k!<\/strong><\/span><\/p>\n<p><span style=\"font-size: 12pt; font-family: 'comic sans ms', sans-serif;\">V\u00e1laszd ki a kedvencedet:<strong> digit\u00e1lis vagy pap\u00edrk\u00f6t\u00e9s\u0171!<\/strong><br \/>\n\ud83e\udde1 Szerezd be a <strong>digit\u00e1lis p\u00e9ld\u00e1nyt itt<\/strong>, vagy<br \/>\n\ud83e\udde1 <strong>V\u00e1laszd a nyomtatott p\u00e9ld\u00e1nyt<\/strong>, \u00e9s rendeld meg <strong>az Amazonon<\/strong>!<\/span><\/p>\n<p><span style=\"font-family: 'comic sans ms', sans-serif; font-size: 12pt;\">\u2728 <strong>Fontos<\/strong> \u2728<br \/>\n\ud83e\udde1 Ez <strong>egy digit\u00e1lis, kinyomtathat\u00f3 sz\u00ednez\u0151<\/strong>. Ha <strong>fizikai p\u00e9ld\u00e1nyt szeretn\u00e9l, k\u00e9rj\u00fck, v\u00e1laszd a \u201eNyomtatott p\u00e9ld\u00e1ny\u201d opci\u00f3t, \u00e9s fejezd be a v\u00e1s\u00e1rl\u00e1st az Amazonon<\/strong>.<br data-start=\"499\" data-end=\"502\" \/>\ud83d\udeab <strong>Nem k\u00fcld\u00fcnk fizikai p\u00e9ld\u00e1nyt, ha a digit\u00e1lis, kinyomtathat\u00f3 v\u00e1ltozatot v\u00e1s\u00e1rolod meg a weboldalunkr\u00f3l.<\/strong><br \/>\n\ud83c\udfe1 Otthon tetsz\u0151legesen sokszor <strong>let\u00f6ltheted \u00e9s kinyomtathatod<\/strong>, de <strong>kiz\u00e1r\u00f3lag szem\u00e9lyes haszn\u00e1latra<\/strong>.<br \/>\n\ud83d\udc95 <strong>Kereskedelmi c\u00e9l\u00fa felhaszn\u00e1l\u00e1s tilos<\/strong>, ne add el, ne oszd meg \u00e9s ne terjeszd tov\u00e1bb ezeket az oldalakat.<br \/>\n\ud83c\udfa8 <strong>Ne haszn\u00e1ld a mint\u00e1kat \u00faj term\u00e9kek<\/strong> (p\u00e9ld\u00e1ul matric\u00e1k, k\u00f6nyvek vagy aj\u00e1nd\u00e9kt\u00e1rgyak) <strong>k\u00e9sz\u00edt\u00e9s\u00e9hez<\/strong>.<br \/>\n\ud83d\udcf8 Sz\u00edvesen vessz\u00fck, ha megosztod <strong>a kisz\u00ednezett oldalaidat<\/strong> az interneten, csak <strong>t\u00fcntesd fel a Colored Caramel nev\u00e9t<\/strong>.<br \/>\n\ud83d\udd8b\ufe0f Minden minta <strong>teljes m\u00e9rt\u00e9kben a Colored Caramel szerz\u0151i jogi v\u00e9delme alatt \u00e1ll<\/strong>. K\u00e9rj\u00fck, tiszteld a munk\u00e1nkat \u00e9s a kreativit\u00e1sunkat.<\/span><\/p>\n<p><span style=\"font-family: 'comic sans ms', sans-serif;\"><strong>Vigy\u00e1zz, k\u00e9sz, cseng\u0151sz\u00f3! \ud83c\udf85\u2728 Szerezd be a p\u00e9ld\u00e1nyodat, \u00e9s mer\u00fclj el az \u00fcnnepi cukis\u00e1gban!<\/strong><\/span><\/p>\n<p><span style=\"font-family: 'comic sans ms', sans-serif; font-size: 12pt;\">Ha b\u00e1rmilyen k\u00e9rd\u00e9sed van, k\u00fcldj nek\u00fcnk egy \u00fczenetet \ud83e\udde1<\/span><\/p>\n","protected":false},"excerpt":{"rendered":"<p>K\u00e9szen \u00e1llsz a valaha volt legvar\u00e1zslatosabb \u00e9s legaranyosabb kar\u00e1csonyra?\ud83c\udf32 \u00dcdv\u00f6zl\u00fcnk a Festive Days vil\u00e1g\u00e1ban, egy hangulatos kar\u00e1csonyi sz\u00ednez\u0151ben, amely tele van sz\u00edvmelenget\u0151 b\u00e1jjal, csillog\u00f3 f\u00e9nyekkel \u00e9s hamis\u00edtatlan \u00fcnnepi \u00f6r\u00f6mmel! \u2728\u2026<\/p>\n","protected":false},"featured_media":0,"comment_status":"open","ping_status":"closed","template":"","meta":{"_acf_changed":false,"_glsr_average":0,"_glsr_ranking":0,"_glsr_reviews":0},"product_brand":[],"product_cat":[7745,7657],"product_tag":[],"class_list":["post-35450","product","type-product","status-publish","product_cat-karacsony","product_cat-szinezok","first","instock","sold-individually","shipping-taxable","purchasable","product-type-variable"],"bundled_by":[],"bundle_stock_status":"instock","bundle_stock_quantity":null,"bundle_virtual":false,"bundle_layout":"","bundle_add_to_cart_form_location":"","bundle_editable_in_cart":false,"bundle_sold_individually_context":"","bundle_item_grouping":"","bundle_min_size":"","bundle_max_size":"","bundle_price":[],"bundled_items":[],"bundle_sell_ids":[],"acf":[],"_links":{"self":[{"href":"https:\/\/www.coloredcaramel.com\/hu\/wp-json\/wp\/v2\/product\/35450","targetHints":{"allow":["GET"]}}],"collection":[{"href":"https:\/\/www.coloredcaramel.com\/hu\/wp-json\/wp\/v2\/product"}],"about":[{"href":"https:\/\/www.coloredcaramel.com\/hu\/wp-json\/wp\/v2\/types\/product"}],"replies":[{"embeddable":true,"href":"https:\/\/www.coloredcaramel.com\/hu\/wp-json\/wp\/v2\/comments?post=35450"}],"wp:attachment":[{"href":"https:\/\/www.coloredcaramel.com\/hu\/wp-json\/wp\/v2\/media?parent=35450"}],"wp:term":[{"taxonomy":"product_brand","embeddable":true,"href":"https:\/\/www.coloredcaramel.com\/hu\/wp-json\/wp\/v2\/product_brand?post=35450"},{"taxonomy":"product_cat","embeddable":true,"href":"https:\/\/www.coloredcaramel.com\/hu\/wp-json\/wp\/v2\/product_cat?post=35450"},{"taxonomy":"product_tag","embeddable":true,"href":"https:\/\/www.coloredcaramel.com\/hu\/wp-json\/wp\/v2\/product_tag?post=35450"}],"curies":[{"name":"wp","href":"https:\/\/api.w.org\/{rel}","templated":true}]}}

Festive Days otthonos karácsonyi színezőkönyv: kényelmes kikapcsolódás felnőtteknek és tiniknek

<h4><span style="font-family: 'comic sans ms', sans-serif;"><span style="font-size: 14pt;">Készen állsz a valaha volt legvarázslatosabb és legaranyosabb karácsonyra?🌲</span></span></h4>
<p><span style="font-family: 'comic sans ms', sans-serif; font-size: 12pt;">Üdvözlünk a <i>Festive Days</i> világában, egy hangulatos <strong>karácsonyi színezőben, amely tele van szívmelengető bájjal, csillogó fényekkel és hamisítatlan ünnepi örömmel! </strong></span><span style="font-family: 'comic sans ms', sans-serif;"><span style="font-size: 14pt;">✨</span></span></p>
<p><span style="font-size: 12pt; font-family: 'comic sans ms', sans-serif;">Minden oldal tele van <strong>cuki figurákkal, ragyogó díszekkel és vidám téli jelenetekkel</strong>, melyek csak arra várnak, hogy <i>te</i> töltsd meg őket színekkel és kreativitással.</span></p>
<p><span style="font-family: 'comic sans ms', sans-serif; font-size: 12pt;">Szóval kuckózz be a kedvenc takaród alá, tölts magadnak egy bögre meleg kakaót, és <strong>hagyd, hogy a képzeleted fényesebben ragyogjon, mint a karácsonyfa fényei.</strong></span></p>
<p><span style="font-size: 12pt; font-family: 'comic sans ms', sans-serif;">🧡<strong> Miért imádjuk:</strong><br />
• <strong>Imádnivaló, vastag vonalas minták</strong> a hangulatos színezős pillanatokhoz.<br />
• PDF <strong>40 egyedi, ünnepi illusztrációval</strong> (nincsenek ismétlődések!).<br />
• <strong>Színmintákat</strong> és kis <strong>helyeket</strong> is tartalmaz, <strong>ahol kísérletezhetsz a palettákkal és mintákkal</strong>.<br />
• Az oldalméret <strong>8.5 x 8.5 inch</strong>, amit leginkább 8.5 x 11 inch méretű papírra érdemes nyomtatni.<br />
• <strong>Felnőtteknek és tiniknek</strong> készült, akik szeretik <strong>a cuki, otthonos és pihentető ünnepi illusztrációkat</strong>.<br />
• <strong>A te nyugodt menedéked az ünnepi rohanásban.</strong><br />
• Tökéletes, <strong>figyelmes ajándék!</strong></span></p>
<p><span style="font-size: 12pt; font-family: 'comic sans ms', sans-serif;">Válaszd ki a kedvencedet:<strong> digitális vagy papírkötésű!</strong><br />
🧡 Szerezd be a <strong>digitális példányt itt</strong>, vagy<br />
🧡 <strong>Válaszd a nyomtatott példányt</strong>, és rendeld meg <strong>az Amazonon</strong>!</span></p>
<p><span style="font-family: 'comic sans ms', sans-serif; font-size: 12pt;">✨ <strong>Fontos</strong> ✨<br />
🧡 Ez <strong>egy digitális, kinyomtatható színező</strong>. Ha <strong>fizikai példányt szeretnél, kérjük, válaszd a „Nyomtatott példány” opciót, és fejezd be a vásárlást az Amazonon</strong>.<br data-start="499" data-end="502" />🚫 <strong>Nem küldünk fizikai példányt, ha a digitális, kinyomtatható változatot vásárolod meg a weboldalunkról.</strong><br />
🏡 Otthon tetszőlegesen sokszor <strong>letöltheted és kinyomtathatod</strong>, de <strong>kizárólag személyes használatra</strong>.<br />
💕 <strong>Kereskedelmi célú felhasználás tilos</strong>, ne add el, ne oszd meg és ne terjeszd tovább ezeket az oldalakat.<br />
🎨 <strong>Ne használd a mintákat új termékek</strong> (például matricák, könyvek vagy ajándéktárgyak) <strong>készítéséhez</strong>.<br />
📸 Szívesen vesszük, ha megosztod <strong>a kiszínezett oldalaidat</strong> az interneten, csak <strong>tüntesd fel a Colored Caramel nevét</strong>.<br />
🖋️ Minden minta <strong>teljes mértékben a Colored Caramel szerzői jogi védelme alatt áll</strong>. Kérjük, tiszteld a munkánkat és a kreativitásunkat.</span></p>
<p><span style="font-family: 'comic sans ms', sans-serif;"><strong>Vigyázz, kész, csengőszó! 🎅✨ Szerezd be a példányodat, és merülj el az ünnepi cukiságban!</strong></span></p>
<p><span style="font-family: 'comic sans ms', sans-serif; font-size: 12pt;">Ha bármilyen kérdésed van, küldj nekünk egy üzenetet 🧡</span></p>

<p>Készen állsz a valaha volt legvarázslatosabb és legaranyosabb karácsonyra?🌲 Üdvözlünk a Festive Days világában, egy hangulatos karácsonyi színezőben, amely tele van szívmelengető bájjal, csillogó fényekkel és hamisítatlan ünnepi örömmel! ✨…</p>
