{"id":35423,"date":"2025-10-11T11:46:17","date_gmt":"2025-10-11T11:46:17","guid":{"rendered":"https:\/\/www.coloredcaramel.com\/product\/kawaii-christmas-coloring-book-2\/"},"modified":"2026-09-05T12:36:53","modified_gmt":"2026-09-05T12:36:53","slug":"kawaii-karacsonyi-szinezokonyv","status":"publish","type":"product","link":"https:\/\/www.coloredcaramel.com\/hu\/product\/kawaii-karacsonyi-szinezokonyv\/","title":{"rendered":"Kawaii kar\u00e1csonyi sz\u00ednez\u0151k\u00f6nyv"},"content":{"rendered":"<h2 data-start=\"218\" data-end=\"273\"><span style=\"font-family: comic sans ms, sans-serif; font-size: 12pt;\">25 szupercuki, nyomtathat\u00f3 kawaii kar\u00e1csonyi sz\u00ednez\u0151 lap<\/span><\/h2>\n<p data-pm-slice=\"1 1 []\"><span style=\"font-family: comic sans ms, sans-serif;\">L\u00e9pj be egy otthonos t\u00e9li csodavil\u00e1gba, amely tele van aranyos kawaii figur\u00e1kkal, \u00e9des finoms\u00e1gokkal \u00e9s \u00fcnnepi \u00e1llatk\u00e1kkal, mindezt az \u00fcnnepi var\u00e1zslat \u00f6vezi. Minden sz\u00ednez\u0151 lap szuper aranyos kawaii st\u00edlusban k\u00e9sz\u00fclt, a mosolyg\u00f3 r\u00e9nszarvasokt\u00f3l \u00e9s m\u00e9zeskal\u00e1csokt\u00f3l kezdve a cuki \u00e1llatokig \u00e9s a csillog\u00f3 kar\u00e1csonyf\u00e1kig.<\/span><\/p>\n<p><span style=\"font-family: comic sans ms, sans-serif;\">Ez a gy\u0171jtem\u00e9ny egy otthonos, kreat\u00edv mened\u00e9k, t\u00f6k\u00e9letes a forr\u00f3 kaka\u00f3val, l\u00e1gy zen\u00e9vel \u00e9s egy kis pasztell vid\u00e1ms\u00e1ggal tark\u00edtott est\u00e9khez.<\/span><\/p>\n<p><span style=\"font-family: comic sans ms, sans-serif;\">Ezeket a kawaii illusztr\u00e1ci\u00f3kat \u00fagy tervezt\u00fck, hogy megnyugtass\u00e1k az elm\u00e9det \u00e9s felvid\u00edts\u00e1k a napodat. Lass\u00edts, mosolyogj, \u00e9s hagyd, hogy hulljon a h\u00f3, mik\u00f6zben \u00e9letre kelted ezeket a mini vil\u00e1gokat.<\/span><\/p>\n<p><strong><span style=\"font-family: comic sans ms, sans-serif;\">Mi\u00e9rt fogod im\u00e1dni:<\/span><\/strong><\/p>\n<p><span style=\"font-family: comic sans ms, sans-serif;\">\u2022 25 im\u00e1dnival\u00f3 \u00e9s vid\u00e1m kar\u00e1csonyi kawaii illusztr\u00e1ci\u00f3<\/span><br \/>\n<span style=\"font-family: comic sans ms, sans-serif;\">\u2022 Egyedi \u00e9s r\u00e9szletgazdag mint\u00e1k<\/span><br \/>\n<span style=\"font-family: comic sans ms, sans-serif;\">\u2022 8.5 x 11 inch nyomtathat\u00f3 oldalak (PDF let\u00f6lt\u00e9s)<\/span><br \/>\n<span style=\"font-family: comic sans ms, sans-serif;\">\u2022 T\u00f6k\u00e9letes feln\u0151tteknek, tin\u00e9dzsereknek \u00e9s sz\u00ednez\u00e9st szeret\u0151 gyerekeknek<\/span><br \/>\n<span style=\"font-family: comic sans ms, sans-serif;\">\u2022 Remek m\u00f3dja a kikapcsol\u00f3d\u00e1snak \u00e9s az otthonos \u00fcnnepi est\u00e9k \u00e9lvez\u00e9s\u00e9nek<\/span><br \/>\n<span style=\"font-family: comic sans ms, sans-serif;\">\u2022 T\u00f6k\u00e9letes stresszold\u00f3 tev\u00e9kenys\u00e9g<\/span><br \/>\n<span style=\"font-family: comic sans ms, sans-serif;\">\u2022 Aranyos \u00e1llatok, kar\u00e1csonyf\u00e1k \u00e9s \u00fcnnepi \u00e9telek szerepelnek benne<\/span><br \/>\n<span style=\"font-family: comic sans ms, sans-serif;\">\u2022 Sz\u00f3rakoztat\u00f3 tev\u00e9kenys\u00e9g az \u00fcnnepekre<\/span><br \/>\n<span style=\"font-family: comic sans ms, sans-serif;\">\u2022 Figyelmes aj\u00e1nd\u00e9k mindenkinek, aki szereti a kawaii m\u0171v\u00e9szetet<\/span><br \/>\n<span style=\"font-family: comic sans ms, sans-serif;\">\u2022 T\u00f6ltsd le azonnal, \u00e9s kezdd el r\u00f6gt\u00f6n a sz\u00ednez\u00e9st!<\/span><\/p>\n<p><span style=\"font-family: comic sans ms, sans-serif;\"><strong>Fontos megjegyz\u00e9sek:<\/strong><br \/>\n<\/span><br \/>\n<span style=\"font-family: comic sans ms, sans-serif;\">\u2022 Ez egy digit\u00e1lis, let\u00f6lthet\u0151 e-k\u00f6nyv (PDF), amelyet otthon nyomtathatsz ki &#8211; fizikai p\u00e9ld\u00e1nyt nem k\u00fcld\u00fcnk.<\/span><br \/>\n<span style=\"font-family: comic sans ms, sans-serif;\">\u2022 A nyomtathat\u00f3 f\u00e1jlokon nincsenek v\u00edzjelek.<\/span><br \/>\n<span style=\"font-family: comic sans ms, sans-serif;\">\u2022 Kiz\u00e1r\u00f3lag szem\u00e9lyes \u00e9s mag\u00e1nc\u00e9l\u00fa haszn\u00e1latra! Kereskedelmi felhaszn\u00e1l\u00e1s, t\u00f6meggy\u00e1rt\u00e1s vagy viszontelad\u00e1s nem megengedett.<\/span><br \/>\n<span style=\"font-family: comic sans ms, sans-serif;\">\u2022 Minden illusztr\u00e1ci\u00f3 eredeti \u00e9s szerz\u0151i jogi v\u00e9delem alatt \u00e1ll.<\/span><\/p>\n<p><span style=\"font-family: comic sans ms, sans-serif;\">Rendeld meg most ezt a vid\u00e1m sz\u00ednez\u0151t, \u00e9s t\u00f6ltsd meg az \u00fcnnepeket sz\u00ednekkel, kreativit\u00e1ssal \u00e9s egy kis kawaii var\u00e1zslattal!<\/span><\/p>\n<p><span style=\"font-family: comic sans ms, sans-serif;\">Ha b\u00e1rmilyen k\u00e9rd\u00e9sed van, k\u00fcldj nek\u00fcnk \u00fczenetet \ud83d\ude42<\/span><\/p>\n","protected":false},"excerpt":{"rendered":"<p>25 szupercuki, nyomtathat\u00f3 kawaii kar\u00e1csonyi sz\u00ednez\u0151 lap L\u00e9pj be egy otthonos t\u00e9li csodavil\u00e1gba, amely tele van aranyos kawaii figur\u00e1kkal, \u00e9des finoms\u00e1gokkal \u00e9s \u00fcnnepi \u00e1llatk\u00e1kkal, mindezt az \u00fcnnepi var\u00e1zslat \u00f6vezi. Minden\u2026<\/p>\n","protected":false},"featured_media":0,"comment_status":"open","ping_status":"closed","template":"","meta":{"_acf_changed":false,"_glsr_average":0,"_glsr_ranking":0,"_glsr_reviews":0},"product_brand":[],"product_cat":[7721,7745,7657],"product_tag":[],"class_list":["post-35423","product","type-product","status-publish","product_cat-kawaii","product_cat-karacsony","product_cat-szinezok","first","instock","sold-individually","shipping-taxable","purchasable","product-type-variable"],"bundled_by":[],"bundle_stock_status":"instock","bundle_stock_quantity":null,"bundle_virtual":false,"bundle_layout":"","bundle_add_to_cart_form_location":"","bundle_editable_in_cart":false,"bundle_sold_individually_context":"","bundle_item_grouping":"","bundle_min_size":"","bundle_max_size":"","bundle_price":[],"bundled_items":[],"bundle_sell_ids":[],"acf":[],"_links":{"self":[{"href":"https:\/\/www.coloredcaramel.com\/hu\/wp-json\/wp\/v2\/product\/35423","targetHints":{"allow":["GET"]}}],"collection":[{"href":"https:\/\/www.coloredcaramel.com\/hu\/wp-json\/wp\/v2\/product"}],"about":[{"href":"https:\/\/www.coloredcaramel.com\/hu\/wp-json\/wp\/v2\/types\/product"}],"replies":[{"embeddable":true,"href":"https:\/\/www.coloredcaramel.com\/hu\/wp-json\/wp\/v2\/comments?post=35423"}],"wp:attachment":[{"href":"https:\/\/www.coloredcaramel.com\/hu\/wp-json\/wp\/v2\/media?parent=35423"}],"wp:term":[{"taxonomy":"product_brand","embeddable":true,"href":"https:\/\/www.coloredcaramel.com\/hu\/wp-json\/wp\/v2\/product_brand?post=35423"},{"taxonomy":"product_cat","embeddable":true,"href":"https:\/\/www.coloredcaramel.com\/hu\/wp-json\/wp\/v2\/product_cat?post=35423"},{"taxonomy":"product_tag","embeddable":true,"href":"https:\/\/www.coloredcaramel.com\/hu\/wp-json\/wp\/v2\/product_tag?post=35423"}],"curies":[{"name":"wp","href":"https:\/\/api.w.org\/{rel}","templated":true}]}}

Kawaii karácsonyi színezőkönyv

<h2 data-start="218" data-end="273"><span style="font-family: comic sans ms, sans-serif; font-size: 12pt;">25 szupercuki, nyomtatható kawaii karácsonyi színező lap</span></h2>
<p data-pm-slice="1 1 []"><span style="font-family: comic sans ms, sans-serif;">Lépj be egy otthonos téli csodavilágba, amely tele van aranyos kawaii figurákkal, édes finomságokkal és ünnepi állatkákkal, mindezt az ünnepi varázslat övezi. Minden színező lap szuper aranyos kawaii stílusban készült, a mosolygó rénszarvasoktól és mézeskalácsoktól kezdve a cuki állatokig és a csillogó karácsonyfákig.</span></p>
<p><span style="font-family: comic sans ms, sans-serif;">Ez a gyűjtemény egy otthonos, kreatív menedék, tökéletes a forró kakaóval, lágy zenével és egy kis pasztell vidámsággal tarkított estékhez.</span></p>
<p><span style="font-family: comic sans ms, sans-serif;">Ezeket a kawaii illusztrációkat úgy terveztük, hogy megnyugtassák az elmédet és felvidítsák a napodat. Lassíts, mosolyogj, és hagyd, hogy hulljon a hó, miközben életre kelted ezeket a mini világokat.</span></p>
<p><strong><span style="font-family: comic sans ms, sans-serif;">Miért fogod imádni:</span></strong></p>
<p><span style="font-family: comic sans ms, sans-serif;">• 25 imádnivaló és vidám karácsonyi kawaii illusztráció</span><br />
<span style="font-family: comic sans ms, sans-serif;">• Egyedi és részletgazdag minták</span><br />
<span style="font-family: comic sans ms, sans-serif;">• 8.5 x 11 inch nyomtatható oldalak (PDF letöltés)</span><br />
<span style="font-family: comic sans ms, sans-serif;">• Tökéletes felnőtteknek, tinédzsereknek és színezést szerető gyerekeknek</span><br />
<span style="font-family: comic sans ms, sans-serif;">• Remek módja a kikapcsolódásnak és az otthonos ünnepi esték élvezésének</span><br />
<span style="font-family: comic sans ms, sans-serif;">• Tökéletes stresszoldó tevékenység</span><br />
<span style="font-family: comic sans ms, sans-serif;">• Aranyos állatok, karácsonyfák és ünnepi ételek szerepelnek benne</span><br />
<span style="font-family: comic sans ms, sans-serif;">• Szórakoztató tevékenység az ünnepekre</span><br />
<span style="font-family: comic sans ms, sans-serif;">• Figyelmes ajándék mindenkinek, aki szereti a kawaii művészetet</span><br />
<span style="font-family: comic sans ms, sans-serif;">• Töltsd le azonnal, és kezdd el rögtön a színezést!</span></p>
<p><span style="font-family: comic sans ms, sans-serif;"><strong>Fontos megjegyzések:</strong><br />
</span><br />
<span style="font-family: comic sans ms, sans-serif;">• Ez egy digitális, letölthető e-könyv (PDF), amelyet otthon nyomtathatsz ki &#8211; fizikai példányt nem küldünk.</span><br />
<span style="font-family: comic sans ms, sans-serif;">• A nyomtatható fájlokon nincsenek vízjelek.</span><br />
<span style="font-family: comic sans ms, sans-serif;">• Kizárólag személyes és magáncélú használatra! Kereskedelmi felhasználás, tömeggyártás vagy viszonteladás nem megengedett.</span><br />
<span style="font-family: comic sans ms, sans-serif;">• Minden illusztráció eredeti és szerzői jogi védelem alatt áll.</span></p>
<p><span style="font-family: comic sans ms, sans-serif;">Rendeld meg most ezt a vidám színezőt, és töltsd meg az ünnepeket színekkel, kreativitással és egy kis kawaii varázslattal!</span></p>
<p><span style="font-family: comic sans ms, sans-serif;">Ha bármilyen kérdésed van, küldj nekünk üzenetet 🙂</span></p>

<p>25 szupercuki, nyomtatható kawaii karácsonyi színező lap Lépj be egy otthonos téli csodavilágba, amely tele van aranyos kawaii figurákkal, édes finomságokkal és ünnepi állatkákkal, mindezt az ünnepi varázslat övezi. Minden…</p>
