{"id":35396,"date":"2025-10-11T11:22:48","date_gmt":"2025-10-11T11:22:48","guid":{"rendered":"https:\/\/www.coloredcaramel.com\/product\/charming-christmas-a-coloring-book-for-all-ages-2\/"},"modified":"2026-09-05T12:36:53","modified_gmt":"2026-09-05T12:36:53","slug":"charming-christmas-szinezokonyv-minden-korosztalynak","status":"publish","type":"product","link":"https:\/\/www.coloredcaramel.com\/hu\/product\/charming-christmas-szinezokonyv-minden-korosztalynak\/","title":{"rendered":"Charming Christmas: sz\u00ednez\u0151k\u00f6nyv minden koroszt\u00e1lynak"},"content":{"rendered":"<p><span style=\"font-family: 'comic sans ms', sans-serif;\">A legaranyosabb kar\u00e1csonyi sz\u00ednez\u0151 lapok, egy sz\u00f3rakoztat\u00f3, kisz\u00ednezhet\u0151 adventi napt\u00e1rral!<\/span><\/p>\n<p><span style=\"font-family: 'comic sans ms', sans-serif;\">Mi\u00e9rt im\u00e1djuk:<\/span><br \/>\n<span style=\"font-family: 'comic sans ms', sans-serif;\">\u2022 Tele van aranyos \u00e9s vid\u00e1m illusztr\u00e1ci\u00f3kkal, kar\u00e1csonyi mot\u00edvumokkal, man\u00f3kkal, \u00e1llatokkal, h\u00f3emberekkel, \u00e9dess\u00e9gekkel \u00e9s m\u00e9g sok m\u00e1ssal!<\/span><br \/>\n<span style=\"font-family: 'comic sans ms', sans-serif;\">\u2022 Egy teljes PDF 35 egyedi mint\u00e1val<\/span><br \/>\n<span style=\"font-family: 'comic sans ms', sans-serif;\">\u2022 Tartalmaz egy k\u00fcl\u00f6nleges adventi napt\u00e1r sz\u00ednez\u0151 illusztr\u00e1ci\u00f3t<\/span><br \/>\n<span style=\"font-family: 'comic sans ms', sans-serif;\">\u2022 Tartalmaz egy kar\u00e1csonyi elemekkel ell\u00e1tott sz\u00ednmint\u00e1t<\/span><br \/>\n<span style=\"font-family: 'comic sans ms', sans-serif;\">\u2022 Az oldal m\u00e9rete 8.5 x 11 inch<\/span><br \/>\n<span style=\"font-family: 'comic sans ms', sans-serif;\">\u2022 T\u00f6k\u00e9letes feln\u0151tteknek \u00e9s tiniknek<\/span><br \/>\n<span style=\"font-family: 'comic sans ms', sans-serif;\">\u2022 T\u00f6k\u00e9letes stresszold\u00f3 tev\u00e9kenys\u00e9g<\/span><br \/>\n<span style=\"font-family: 'comic sans ms', sans-serif;\">\u2022 Sz\u00f3rakoztat\u00f3 elfoglalts\u00e1g az \u00fcnnepekre<\/span><br \/>\n<span style=\"font-family: 'comic sans ms', sans-serif;\">\u2022 Az aj\u00e1nd\u00e9k, amit mindenki im\u00e1dni fog!<\/span><\/p>\n<p><span style=\"font-family: 'comic sans ms', sans-serif;\">**FONTOS**<\/span><br \/>\n<span style=\"font-family: 'comic sans ms', sans-serif;\">\u2022 Ez egy let\u00f6lthet\u0151 e-k\u00f6nyv, amelyet otthon nyomtathatsz ki &#8211; fizikai p\u00e9ld\u00e1nyt nem k\u00fcld\u00fcnk post\u00e1n.<\/span><br \/>\n<span style=\"font-family: 'comic sans ms', sans-serif;\">\u2022 A let\u00f6lthet\u0151 f\u00e1jlokon nincsenek v\u00edzjelek.<\/span><br \/>\n<span style=\"font-family: 'comic sans ms', sans-serif;\">\u2022 KIZ\u00c1R\u00d3LAG SZEM\u00c9LYES\/MAG\u00c1N C\u00c9LRA haszn\u00e1lhat\u00f3! Kereskedelmi c\u00e9l\u00fa felhaszn\u00e1l\u00e1s nem enged\u00e9lyezett.<\/span><br \/>\n<span style=\"font-family: 'comic sans ms', sans-serif;\">\u2022 A k\u00f6nyv szerz\u0151i jogv\u00e9delem alatt \u00e1ll, T\u00d6MEGGY\u00c1RT\u00c1SA vagy TOV\u00c1BB\u00c9RT\u00c9KES\u00cdT\u00c9SE tilos.<\/span><br \/>\n<span style=\"font-family: 'comic sans ms', sans-serif;\">Rendeld meg ezt a J\u00c1T\u00c9KOS SZ\u00cdNEZ\u0150T MOST, \u00e9s oszd meg a KAR\u00c1CSONYI HANGULATOT!<\/span><\/p>\n<p><span style=\"font-family: 'comic sans ms', sans-serif;\">Ezekben az \u00fcnnepekben legy\u00fcnk j\u00e1t\u00e9kosak, vid\u00e1mak, nyugodtak \u00e9s kreat\u00edvak!<\/span><\/p>\n<p><span style=\"font-family: 'comic sans ms', sans-serif;\">Ha b\u00e1rmilyen k\u00e9rd\u00e9sed van, k\u00fcldj nek\u00fcnk egy \u00fczenetet \ud83d\ude42<\/span><\/p>\n","protected":false},"excerpt":{"rendered":"<p>A legaranyosabb kar\u00e1csonyi sz\u00ednez\u0151 lapok, egy sz\u00f3rakoztat\u00f3, kisz\u00ednezhet\u0151 adventi napt\u00e1rral! Mi\u00e9rt im\u00e1djuk: \u2022 Tele van aranyos \u00e9s vid\u00e1m illusztr\u00e1ci\u00f3kkal, kar\u00e1csonyi mot\u00edvumokkal, man\u00f3kkal, \u00e1llatokkal, h\u00f3emberekkel, \u00e9dess\u00e9gekkel \u00e9s m\u00e9g sok m\u00e1ssal! \u2022\u2026<\/p>\n","protected":false},"featured_media":0,"comment_status":"open","ping_status":"closed","template":"","meta":{"_acf_changed":false,"_glsr_average":0,"_glsr_ranking":0,"_glsr_reviews":0},"product_brand":[],"product_cat":[7745,7689,7657],"product_tag":[],"class_list":["post-35396","product","type-product","status-publish","product_cat-karacsony","product_cat-nincs-kategoria","product_cat-szinezok","first","instock","sold-individually","shipping-taxable","purchasable","product-type-variable"],"bundled_by":[],"bundle_stock_status":"instock","bundle_stock_quantity":null,"bundle_virtual":false,"bundle_layout":"","bundle_add_to_cart_form_location":"","bundle_editable_in_cart":false,"bundle_sold_individually_context":"","bundle_item_grouping":"","bundle_min_size":"","bundle_max_size":"","bundle_price":[],"bundled_items":[],"bundle_sell_ids":[],"acf":[],"_links":{"self":[{"href":"https:\/\/www.coloredcaramel.com\/hu\/wp-json\/wp\/v2\/product\/35396","targetHints":{"allow":["GET"]}}],"collection":[{"href":"https:\/\/www.coloredcaramel.com\/hu\/wp-json\/wp\/v2\/product"}],"about":[{"href":"https:\/\/www.coloredcaramel.com\/hu\/wp-json\/wp\/v2\/types\/product"}],"replies":[{"embeddable":true,"href":"https:\/\/www.coloredcaramel.com\/hu\/wp-json\/wp\/v2\/comments?post=35396"}],"wp:attachment":[{"href":"https:\/\/www.coloredcaramel.com\/hu\/wp-json\/wp\/v2\/media?parent=35396"}],"wp:term":[{"taxonomy":"product_brand","embeddable":true,"href":"https:\/\/www.coloredcaramel.com\/hu\/wp-json\/wp\/v2\/product_brand?post=35396"},{"taxonomy":"product_cat","embeddable":true,"href":"https:\/\/www.coloredcaramel.com\/hu\/wp-json\/wp\/v2\/product_cat?post=35396"},{"taxonomy":"product_tag","embeddable":true,"href":"https:\/\/www.coloredcaramel.com\/hu\/wp-json\/wp\/v2\/product_tag?post=35396"}],"curies":[{"name":"wp","href":"https:\/\/api.w.org\/{rel}","templated":true}]}}

Charming Christmas: színezőkönyv minden korosztálynak

<p><span style="font-family: 'comic sans ms', sans-serif;">A legaranyosabb karácsonyi színező lapok, egy szórakoztató, kiszínezhető adventi naptárral!</span></p>
<p><span style="font-family: 'comic sans ms', sans-serif;">Miért imádjuk:</span><br />
<span style="font-family: 'comic sans ms', sans-serif;">• Tele van aranyos és vidám illusztrációkkal, karácsonyi motívumokkal, manókkal, állatokkal, hóemberekkel, édességekkel és még sok mással!</span><br />
<span style="font-family: 'comic sans ms', sans-serif;">• Egy teljes PDF 35 egyedi mintával</span><br />
<span style="font-family: 'comic sans ms', sans-serif;">• Tartalmaz egy különleges adventi naptár színező illusztrációt</span><br />
<span style="font-family: 'comic sans ms', sans-serif;">• Tartalmaz egy karácsonyi elemekkel ellátott színmintát</span><br />
<span style="font-family: 'comic sans ms', sans-serif;">• Az oldal mérete 8.5 x 11 inch</span><br />
<span style="font-family: 'comic sans ms', sans-serif;">• Tökéletes felnőtteknek és tiniknek</span><br />
<span style="font-family: 'comic sans ms', sans-serif;">• Tökéletes stresszoldó tevékenység</span><br />
<span style="font-family: 'comic sans ms', sans-serif;">• Szórakoztató elfoglaltság az ünnepekre</span><br />
<span style="font-family: 'comic sans ms', sans-serif;">• Az ajándék, amit mindenki imádni fog!</span></p>
<p><span style="font-family: 'comic sans ms', sans-serif;">**FONTOS**</span><br />
<span style="font-family: 'comic sans ms', sans-serif;">• Ez egy letölthető e-könyv, amelyet otthon nyomtathatsz ki &#8211; fizikai példányt nem küldünk postán.</span><br />
<span style="font-family: 'comic sans ms', sans-serif;">• A letölthető fájlokon nincsenek vízjelek.</span><br />
<span style="font-family: 'comic sans ms', sans-serif;">• KIZÁRÓLAG SZEMÉLYES/MAGÁN CÉLRA használható! Kereskedelmi célú felhasználás nem engedélyezett.</span><br />
<span style="font-family: 'comic sans ms', sans-serif;">• A könyv szerzői jogvédelem alatt áll, TÖMEGGYÁRTÁSA vagy TOVÁBBÉRTÉKESÍTÉSE tilos.</span><br />
<span style="font-family: 'comic sans ms', sans-serif;">Rendeld meg ezt a JÁTÉKOS SZÍNEZŐT MOST, és oszd meg a KARÁCSONYI HANGULATOT!</span></p>
<p><span style="font-family: 'comic sans ms', sans-serif;">Ezekben az ünnepekben legyünk játékosak, vidámak, nyugodtak és kreatívak!</span></p>
<p><span style="font-family: 'comic sans ms', sans-serif;">Ha bármilyen kérdésed van, küldj nekünk egy üzenetet 🙂</span></p>

<p>A legaranyosabb karácsonyi színező lapok, egy szórakoztató, kiszínezhető adventi naptárral! Miért imádjuk: • Tele van aranyos és vidám illusztrációkkal, karácsonyi motívumokkal, manókkal, állatokkal, hóemberekkel, édességekkel és még sok mással! •…</p>
