{"id":35342,"date":"2025-10-09T13:10:12","date_gmt":"2025-10-09T13:10:12","guid":{"rendered":"https:\/\/www.coloredcaramel.com\/product\/hoppy-easter-cute-bold-easy-easter-coloring-book-2\/"},"modified":"2026-09-05T12:36:45","modified_gmt":"2026-09-05T12:36:45","slug":"hoppy-days-cuki-bold-easy-husveti","status":"publish","type":"product","link":"https:\/\/www.coloredcaramel.com\/hu\/product\/hoppy-days-cuki-bold-easy-husveti\/","title":{"rendered":"Hoppy Days: cuki, bold &#038; easy h\u00fasv\u00e9ti sz\u00ednez\u0151k\u00f6nyv"},"content":{"rendered":"<p><span style=\"font-family: 'comic sans ms', sans-serif;\"><strong data-start=\"178\" data-end=\"198\">Ugorj fejest a tavaszba!<\/strong><\/span><br data-start=\"198\" data-end=\"201\" \/><span style=\"font-family: 'comic sans ms', sans-serif;\"><em data-start=\"203\" data-end=\"255\">Hoppy Days: Cute, Bold &amp; Easy Easter Coloring Book<\/em> sz\u00ednez\u0151nk tele van vid\u00e1m nyuszikkal, csipog\u00f3 csib\u00e9kkel, b\u00faj\u00f3s b\u00e1r\u00e1nyokkal, tulip\u00e1nokkal, toj\u00e1sokkal \u00e9s r\u00e9p\u00e1kkal \u2013 mindez vastag, k\u00f6nnyen sz\u00ednezhet\u0151 vonalakkal.<\/span><br \/>\n<span style=\"font-family: 'comic sans ms', sans-serif;\">Egy kedves, k\u00e9perny\u0151mentes kikapcsol\u00f3d\u00e1s \u00e9s a t\u00f6k\u00e9letes h\u00fasv\u00e9ti aj\u00e1nd\u00e9k.<\/span><\/p>\n<p><span style=\"font-family: 'comic sans ms', sans-serif;\">Mi\u00e9rt fogod im\u00e1dni:<\/span><br \/>\n<span style=\"font-family: 'comic sans ms', sans-serif;\">\u2022 Vastag, k\u00f6nnyen sz\u00ednezhet\u0151 illusztr\u00e1ci\u00f3k, amik t\u00f6k\u00e9letesek a pihentet\u0151 pillanatokhoz.<\/span><br \/>\n<span style=\"font-family: 'comic sans ms', sans-serif;\">\u2022 Egy teljes PDF 40 egyedi mint\u00e1val \u2013 nincs ism\u00e9tl\u0151d\u00e9s!<\/span><br \/>\n<span style=\"font-family: 'comic sans ms', sans-serif;\">\u2022 Az oldalm\u00e9ret 8.5 x 8.5 inch &#8211; a legjobb 8.5 x 11 inch m\u00e9ret\u0171 pap\u00edrra nyomtatni.<\/span><br \/>\n<span style=\"font-family: 'comic sans ms', sans-serif;\">\u2022 T\u00f6k\u00e9letes feln\u0151tteknek \u00e9s tiniknek, akik im\u00e1dnak sz\u00ednezni.<\/span><br \/>\n<span style=\"font-family: 'comic sans ms', sans-serif;\">\u2022 Hangol\u00f3dj a tavaszra nyugtat\u00f3 \u00e9s kreat\u00edv pillanatokkal.<\/span><br \/>\n<span style=\"font-family: 'comic sans ms', sans-serif;\">\u2022 Gy\u00f6ny\u00f6r\u0171 aj\u00e1nd\u00e9k.<\/span><\/p>\n<p><span style=\"font-family: 'comic sans ms', sans-serif;\">**FONTOS**<\/span><br \/>\n<span style=\"font-family: 'comic sans ms', sans-serif;\">\u2022 Ez egy let\u00f6lthet\u0151 e-k\u00f6nyv, amit otthon tudsz kinyomtatni &#8211; fizikai p\u00e9ld\u00e1nyt nem k\u00fcld\u00fcnk.<\/span><br \/>\n<span style=\"font-family: 'comic sans ms', sans-serif;\">\u2022 KIZ\u00c1R\u00d3LAG SZEM\u00c9LYES\/MAG\u00c1N c\u00e9lra! Kereskedelmi felhaszn\u00e1l\u00e1s nem enged\u00e9lyezett.<\/span><br \/>\n<span style=\"font-family: 'comic sans ms', sans-serif;\">\u2022 A k\u00f6nyv szerz\u0151i jogv\u00e9delem alatt \u00e1ll, T\u00d6MEGGY\u00c1RT\u00c1SA \u00e9s TOV\u00c1BB\u00c9RT\u00c9KES\u00cdT\u00c9SE tilos.<\/span><\/p>\n<p><span style=\"font-family: 'comic sans ms', sans-serif;\">Szerezd be a p\u00e9ld\u00e1nyodat m\u00e9g ma, \u00e9s keltsd \u00e9letre ezeket az aranyos h\u00fasv\u00e9ti oldalakat!<\/span><\/p>\n<p><span style=\"font-family: 'comic sans ms', sans-serif;\">Ha b\u00e1rmilyen k\u00e9rd\u00e9sed van, k\u00fcldj nek\u00fcnk egy \u00fczenetet \ud83d\ude42<\/span><\/p>\n","protected":false},"excerpt":{"rendered":"<p>Ugorj fejest a tavaszba!Hoppy Days: Cute, Bold &amp; Easy Easter Coloring Book sz\u00ednez\u0151nk tele van vid\u00e1m nyuszikkal, csipog\u00f3 csib\u00e9kkel, b\u00faj\u00f3s b\u00e1r\u00e1nyokkal, tulip\u00e1nokkal, toj\u00e1sokkal \u00e9s r\u00e9p\u00e1kkal \u2013 mindez vastag, k\u00f6nnyen sz\u00ednezhet\u0151\u2026<\/p>\n","protected":false},"featured_media":0,"comment_status":"open","ping_status":"closed","template":"","meta":{"_acf_changed":false,"_glsr_average":0,"_glsr_ranking":0,"_glsr_reviews":0},"product_brand":[],"product_cat":[7769,7657],"product_tag":[],"class_list":["post-35342","product","type-product","status-publish","product_cat-husvet","product_cat-szinezok","first","instock","sold-individually","shipping-taxable","purchasable","product-type-variable"],"bundled_by":[],"bundle_stock_status":"instock","bundle_stock_quantity":null,"bundle_virtual":false,"bundle_layout":"","bundle_add_to_cart_form_location":"","bundle_editable_in_cart":false,"bundle_sold_individually_context":"","bundle_item_grouping":"","bundle_min_size":"","bundle_max_size":"","bundle_price":[],"bundled_items":[],"bundle_sell_ids":[],"acf":[],"_links":{"self":[{"href":"https:\/\/www.coloredcaramel.com\/hu\/wp-json\/wp\/v2\/product\/35342","targetHints":{"allow":["GET"]}}],"collection":[{"href":"https:\/\/www.coloredcaramel.com\/hu\/wp-json\/wp\/v2\/product"}],"about":[{"href":"https:\/\/www.coloredcaramel.com\/hu\/wp-json\/wp\/v2\/types\/product"}],"replies":[{"embeddable":true,"href":"https:\/\/www.coloredcaramel.com\/hu\/wp-json\/wp\/v2\/comments?post=35342"}],"wp:attachment":[{"href":"https:\/\/www.coloredcaramel.com\/hu\/wp-json\/wp\/v2\/media?parent=35342"}],"wp:term":[{"taxonomy":"product_brand","embeddable":true,"href":"https:\/\/www.coloredcaramel.com\/hu\/wp-json\/wp\/v2\/product_brand?post=35342"},{"taxonomy":"product_cat","embeddable":true,"href":"https:\/\/www.coloredcaramel.com\/hu\/wp-json\/wp\/v2\/product_cat?post=35342"},{"taxonomy":"product_tag","embeddable":true,"href":"https:\/\/www.coloredcaramel.com\/hu\/wp-json\/wp\/v2\/product_tag?post=35342"}],"curies":[{"name":"wp","href":"https:\/\/api.w.org\/{rel}","templated":true}]}}

Hoppy Days: cuki, bold &#038; easy húsvéti színezőkönyv

<p><span style="font-family: 'comic sans ms', sans-serif;"><strong data-start="178" data-end="198">Ugorj fejest a tavaszba!</strong></span><br data-start="198" data-end="201" /><span style="font-family: 'comic sans ms', sans-serif;"><em data-start="203" data-end="255">Hoppy Days: Cute, Bold &amp; Easy Easter Coloring Book</em> színezőnk tele van vidám nyuszikkal, csipogó csibékkel, bújós bárányokkal, tulipánokkal, tojásokkal és répákkal – mindez vastag, könnyen színezhető vonalakkal.</span><br />
<span style="font-family: 'comic sans ms', sans-serif;">Egy kedves, képernyőmentes kikapcsolódás és a tökéletes húsvéti ajándék.</span></p>
<p><span style="font-family: 'comic sans ms', sans-serif;">Miért fogod imádni:</span><br />
<span style="font-family: 'comic sans ms', sans-serif;">• Vastag, könnyen színezhető illusztrációk, amik tökéletesek a pihentető pillanatokhoz.</span><br />
<span style="font-family: 'comic sans ms', sans-serif;">• Egy teljes PDF 40 egyedi mintával – nincs ismétlődés!</span><br />
<span style="font-family: 'comic sans ms', sans-serif;">• Az oldalméret 8.5 x 8.5 inch &#8211; a legjobb 8.5 x 11 inch méretű papírra nyomtatni.</span><br />
<span style="font-family: 'comic sans ms', sans-serif;">• Tökéletes felnőtteknek és tiniknek, akik imádnak színezni.</span><br />
<span style="font-family: 'comic sans ms', sans-serif;">• Hangolódj a tavaszra nyugtató és kreatív pillanatokkal.</span><br />
<span style="font-family: 'comic sans ms', sans-serif;">• Gyönyörű ajándék.</span></p>
<p><span style="font-family: 'comic sans ms', sans-serif;">**FONTOS**</span><br />
<span style="font-family: 'comic sans ms', sans-serif;">• Ez egy letölthető e-könyv, amit otthon tudsz kinyomtatni &#8211; fizikai példányt nem küldünk.</span><br />
<span style="font-family: 'comic sans ms', sans-serif;">• KIZÁRÓLAG SZEMÉLYES/MAGÁN célra! Kereskedelmi felhasználás nem engedélyezett.</span><br />
<span style="font-family: 'comic sans ms', sans-serif;">• A könyv szerzői jogvédelem alatt áll, TÖMEGGYÁRTÁSA és TOVÁBBÉRTÉKESÍTÉSE tilos.</span></p>
<p><span style="font-family: 'comic sans ms', sans-serif;">Szerezd be a példányodat még ma, és keltsd életre ezeket az aranyos húsvéti oldalakat!</span></p>
<p><span style="font-family: 'comic sans ms', sans-serif;">Ha bármilyen kérdésed van, küldj nekünk egy üzenetet 🙂</span></p>

<p>Ugorj fejest a tavaszba!Hoppy Days: Cute, Bold &amp; Easy Easter Coloring Book színezőnk tele van vidám nyuszikkal, csipogó csibékkel, bújós bárányokkal, tulipánokkal, tojásokkal és répákkal – mindez vastag, könnyen színezhető…</p>
