{"id":35207,"date":"2025-08-09T14:01:32","date_gmt":"2025-08-09T14:01:32","guid":{"rendered":"https:\/\/www.coloredcaramel.com\/product\/cozy-halloween-coloring-book-3\/"},"modified":"2026-09-05T12:36:42","modified_gmt":"2026-09-05T12:36:42","slug":"cute-spookies-otthonos-halloweeni-szinezokonyv","status":"publish","type":"product","link":"https:\/\/www.coloredcaramel.com\/hu\/product\/cute-spookies-otthonos-halloweeni-szinezokonyv\/","title":{"rendered":"Cute Spookies: otthonos halloweeni sz\u00ednez\u0151k\u00f6nyv"},"content":{"rendered":"<p><span style=\"font-family: 'comic sans ms', sans-serif;\">Teremts otthonos hangulatot a k\u00eds\u00e9rtetiesen cuki szezonban ezzel a j\u00e1t\u00e9kos \u00e9s otthonos halloweeni sz\u00ednez\u0151vel! A Cute Spookies t\u00f6k\u00e9letes mindenkinek, aki szereti az aranyos szellemeket, a var\u00e1zslatos l\u00e9nyeket \u00e9s egy csipetnyi k\u00eds\u00e9rteties b\u00e1jat \u2013 ezzel a k\u00f6nyvvel a sz\u00ednez\u00e9s m\u00e9g var\u00e1zslatosabb\u00e1 v\u00e1lik.<\/span><\/p>\n<p><span style=\"font-family: 'comic sans ms', sans-serif;\">Az im\u00e1dnival\u00f3 t\u00f6kfej\u0171 kisl\u00e1nyokt\u00f3l \u00e9s a j\u00e1t\u00e9kos fekete macsk\u00e1kt\u00f3l kezdve a bar\u00e1ts\u00e1gos kis szellemekig \u00e9s a b\u00e1josan k\u00eds\u00e9rteties zugokig \u2013 ezek az oldalak mosolyt, kikapcsol\u00f3d\u00e1st \u00e9s egy kis \u201eh\u00fa\u00fa\u00fa\u201d \u00e9rz\u00e9st hoznak a napodba.<\/span><\/p>\n<p><span style=\"font-family: 'comic sans ms', sans-serif;\">Mit tal\u00e1lsz benne:<\/span><br \/>\n<span style=\"font-family: 'comic sans ms', sans-serif;\">\u2022 40 eredeti, k\u00eds\u00e9rtetiesen cuki illusztr\u00e1ci\u00f3 \u2013 otthonos, var\u00e1zslatos \u00e9s tele b\u00e1jjal<\/span><br \/>\n<span style=\"font-family: 'comic sans ms', sans-serif;\">\u2022 Im\u00e1dnival\u00f3 szellemek, t\u00f6kfigur\u00e1k, macsk\u00e1k, apr\u00f3 \u00e1llatk\u00e1k \u00e9s m\u00e9g sok m\u00e1s kever\u00e9ke<\/span><br \/>\n<span style=\"font-family: 'comic sans ms', sans-serif;\">\u2022 Kiv\u00e1l\u00f3 min\u0151s\u00e9g\u0171 oldalak (8.5 x 11 inch)<\/span><br \/>\n<span style=\"font-family: 'comic sans ms', sans-serif;\">\u2022 Tartalmaz egy \u201eEz a sz\u00ednez\u0151 a k\u00f6vetkez\u0151\u00e9\u201d oldalt<\/span><br \/>\n<span style=\"font-family: 'comic sans ms', sans-serif;\">\u2022 B\u00f3nusz sz\u00ednpr\u00f3b\u00e1l\u00f3 oldalak, hogy kipr\u00f3b\u00e1lhasd a sz\u00edneidet, miel\u0151tt belekezden\u00e9l<\/span><\/p>\n<p><span style=\"font-family: 'comic sans ms', sans-serif;\">Ez az otthonos halloweeni sz\u00ednez\u0151 t\u00f6k\u00e9letes:<\/span><br \/>\n<span style=\"font-family: 'comic sans ms', sans-serif;\">\u2022 Mindenkinek, aki szereti az otthonos \u00e9s cuki dolgokat egy kis k\u00eds\u00e9rteties csavarral<\/span><br \/>\n<span style=\"font-family: 'comic sans ms', sans-serif;\">\u2022 Kreat\u00edv stresszold\u00e1shoz \u00e9s tudatos kikapcsol\u00f3d\u00e1shoz<\/span><br \/>\n<span style=\"font-family: 'comic sans ms', sans-serif;\">\u2022 Azoknak a halloween-rajong\u00f3knak, akik szeretn\u00e9k, ha ez a szezon eg\u00e9sz \u00e9vben tartana<\/span><br \/>\n<span style=\"font-family: 'comic sans ms', sans-serif;\">\u2022 Aj\u00e1nd\u00e9knak azoknak a bar\u00e1toknak, akik szeretik a j\u00e1t\u00e9kos m\u0171v\u00e9szetet<\/span><\/p>\n<p><span style=\"font-family: 'comic sans ms', sans-serif;\">Fontos megjegyz\u00e9sek:<\/span><br \/>\n<span style=\"font-family: 'comic sans ms', sans-serif;\">\u2022 Kaphat\u00f3 puhafedeles \u00e9s digit\u00e1lis PDF form\u00e1tumban<\/span><br \/>\n<span style=\"font-family: 'comic sans ms', sans-serif;\">\u2022 Kiz\u00e1r\u00f3lag szem\u00e9lyes haszn\u00e1latra , viszontelad\u00e1sra \u00e9s kereskedelmi c\u00e9lra nem haszn\u00e1lhat\u00f3<\/span><\/p>\n<p><span style=\"font-family: 'comic sans ms', sans-serif;\">Rendelj most, \u00e9s \u00e9lvezd eg\u00e9sz \u00e9vben az otthonos, cuki \u00e9s k\u00eds\u00e9rteties sz\u00f3rakoz\u00e1s vil\u00e1g\u00e1t! \ud83d\udc7b\ud83e\udde1<\/span><\/p>\n","protected":false},"excerpt":{"rendered":"<p>Otthonos kikapcsol\u00f3d\u00e1s feln\u0151tteknek \u00e9s tiniknek.<\/p>\n","protected":false},"featured_media":0,"comment_status":"open","ping_status":"closed","template":"","meta":{"_acf_changed":false,"_glsr_average":0,"_glsr_ranking":0,"_glsr_reviews":0},"product_brand":[],"product_cat":[7761,7721,7657],"product_tag":[],"class_list":["post-35207","product","type-product","status-publish","product_cat-halloween","product_cat-kawaii","product_cat-szinezok","first","instock","sold-individually","shipping-taxable","purchasable","product-type-variable"],"bundled_by":[],"bundle_stock_status":"instock","bundle_stock_quantity":null,"bundle_virtual":false,"bundle_layout":"","bundle_add_to_cart_form_location":"","bundle_editable_in_cart":false,"bundle_sold_individually_context":"","bundle_item_grouping":"","bundle_min_size":"","bundle_max_size":"","bundle_price":[],"bundled_items":[],"bundle_sell_ids":[],"acf":[],"_links":{"self":[{"href":"https:\/\/www.coloredcaramel.com\/hu\/wp-json\/wp\/v2\/product\/35207","targetHints":{"allow":["GET"]}}],"collection":[{"href":"https:\/\/www.coloredcaramel.com\/hu\/wp-json\/wp\/v2\/product"}],"about":[{"href":"https:\/\/www.coloredcaramel.com\/hu\/wp-json\/wp\/v2\/types\/product"}],"replies":[{"embeddable":true,"href":"https:\/\/www.coloredcaramel.com\/hu\/wp-json\/wp\/v2\/comments?post=35207"}],"wp:attachment":[{"href":"https:\/\/www.coloredcaramel.com\/hu\/wp-json\/wp\/v2\/media?parent=35207"}],"wp:term":[{"taxonomy":"product_brand","embeddable":true,"href":"https:\/\/www.coloredcaramel.com\/hu\/wp-json\/wp\/v2\/product_brand?post=35207"},{"taxonomy":"product_cat","embeddable":true,"href":"https:\/\/www.coloredcaramel.com\/hu\/wp-json\/wp\/v2\/product_cat?post=35207"},{"taxonomy":"product_tag","embeddable":true,"href":"https:\/\/www.coloredcaramel.com\/hu\/wp-json\/wp\/v2\/product_tag?post=35207"}],"curies":[{"name":"wp","href":"https:\/\/api.w.org\/{rel}","templated":true}]}}

Cute Spookies: otthonos halloweeni színezőkönyv

<p><span style="font-family: 'comic sans ms', sans-serif;">Teremts otthonos hangulatot a kísértetiesen cuki szezonban ezzel a játékos és otthonos halloweeni színezővel! A Cute Spookies tökéletes mindenkinek, aki szereti az aranyos szellemeket, a varázslatos lényeket és egy csipetnyi kísérteties bájat – ezzel a könyvvel a színezés még varázslatosabbá válik.</span></p>
<p><span style="font-family: 'comic sans ms', sans-serif;">Az imádnivaló tökfejű kislányoktól és a játékos fekete macskáktól kezdve a barátságos kis szellemekig és a bájosan kísérteties zugokig – ezek az oldalak mosolyt, kikapcsolódást és egy kis „húúú” érzést hoznak a napodba.</span></p>
<p><span style="font-family: 'comic sans ms', sans-serif;">Mit találsz benne:</span><br />
<span style="font-family: 'comic sans ms', sans-serif;">• 40 eredeti, kísértetiesen cuki illusztráció – otthonos, varázslatos és tele bájjal</span><br />
<span style="font-family: 'comic sans ms', sans-serif;">• Imádnivaló szellemek, tökfigurák, macskák, apró állatkák és még sok más keveréke</span><br />
<span style="font-family: 'comic sans ms', sans-serif;">• Kiváló minőségű oldalak (8.5 x 11 inch)</span><br />
<span style="font-family: 'comic sans ms', sans-serif;">• Tartalmaz egy „Ez a színező a következőé” oldalt</span><br />
<span style="font-family: 'comic sans ms', sans-serif;">• Bónusz színpróbáló oldalak, hogy kipróbálhasd a színeidet, mielőtt belekezdenél</span></p>
<p><span style="font-family: 'comic sans ms', sans-serif;">Ez az otthonos halloweeni színező tökéletes:</span><br />
<span style="font-family: 'comic sans ms', sans-serif;">• Mindenkinek, aki szereti az otthonos és cuki dolgokat egy kis kísérteties csavarral</span><br />
<span style="font-family: 'comic sans ms', sans-serif;">• Kreatív stresszoldáshoz és tudatos kikapcsolódáshoz</span><br />
<span style="font-family: 'comic sans ms', sans-serif;">• Azoknak a halloween-rajongóknak, akik szeretnék, ha ez a szezon egész évben tartana</span><br />
<span style="font-family: 'comic sans ms', sans-serif;">• Ajándéknak azoknak a barátoknak, akik szeretik a játékos művészetet</span></p>
<p><span style="font-family: 'comic sans ms', sans-serif;">Fontos megjegyzések:</span><br />
<span style="font-family: 'comic sans ms', sans-serif;">• Kapható puhafedeles és digitális PDF formátumban</span><br />
<span style="font-family: 'comic sans ms', sans-serif;">• Kizárólag személyes használatra , viszonteladásra és kereskedelmi célra nem használható</span></p>
<p><span style="font-family: 'comic sans ms', sans-serif;">Rendelj most, és élvezd egész évben az otthonos, cuki és kísérteties szórakozás világát! 👻🧡</span></p>

<p>Otthonos kikapcsolódás felnőtteknek és tiniknek.</p>
