{"id":35072,"date":"2025-06-20T08:41:35","date_gmt":"2025-06-20T08:41:35","guid":{"rendered":"https:\/\/www.coloredcaramel.com\/product\/my-go-to-cut-out-and-test-swatch-book-2\/"},"modified":"2026-09-05T12:36:33","modified_gmt":"2026-09-05T12:36:33","slug":"a-kedvenc-kivagos-es-szinminta-probalo-konyvem","status":"publish","type":"product","link":"https:\/\/www.coloredcaramel.com\/hu\/product\/a-kedvenc-kivagos-es-szinminta-probalo-konyvem\/","title":{"rendered":"A kedvenc kiv\u00e1g\u00f3s \u00e9s sz\u00ednminta-pr\u00f3b\u00e1l\u00f3 k\u00f6nyvem"},"content":{"rendered":"<p><span style=\"font-family: 'comic sans ms', sans-serif;\">Ezek a cuki lapok t\u00f6k\u00e9letesek arra, hogy magad mellett tartsd \u0151ket, mik\u00f6zben b\u00e1rmilyen k\u00f6nyvet sz\u00ednezel. Az im\u00e1dnival\u00f3 sz\u00ednminta-elemekkel kipr\u00f3b\u00e1lhatod a haszn\u00e1lni k\u00edv\u00e1nt sz\u00edneket, megn\u00e9zheted, hogyan keverednek a hib\u00e1tlan sz\u00edn\u00e1tmenetekhez, \u00e9s k\u00fcl\u00f6nb\u00f6z\u0151 mint\u00e1kat is tesztelhetsz. Firk\u00e1l\u00e1sra \u00e9s jegyzetekre is van hely \u2013 ez mindig j\u00f3l j\u00f6n!<\/span><\/p>\n<p><span style=\"font-family: 'comic sans ms', sans-serif;\">Ha szeretn\u00e9d, az oldalakat kisebb darabokra is v\u00e1ghatod, \u00edgy mindig k\u00e9zn\u00e9l lesznek ahhoz az oldalhoz, amit \u00e9pp sz\u00ednezel.<\/span><\/p>\n<p><span style=\"font-family: 'comic sans ms', sans-serif;\">Mi\u00e9rt im\u00e1djuk?<\/span><br \/>\n<span style=\"font-family: 'comic sans ms', sans-serif;\">\u2022 Minden egyben \u201ebiztons\u00e1gi\u201d lap a k\u00f6vetkez\u0151 sz\u00ednez\u0151s projektedhez: hely a sz\u00ednek kipr\u00f3b\u00e1l\u00e1s\u00e1ra, a sz\u00edn\u00e1tmenetekkel val\u00f3 j\u00e1t\u00e9kra \u00e9s a mint\u00e1k gyakorl\u00e1s\u00e1ra.<\/span><br \/>\n<span style=\"font-family: 'comic sans ms', sans-serif;\">\u2022 K\u00fcl\u00f6n r\u00e9sz a firk\u00e1l\u00e1shoz, \u00edgy m\u00e1r nincs sz\u00fcks\u00e9ged halomnyi pap\u00edrfecnire. \ud83d\ude42<\/span><br \/>\n<span style=\"font-family: 'comic sans ms', sans-serif;\">\u2022 Azonnal let\u00f6lthet\u0151 PDF (8.5 \u00d7 8.5 inch).<\/span><br \/>\n<span style=\"font-family: 'comic sans ms', sans-serif;\">\u2022 14 szupercuki elem \u2013 minden elem h\u00e1rom oldalon tal\u00e1lhat\u00f3:<\/span><br \/>\n<span style=\"font-family: 'comic sans ms', sans-serif;\">\u2022 K\u00e9t oldal, ahol hely van sz\u00ednmint\u00e1kra, sz\u00edn\u00e1tmenetek tesztel\u00e9s\u00e9re \u00e9s firk\u00e1l\u00e1sra.<\/span><br \/>\n<span style=\"font-family: 'comic sans ms', sans-serif;\">\u2022 Egy oldal, amelynek egy r\u00e9sze kifejezetten sz\u00ednmint\u00e1kra, sz\u00edn\u00e1tmenetekre \u00e9s mint\u00e1k gyakorl\u00e1s\u00e1ra szolg\u00e1l.<\/span><br \/>\n<span style=\"font-family: 'comic sans ms', sans-serif;\">\u2022 Az oldalakat kisebb darabokra v\u00e1ghatod, \u00e9s szem el\u0151tt tarthatod sz\u00ednez\u00e9s k\u00f6zben.<\/span><br \/>\n<span style=\"font-family: 'comic sans ms', sans-serif;\">\u2022 Vastag vonalak a k\u00f6nny\u0171 sz\u00ednez\u00e9s\u00e9rt.<\/span><br \/>\n<span style=\"font-family: 'comic sans ms', sans-serif;\">\u2022 T\u00f6k\u00e9letes aj\u00e1nd\u00e9k minden sz\u00ednez\u00e9s-rajong\u00f3nak.<\/span><\/p>\n<p><span style=\"font-family: 'comic sans ms', sans-serif;\">N\u00e9zd meg a sz\u00ednez\u0151inket:<\/span><br \/>\n<span style=\"font-family: 'comic sans ms', sans-serif;\">https:\/\/www.etsy.com\/shop\/ColoredCaramel?ref=seller-platform-mcnav&amp;section_id=32474648<\/span><\/p>\n<p><span style=\"font-family: 'comic sans ms', sans-serif;\">N\u00e9zd meg a t\u00f6bbi szuper term\u00e9k\u00fcnket is:<\/span><br \/>\n<span style=\"font-family: 'comic sans ms', sans-serif;\">https:\/\/www.etsy.com\/shop\/ColoredCaramel<\/span><\/p>\n<p><span style=\"font-family: 'comic sans ms', sans-serif;\">**FONTOS**<\/span><br \/>\n<span style=\"font-family: 'comic sans ms', sans-serif;\">\u2022 Ez egy let\u00f6lthet\u0151 PDF, amit otthon nyomtathatsz ki \u2013 fizikai p\u00e9ld\u00e1nyt nem k\u00fcld\u00fcnk.<\/span><br \/>\n<span style=\"font-family: 'comic sans ms', sans-serif;\">\u2022 A let\u00f6lthet\u0151 f\u00e1jlokon nincsenek v\u00edzjelek.<\/span><br \/>\n<span style=\"font-family: 'comic sans ms', sans-serif;\">\u2022 KIZ\u00c1R\u00d3LAG SZEM\u00c9LYES\/MAG\u00c1N c\u00e9lra haszn\u00e1lhat\u00f3! Kereskedelmi c\u00e9l\u00fa felhaszn\u00e1l\u00e1s nem megengedett.<\/span><br \/>\n<span style=\"font-family: 'comic sans ms', sans-serif;\">\u2022 A k\u00f6nyv szerz\u0151i jogv\u00e9delem alatt \u00e1ll, ez\u00e9rt T\u00d6MEGGY\u00c1RT\u00c1SA vagy TOV\u00c1BB\u00c9RT\u00c9KES\u00cdT\u00c9SE tilos.<\/span><\/p>\n<p><span style=\"font-family: 'comic sans ms', sans-serif;\">Rendeld meg ezeket a cuki sz\u00ednmint\u00e1kat, \u00e9s kezdj el sz\u00ednezni!<\/span><\/p>\n<p><span style=\"font-family: 'comic sans ms', sans-serif;\">Ha b\u00e1rmilyen k\u00e9rd\u00e9sed van, k\u00fcldj nek\u00fcnk \u00fczenetet! \ud83d\ude42<\/span><\/p>\n","protected":false},"excerpt":{"rendered":"<p>Aranyos oldalak sz\u00ednpr\u00f3b\u00e1hoz, mintaj\u00e1t\u00e9khoz \u00e9s szabad firk\u00e1l\u00e1shoz<\/p>\n","protected":false},"featured_media":35996,"comment_status":"open","ping_status":"closed","template":"","meta":{"_acf_changed":false,"_glsr_average":0,"_glsr_ranking":0,"_glsr_reviews":0},"product_brand":[],"product_cat":[7785,7713,7793,7657],"product_tag":[],"class_list":["post-35072","product","type-product","status-publish","has-post-thumbnail","product_cat-gyakorlas","product_cat-aktivitas","product_cat-relaxacio","product_cat-szinezok","first","instock","sold-individually","shipping-taxable","purchasable","product-type-variable"],"bundled_by":[],"bundle_stock_status":"instock","bundle_stock_quantity":null,"bundle_virtual":false,"bundle_layout":"","bundle_add_to_cart_form_location":"","bundle_editable_in_cart":false,"bundle_sold_individually_context":"","bundle_item_grouping":"","bundle_min_size":"","bundle_max_size":"","bundle_price":[],"bundled_items":[],"bundle_sell_ids":[],"acf":[],"_links":{"self":[{"href":"https:\/\/www.coloredcaramel.com\/hu\/wp-json\/wp\/v2\/product\/35072","targetHints":{"allow":["GET"]}}],"collection":[{"href":"https:\/\/www.coloredcaramel.com\/hu\/wp-json\/wp\/v2\/product"}],"about":[{"href":"https:\/\/www.coloredcaramel.com\/hu\/wp-json\/wp\/v2\/types\/product"}],"replies":[{"embeddable":true,"href":"https:\/\/www.coloredcaramel.com\/hu\/wp-json\/wp\/v2\/comments?post=35072"}],"wp:featuredmedia":[{"embeddable":true,"href":"https:\/\/www.coloredcaramel.com\/hu\/wp-json\/wp\/v2\/media\/35996"}],"wp:attachment":[{"href":"https:\/\/www.coloredcaramel.com\/hu\/wp-json\/wp\/v2\/media?parent=35072"}],"wp:term":[{"taxonomy":"product_brand","embeddable":true,"href":"https:\/\/www.coloredcaramel.com\/hu\/wp-json\/wp\/v2\/product_brand?post=35072"},{"taxonomy":"product_cat","embeddable":true,"href":"https:\/\/www.coloredcaramel.com\/hu\/wp-json\/wp\/v2\/product_cat?post=35072"},{"taxonomy":"product_tag","embeddable":true,"href":"https:\/\/www.coloredcaramel.com\/hu\/wp-json\/wp\/v2\/product_tag?post=35072"}],"curies":[{"name":"wp","href":"https:\/\/api.w.org\/{rel}","templated":true}]}}

A kedvenc kivágós és színminta-próbáló könyvem

<p><span style="font-family: 'comic sans ms', sans-serif;">Ezek a cuki lapok tökéletesek arra, hogy magad mellett tartsd őket, miközben bármilyen könyvet színezel. Az imádnivaló színminta-elemekkel kipróbálhatod a használni kívánt színeket, megnézheted, hogyan keverednek a hibátlan színátmenetekhez, és különböző mintákat is tesztelhetsz. Firkálásra és jegyzetekre is van hely – ez mindig jól jön!</span></p>
<p><span style="font-family: 'comic sans ms', sans-serif;">Ha szeretnéd, az oldalakat kisebb darabokra is vághatod, így mindig kéznél lesznek ahhoz az oldalhoz, amit épp színezel.</span></p>
<p><span style="font-family: 'comic sans ms', sans-serif;">Miért imádjuk?</span><br />
<span style="font-family: 'comic sans ms', sans-serif;">• Minden egyben „biztonsági” lap a következő színezős projektedhez: hely a színek kipróbálására, a színátmenetekkel való játékra és a minták gyakorlására.</span><br />
<span style="font-family: 'comic sans ms', sans-serif;">• Külön rész a firkáláshoz, így már nincs szükséged halomnyi papírfecnire. 🙂</span><br />
<span style="font-family: 'comic sans ms', sans-serif;">• Azonnal letölthető PDF (8.5 × 8.5 inch).</span><br />
<span style="font-family: 'comic sans ms', sans-serif;">• 14 szupercuki elem – minden elem három oldalon található:</span><br />
<span style="font-family: 'comic sans ms', sans-serif;">• Két oldal, ahol hely van színmintákra, színátmenetek tesztelésére és firkálásra.</span><br />
<span style="font-family: 'comic sans ms', sans-serif;">• Egy oldal, amelynek egy része kifejezetten színmintákra, színátmenetekre és minták gyakorlására szolgál.</span><br />
<span style="font-family: 'comic sans ms', sans-serif;">• Az oldalakat kisebb darabokra vághatod, és szem előtt tarthatod színezés közben.</span><br />
<span style="font-family: 'comic sans ms', sans-serif;">• Vastag vonalak a könnyű színezésért.</span><br />
<span style="font-family: 'comic sans ms', sans-serif;">• Tökéletes ajándék minden színezés-rajongónak.</span></p>
<p><span style="font-family: 'comic sans ms', sans-serif;">Nézd meg a színezőinket:</span><br />
<span style="font-family: 'comic sans ms', sans-serif;">https://www.etsy.com/shop/ColoredCaramel?ref=seller-platform-mcnav&amp;section_id=32474648</span></p>
<p><span style="font-family: 'comic sans ms', sans-serif;">Nézd meg a többi szuper termékünket is:</span><br />
<span style="font-family: 'comic sans ms', sans-serif;">https://www.etsy.com/shop/ColoredCaramel</span></p>
<p><span style="font-family: 'comic sans ms', sans-serif;">**FONTOS**</span><br />
<span style="font-family: 'comic sans ms', sans-serif;">• Ez egy letölthető PDF, amit otthon nyomtathatsz ki – fizikai példányt nem küldünk.</span><br />
<span style="font-family: 'comic sans ms', sans-serif;">• A letölthető fájlokon nincsenek vízjelek.</span><br />
<span style="font-family: 'comic sans ms', sans-serif;">• KIZÁRÓLAG SZEMÉLYES/MAGÁN célra használható! Kereskedelmi célú felhasználás nem megengedett.</span><br />
<span style="font-family: 'comic sans ms', sans-serif;">• A könyv szerzői jogvédelem alatt áll, ezért TÖMEGGYÁRTÁSA vagy TOVÁBBÉRTÉKESÍTÉSE tilos.</span></p>
<p><span style="font-family: 'comic sans ms', sans-serif;">Rendeld meg ezeket a cuki színmintákat, és kezdj el színezni!</span></p>
<p><span style="font-family: 'comic sans ms', sans-serif;">Ha bármilyen kérdésed van, küldj nekünk üzenetet! 🙂</span></p>

<p>Aranyos oldalak színpróbához, mintajátékhoz és szabad firkáláshoz</p>
