{"id":34991,"date":"2025-06-09T08:57:01","date_gmt":"2025-06-09T08:57:01","guid":{"rendered":"https:\/\/www.coloredcaramel.com\/product\/my-quiet-time-sweet-relaxing-coloring-book-for-cozy-girls-2\/"},"modified":"2026-09-05T12:36:31","modified_gmt":"2026-09-05T12:36:31","slug":"my-quiet-time-edes-es-pihenteto-szinezo","status":"publish","type":"product","link":"https:\/\/www.coloredcaramel.com\/hu\/product\/my-quiet-time-edes-es-pihenteto-szinezo\/","title":{"rendered":"My Quiet Time: \u00e9des \u00e9s pihentet\u0151 sz\u00ednez\u0151 otthonos l\u00e1nyoknak"},"content":{"rendered":"<p><span style=\"font-family: 'comic sans ms', sans-serif;\">Teremtsd meg a saj\u00e1t otthonos vil\u00e1godat ebben a pihentet\u0151 sz\u00ednez\u0151ben!\u00a0<\/span><\/p>\n<p><span style=\"font-family: 'comic sans ms', sans-serif;\">Mi\u00e9rt fogod im\u00e1dni:<\/span><br \/>\n<span style=\"font-family: 'comic sans ms', sans-serif;\">\u2022 Vastag vonalas, k\u00f6nnyen sz\u00ednezhet\u0151 illusztr\u00e1ci\u00f3k, t\u00f6k\u00e9letesek a pihentet\u0151 pillanatokhoz.<\/span><br \/>\n<span style=\"font-family: 'comic sans ms', sans-serif;\">\u2022 Egy teljes PDF 40 egyedi mint\u00e1val &#8211; nincs ism\u00e9tl\u0151d\u00e9s!<\/span><br \/>\n<span style=\"font-family: 'comic sans ms', sans-serif;\">\u2022 Az oldal m\u00e9rete 8.5 x 8.5 inch &#8211; a legjobb 8.5 x 11 inch m\u00e9ret\u0171 pap\u00edrra nyomtatni.<\/span><br \/>\n<span style=\"font-family: 'comic sans ms', sans-serif;\">\u2022 T\u00f6k\u00e9letes feln\u0151tteknek \u00e9s tiniknek, akik szeretik az otthonos, csajos t\u00e9m\u00e1kat.<\/span><br \/>\n<span style=\"font-family: 'comic sans ms', sans-serif;\">\u2022 \u00c9lvezd a csendes perceket megnyugtat\u00f3 \u00e9s kreat\u00edv pillanatokkal.<\/span><br \/>\n<span style=\"font-family: 'comic sans ms', sans-serif;\">\u2022 Gy\u00f6ny\u00f6r\u0171 aj\u00e1nd\u00e9k.<\/span><\/p>\n<p><span style=\"font-family: 'comic sans ms', sans-serif;\">**FONTOS**<\/span><br \/>\n<span style=\"font-family: 'comic sans ms', sans-serif;\">\u2022 Ez egy let\u00f6lthet\u0151 e-k\u00f6nyv, amit otthon tudsz kinyomtatni &#8211; fizikai p\u00e9ld\u00e1nyt nem k\u00fcld\u00fcnk.<\/span><br \/>\n<span style=\"font-family: 'comic sans ms', sans-serif;\">\u2022 A let\u00f6lthet\u0151 f\u00e1jlokon nincsenek v\u00edzjelek.<\/span><br \/>\n<span style=\"font-family: 'comic sans ms', sans-serif;\">\u2022 KIZ\u00c1R\u00d3LAG SZEM\u00c9LYES\/MAG\u00c1N c\u00e9lra! Kereskedelmi felhaszn\u00e1l\u00e1s nem enged\u00e9lyezett.<\/span><br \/>\n<span style=\"font-family: 'comic sans ms', sans-serif;\">\u2022 A k\u00f6nyv szerz\u0151i jogv\u00e9delem alatt \u00e1ll, T\u00d6MEGGY\u00c1RT\u00c1SA vagy TOV\u00c1BB\u00c9RT\u00c9KES\u00cdT\u00c9SE tilos.<\/span><\/p>\n<p><span style=\"font-family: 'comic sans ms', sans-serif;\">Szerezd be a p\u00e9ld\u00e1nyodat m\u00e9g ma, \u00e9s \u00e9lvezd a csendes \u00e9nid\u0151t!<\/span><\/p>\n<p><span style=\"font-family: 'comic sans ms', sans-serif;\">Ha b\u00e1rmilyen k\u00e9rd\u00e9sed van, k\u00fcldj nek\u00fcnk egy \u00fczenetet \ud83d\ude42<\/span><\/p>\n","protected":false},"excerpt":{"rendered":"<p>Teremtsd meg a saj\u00e1t otthonos vil\u00e1godat ebben a pihentet\u0151 sz\u00ednez\u0151ben!\u00a0 Mi\u00e9rt fogod im\u00e1dni: \u2022 Vastag vonalas, k\u00f6nnyen sz\u00ednezhet\u0151 illusztr\u00e1ci\u00f3k, t\u00f6k\u00e9letesek a pihentet\u0151 pillanatokhoz. \u2022 Egy teljes PDF 40 egyedi mint\u00e1val\u2026<\/p>\n","protected":false},"featured_media":0,"comment_status":"open","ping_status":"closed","template":"","meta":{"_acf_changed":false,"_glsr_average":0,"_glsr_ranking":0,"_glsr_reviews":0},"product_brand":[],"product_cat":[7793,7697,7657],"product_tag":[],"class_list":["post-34991","product","type-product","status-publish","product_cat-relaxacio","product_cat-mindfulness","product_cat-szinezok","first","instock","sold-individually","shipping-taxable","purchasable","product-type-variable"],"bundled_by":[],"bundle_stock_status":"instock","bundle_stock_quantity":null,"bundle_virtual":false,"bundle_layout":"","bundle_add_to_cart_form_location":"","bundle_editable_in_cart":false,"bundle_sold_individually_context":"","bundle_item_grouping":"","bundle_min_size":"","bundle_max_size":"","bundle_price":[],"bundled_items":[],"bundle_sell_ids":[],"acf":[],"_links":{"self":[{"href":"https:\/\/www.coloredcaramel.com\/hu\/wp-json\/wp\/v2\/product\/34991","targetHints":{"allow":["GET"]}}],"collection":[{"href":"https:\/\/www.coloredcaramel.com\/hu\/wp-json\/wp\/v2\/product"}],"about":[{"href":"https:\/\/www.coloredcaramel.com\/hu\/wp-json\/wp\/v2\/types\/product"}],"replies":[{"embeddable":true,"href":"https:\/\/www.coloredcaramel.com\/hu\/wp-json\/wp\/v2\/comments?post=34991"}],"wp:attachment":[{"href":"https:\/\/www.coloredcaramel.com\/hu\/wp-json\/wp\/v2\/media?parent=34991"}],"wp:term":[{"taxonomy":"product_brand","embeddable":true,"href":"https:\/\/www.coloredcaramel.com\/hu\/wp-json\/wp\/v2\/product_brand?post=34991"},{"taxonomy":"product_cat","embeddable":true,"href":"https:\/\/www.coloredcaramel.com\/hu\/wp-json\/wp\/v2\/product_cat?post=34991"},{"taxonomy":"product_tag","embeddable":true,"href":"https:\/\/www.coloredcaramel.com\/hu\/wp-json\/wp\/v2\/product_tag?post=34991"}],"curies":[{"name":"wp","href":"https:\/\/api.w.org\/{rel}","templated":true}]}}

My Quiet Time: édes és pihentető színező otthonos lányoknak

<p><span style="font-family: 'comic sans ms', sans-serif;">Teremtsd meg a saját otthonos világodat ebben a pihentető színezőben! </span></p>
<p><span style="font-family: 'comic sans ms', sans-serif;">Miért fogod imádni:</span><br />
<span style="font-family: 'comic sans ms', sans-serif;">• Vastag vonalas, könnyen színezhető illusztrációk, tökéletesek a pihentető pillanatokhoz.</span><br />
<span style="font-family: 'comic sans ms', sans-serif;">• Egy teljes PDF 40 egyedi mintával &#8211; nincs ismétlődés!</span><br />
<span style="font-family: 'comic sans ms', sans-serif;">• Az oldal mérete 8.5 x 8.5 inch &#8211; a legjobb 8.5 x 11 inch méretű papírra nyomtatni.</span><br />
<span style="font-family: 'comic sans ms', sans-serif;">• Tökéletes felnőtteknek és tiniknek, akik szeretik az otthonos, csajos témákat.</span><br />
<span style="font-family: 'comic sans ms', sans-serif;">• Élvezd a csendes perceket megnyugtató és kreatív pillanatokkal.</span><br />
<span style="font-family: 'comic sans ms', sans-serif;">• Gyönyörű ajándék.</span></p>
<p><span style="font-family: 'comic sans ms', sans-serif;">**FONTOS**</span><br />
<span style="font-family: 'comic sans ms', sans-serif;">• Ez egy letölthető e-könyv, amit otthon tudsz kinyomtatni &#8211; fizikai példányt nem küldünk.</span><br />
<span style="font-family: 'comic sans ms', sans-serif;">• A letölthető fájlokon nincsenek vízjelek.</span><br />
<span style="font-family: 'comic sans ms', sans-serif;">• KIZÁRÓLAG SZEMÉLYES/MAGÁN célra! Kereskedelmi felhasználás nem engedélyezett.</span><br />
<span style="font-family: 'comic sans ms', sans-serif;">• A könyv szerzői jogvédelem alatt áll, TÖMEGGYÁRTÁSA vagy TOVÁBBÉRTÉKESÍTÉSE tilos.</span></p>
<p><span style="font-family: 'comic sans ms', sans-serif;">Szerezd be a példányodat még ma, és élvezd a csendes énidőt!</span></p>
<p><span style="font-family: 'comic sans ms', sans-serif;">Ha bármilyen kérdésed van, küldj nekünk egy üzenetet 🙂</span></p>

<p>Teremtsd meg a saját otthonos világodat ebben a pihentető színezőben!  Miért fogod imádni: • Vastag vonalas, könnyen színezhető illusztrációk, tökéletesek a pihentető pillanatokhoz. • Egy teljes PDF 40 egyedi mintával…</p>
