{"id":34946,"date":"2025-05-24T14:33:05","date_gmt":"2025-05-24T14:33:05","guid":{"rendered":"https:\/\/www.coloredcaramel.com\/product\/kawaii-daydream-coloring-practice-book-cute-cozy-workbook-to-train-your-skills-2\/"},"modified":"2026-09-05T12:36:22","modified_gmt":"2026-09-05T12:36:22","slug":"kawaii-daydream-gyakorlo-szinezokonyv-aranyos-otthonos-munkafuzet","status":"publish","type":"product","link":"https:\/\/www.coloredcaramel.com\/hu\/product\/kawaii-daydream-gyakorlo-szinezokonyv-aranyos-otthonos-munkafuzet\/","title":{"rendered":"Kawaii Daydream gyakorl\u00f3 sz\u00ednez\u0151k\u00f6nyv: aranyos, otthonos munkaf\u00fczet a k\u00e9szs\u00e9geid fejleszt\u00e9s\u00e9hez"},"content":{"rendered":"<p><span style=\"font-family: 'comic sans ms', sans-serif;\">Minden oldal egy sz\u00f3rakoztat\u00f3 gyakorl\u00f3r\u00e9sszel kezd\u0151dik, amely a teljes illusztr\u00e1ci\u00f3 kisebb r\u00e9szleteit tartalmazza, \u00edgy nyugodtan, a saj\u00e1t temp\u00f3dban k\u00eds\u00e9rletezhetsz, \u00e9s nyom\u00e1s n\u00e9lk\u00fcl \u00e9lvezheted az alkot\u00e1st. \ud83e\udde1 Ha k\u00e9szen \u00e1llsz, mer\u00fclj el a teljes oldalas v\u00e1ltozatban, \u00e9s keltsd \u00e9letre az eg\u00e9szet a saj\u00e1t, sz\u00ednes st\u00edlusodban.<\/span><\/p>\n<p><span style=\"font-family: 'comic sans ms', sans-serif;\">Az eredeti Kawaii Daydream sz\u00ednez\u0151nk 16 legaranyosabb \u00e9s leg\u00e1lomszer\u0171bb mint\u00e1j\u00e1t tartalmaz\u00f3 kiad\u00e1s t\u00f6k\u00e9letes mindazoknak, akik szeretn\u00e9nek k\u00f6nnyed\u00e9n belekezdeni a sz\u00ednez\u00e9sbe, menet k\u00f6zben tanulni, \u00e9s szabadj\u00e1ra engedni a fant\u00e1zi\u00e1jukat.<\/span><\/p>\n<p><span style=\"font-family: 'comic sans ms', sans-serif;\">Miben k\u00fcl\u00f6nb\u00f6zik ez a gyakorl\u00f3k\u00f6nyv az \u201eeredetit\u0151l\u201d?<\/span><br \/>\n<span style=\"font-family: 'comic sans ms', sans-serif;\">\ud83e\udde1 Minden illusztr\u00e1ci\u00f3t el\u0151sz\u00f6r kisebb r\u00e9szekre osztottunk \u2013 ez egy gyakorl\u00f3 fel\u00fclet, ahol r\u00e9szenk\u00e9nt pr\u00f3b\u00e1lhatod ki a sz\u00edneket, a sz\u00edn\u00e1tmeneteket, a sat\u00edroz\u00e1st \u00e9s a sz\u00f3rakoztat\u00f3 effekteket.<\/span><\/p>\n<p><span style=\"font-family: 'comic sans ms', sans-serif;\">\ud83e\udde1 Ha k\u00e9szen \u00e1llsz, lapozz egyet, \u00e9s egyes\u00edtsd a tanultakat a teljes illusztr\u00e1ci\u00f3n.<\/span><\/p>\n<p><span style=\"font-family: 'comic sans ms', sans-serif;\">Hogyan haszn\u00e1ld ezt a k\u00f6nyvet:<\/span><br \/>\n<span style=\"font-family: 'comic sans ms', sans-serif;\">1\ufe0f\u20e3 V\u00e1laszd ki a sz\u00edneket: Haszn\u00e1ld a sz\u00ednminta r\u00e9szt a k\u00eds\u00e9rletez\u00e9shez \u00e9s a megfelel\u0151 \u00e1rnyalatok kiv\u00e1laszt\u00e1s\u00e1hoz.<\/span><br \/>\n<span style=\"font-family: 'comic sans ms', sans-serif;\">2\ufe0f\u20e3 Sz\u00ednezz apr\u00e1nk\u00e9nt: J\u00e1tssz az illusztr\u00e1ci\u00f3 kisebb r\u00e9szleteinek kisz\u00ednez\u00e9s\u00e9vel.<\/span><br \/>\n<span style=\"font-family: 'comic sans ms', sans-serif;\">3\ufe0f\u20e3 \u00c1ll\u00edtsd \u00f6ssze az eg\u00e9szet: Ha m\u00e1r magabiztosnak \u00e9rzed magad, sz\u00ednezd ki a teljes oldalt, \u00e9s gy\u00f6ny\u00f6rk\u00f6dj a munk\u00e1dban.<\/span><br \/>\n<span style=\"font-family: 'comic sans ms', sans-serif;\">4\ufe0f\u20e3 L\u00e9pj szintet: Haszn\u00e1ld az elsaj\u00e1t\u00edtott technik\u00e1kat m\u00e1s sz\u00ednez\u0151kben \u00e9s sz\u00ednez\u0151 lapokon is.<\/span><\/p>\n<p><span style=\"font-family: 'comic sans ms', sans-serif;\">\u00c1ltal\u00e1nos inform\u00e1ci\u00f3k:<\/span><br \/>\n<span style=\"font-family: 'comic sans ms', sans-serif;\">\u2728 Az oldal m\u00e9rete 8.5 x 8.5 inch \u2013 legink\u00e1bb 8.5 x 11 inch m\u00e9ret\u0171 pap\u00edrra \u00e9rdemes nyomtatni.<\/span><br \/>\n<span style=\"font-family: 'comic sans ms', sans-serif;\">\u2728 T\u00f6k\u00e9letes feln\u0151tteknek, tiniknek \u00e9s mindenkinek, aki k\u00fcl\u00f6nb\u00f6z\u0151 sz\u00ednez\u00e9si technik\u00e1kat szeretne tanulni vagy gyakorolni a fejl\u0151d\u00e9s \u00e9rdek\u00e9ben.<\/span><br \/>\n<span style=\"font-family: 'comic sans ms', sans-serif;\">\u2728 Nyomtass, gyakorolj \u00e9s sz\u00ednezz annyit, amennyit csak szeretn\u00e9l!<\/span><br \/>\n<span style=\"font-family: 'comic sans ms', sans-serif;\">\u2728 Procreate-ben vagy b\u00e1rmilyen m\u00e1s digit\u00e1lis sz\u00ednez\u0151 alkalmaz\u00e1sban is haszn\u00e1lhat\u00f3.<\/span><br \/>\n<span style=\"font-family: 'comic sans ms', sans-serif;\">\u2728 Figyelmes aj\u00e1nd\u00e9k a sz\u00ednez\u00e9s szerelmeseinek.<\/span><\/p>\n<p><span style=\"font-family: 'comic sans ms', sans-serif;\">**FONTOS**<\/span><br \/>\n<span style=\"font-family: 'comic sans ms', sans-serif;\">\u2022 Ez egy let\u00f6lthet\u0151 e-k\u00f6nyv, amit otthon tudsz kinyomtatni \u2013 fizikai p\u00e9ld\u00e1nyt nem k\u00fcld\u00fcnk post\u00e1n.<\/span><br \/>\n<span style=\"font-family: 'comic sans ms', sans-serif;\">\u2022 A let\u00f6lthet\u0151 f\u00e1jlokon nincsenek v\u00edzjelek.<\/span><br \/>\n<span style=\"font-family: 'comic sans ms', sans-serif;\">\u2022 KIZ\u00c1R\u00d3LAG SZEM\u00c9LYES\/MAG\u00c1N c\u00e9lra haszn\u00e1lhat\u00f3! Kereskedelmi c\u00e9l\u00fa felhaszn\u00e1l\u00e1s nem enged\u00e9lyezett.<\/span><br \/>\n<span style=\"font-family: 'comic sans ms', sans-serif;\">\u2022 A k\u00f6nyv szerz\u0151i jogv\u00e9delem alatt \u00e1ll, ez\u00e9rt T\u00d6MEGGY\u00c1RT\u00c1SA vagy TOV\u00c1BB\u00c9RT\u00c9KES\u00cdT\u00c9SE tilos.<\/span><\/p>\n<p><span style=\"font-family: 'comic sans ms', sans-serif;\">Szerezd be a saj\u00e1t p\u00e9ld\u00e1nyodat m\u00e9g ma, \u00e9s \u00e9lvezd a kreat\u00edv utaz\u00e1sod minden pillanat\u00e1t!<\/span><\/p>\n<p><span style=\"font-family: 'comic sans ms', sans-serif;\">\ud83d\udc8c K\u00e9rd\u00e9sed van? \u00cdrj nek\u00fcnk b\u00e1tran b\u00e1rmikor!<\/span><\/p>\n","protected":false},"excerpt":{"rendered":"<p>Ez a k\u00fcl\u00f6nleges k\u00f6nyv a sz\u00ednez\u00e9s \u00f6r\u00f6m\u00e9t \u00f6tv\u00f6zi egy hellyel, ahol gyakorolhatsz \u00e9s j\u00e1tszhatsz is.<\/p>\n","protected":false},"featured_media":0,"comment_status":"open","ping_status":"closed","template":"","meta":{"_acf_changed":false,"_glsr_average":5,"_glsr_ranking":4.5,"_glsr_reviews":20},"product_brand":[],"product_cat":[7721,7785,7697,7657],"product_tag":[],"class_list":["post-34946","product","type-product","status-publish","product_cat-kawaii","product_cat-gyakorlas","product_cat-mindfulness","product_cat-szinezok","first","instock","sold-individually","shipping-taxable","purchasable","product-type-variable"],"bundled_by":[],"bundle_stock_status":"instock","bundle_stock_quantity":null,"bundle_virtual":false,"bundle_layout":"","bundle_add_to_cart_form_location":"","bundle_editable_in_cart":false,"bundle_sold_individually_context":"","bundle_item_grouping":"","bundle_min_size":"","bundle_max_size":"","bundle_price":[],"bundled_items":[],"bundle_sell_ids":[],"acf":[],"_links":{"self":[{"href":"https:\/\/www.coloredcaramel.com\/hu\/wp-json\/wp\/v2\/product\/34946","targetHints":{"allow":["GET"]}}],"collection":[{"href":"https:\/\/www.coloredcaramel.com\/hu\/wp-json\/wp\/v2\/product"}],"about":[{"href":"https:\/\/www.coloredcaramel.com\/hu\/wp-json\/wp\/v2\/types\/product"}],"replies":[{"embeddable":true,"href":"https:\/\/www.coloredcaramel.com\/hu\/wp-json\/wp\/v2\/comments?post=34946"}],"wp:attachment":[{"href":"https:\/\/www.coloredcaramel.com\/hu\/wp-json\/wp\/v2\/media?parent=34946"}],"wp:term":[{"taxonomy":"product_brand","embeddable":true,"href":"https:\/\/www.coloredcaramel.com\/hu\/wp-json\/wp\/v2\/product_brand?post=34946"},{"taxonomy":"product_cat","embeddable":true,"href":"https:\/\/www.coloredcaramel.com\/hu\/wp-json\/wp\/v2\/product_cat?post=34946"},{"taxonomy":"product_tag","embeddable":true,"href":"https:\/\/www.coloredcaramel.com\/hu\/wp-json\/wp\/v2\/product_tag?post=34946"}],"curies":[{"name":"wp","href":"https:\/\/api.w.org\/{rel}","templated":true}]}}

Kawaii Daydream gyakorló színezőkönyv: aranyos, otthonos munkafüzet a készségeid fejlesztéséhez

<p><span style="font-family: 'comic sans ms', sans-serif;">Minden oldal egy szórakoztató gyakorlórésszel kezdődik, amely a teljes illusztráció kisebb részleteit tartalmazza, így nyugodtan, a saját tempódban kísérletezhetsz, és nyomás nélkül élvezheted az alkotást. 🧡 Ha készen állsz, merülj el a teljes oldalas változatban, és keltsd életre az egészet a saját, színes stílusodban.</span></p>
<p><span style="font-family: 'comic sans ms', sans-serif;">Az eredeti Kawaii Daydream színezőnk 16 legaranyosabb és legálomszerűbb mintáját tartalmazó kiadás tökéletes mindazoknak, akik szeretnének könnyedén belekezdeni a színezésbe, menet közben tanulni, és szabadjára engedni a fantáziájukat.</span></p>
<p><span style="font-family: 'comic sans ms', sans-serif;">Miben különbözik ez a gyakorlókönyv az „eredetitől”?</span><br />
<span style="font-family: 'comic sans ms', sans-serif;">🧡 Minden illusztrációt először kisebb részekre osztottunk – ez egy gyakorló felület, ahol részenként próbálhatod ki a színeket, a színátmeneteket, a satírozást és a szórakoztató effekteket.</span></p>
<p><span style="font-family: 'comic sans ms', sans-serif;">🧡 Ha készen állsz, lapozz egyet, és egyesítsd a tanultakat a teljes illusztráción.</span></p>
<p><span style="font-family: 'comic sans ms', sans-serif;">Hogyan használd ezt a könyvet:</span><br />
<span style="font-family: 'comic sans ms', sans-serif;">1️⃣ Válaszd ki a színeket: Használd a színminta részt a kísérletezéshez és a megfelelő árnyalatok kiválasztásához.</span><br />
<span style="font-family: 'comic sans ms', sans-serif;">2️⃣ Színezz apránként: Játssz az illusztráció kisebb részleteinek kiszínezésével.</span><br />
<span style="font-family: 'comic sans ms', sans-serif;">3️⃣ Állítsd össze az egészet: Ha már magabiztosnak érzed magad, színezd ki a teljes oldalt, és gyönyörködj a munkádban.</span><br />
<span style="font-family: 'comic sans ms', sans-serif;">4️⃣ Lépj szintet: Használd az elsajátított technikákat más színezőkben és színező lapokon is.</span></p>
<p><span style="font-family: 'comic sans ms', sans-serif;">Általános információk:</span><br />
<span style="font-family: 'comic sans ms', sans-serif;">✨ Az oldal mérete 8.5 x 8.5 inch – leginkább 8.5 x 11 inch méretű papírra érdemes nyomtatni.</span><br />
<span style="font-family: 'comic sans ms', sans-serif;">✨ Tökéletes felnőtteknek, tiniknek és mindenkinek, aki különböző színezési technikákat szeretne tanulni vagy gyakorolni a fejlődés érdekében.</span><br />
<span style="font-family: 'comic sans ms', sans-serif;">✨ Nyomtass, gyakorolj és színezz annyit, amennyit csak szeretnél!</span><br />
<span style="font-family: 'comic sans ms', sans-serif;">✨ Procreate-ben vagy bármilyen más digitális színező alkalmazásban is használható.</span><br />
<span style="font-family: 'comic sans ms', sans-serif;">✨ Figyelmes ajándék a színezés szerelmeseinek.</span></p>
<p><span style="font-family: 'comic sans ms', sans-serif;">**FONTOS**</span><br />
<span style="font-family: 'comic sans ms', sans-serif;">• Ez egy letölthető e-könyv, amit otthon tudsz kinyomtatni – fizikai példányt nem küldünk postán.</span><br />
<span style="font-family: 'comic sans ms', sans-serif;">• A letölthető fájlokon nincsenek vízjelek.</span><br />
<span style="font-family: 'comic sans ms', sans-serif;">• KIZÁRÓLAG SZEMÉLYES/MAGÁN célra használható! Kereskedelmi célú felhasználás nem engedélyezett.</span><br />
<span style="font-family: 'comic sans ms', sans-serif;">• A könyv szerzői jogvédelem alatt áll, ezért TÖMEGGYÁRTÁSA vagy TOVÁBBÉRTÉKESÍTÉSE tilos.</span></p>
<p><span style="font-family: 'comic sans ms', sans-serif;">Szerezd be a saját példányodat még ma, és élvezd a kreatív utazásod minden pillanatát!</span></p>
<p><span style="font-family: 'comic sans ms', sans-serif;">💌 Kérdésed van? Írj nekünk bátran bármikor!</span></p>

<p>Ez a különleges könyv a színezés örömét ötvözi egy hellyel, ahol gyakorolhatsz és játszhatsz is.</p>
