{"id":34816,"date":"2025-04-12T11:14:35","date_gmt":"2025-04-12T11:14:35","guid":{"rendered":"https:\/\/www.coloredcaramel.com\/product\/easter-patterns-cozy-bold-easy-coloring-book-2\/"},"modified":"2026-09-05T12:36:20","modified_gmt":"2026-09-05T12:36:20","slug":"easter-patterns-otthonos-bold-easy-szinezokonyv","status":"publish","type":"product","link":"https:\/\/www.coloredcaramel.com\/hu\/product\/easter-patterns-otthonos-bold-easy-szinezokonyv\/","title":{"rendered":"Easter Patterns: otthonos, Bold &#038; Easy sz\u00ednez\u0151k\u00f6nyv"},"content":{"rendered":"<p><span style=\"font-family: 'comic sans ms', sans-serif;\">Kellemes h\u00fasv\u00e9tot!<\/span><\/p>\n<p><span style=\"font-family: 'comic sans ms', sans-serif;\">Mi\u00e9rt fogod im\u00e1dni:<\/span><br \/>\n<span style=\"font-family: 'comic sans ms', sans-serif;\">\u2022 Vastag vonalas, k\u00f6nnyen sz\u00ednezhet\u0151 mint\u00e1k, amelyek t\u00f6k\u00e9letesek a pihentet\u0151 pillanatokhoz.<\/span><br \/>\n<span style=\"font-family: 'comic sans ms', sans-serif;\">\u2022 Egy teljes PDF 40 egyedi mint\u00e1val \u2013 ism\u00e9tl\u0151d\u00e9s n\u00e9lk\u00fcl!<\/span><br \/>\n<span style=\"font-family: 'comic sans ms', sans-serif;\">\u2022 Az oldal m\u00e9rete 8.5 x 8.5 inch \u2013 a legjobb 8.5 x 11 inch m\u00e9ret\u0171 pap\u00edrra nyomtatni.<\/span><br \/>\n<span style=\"font-family: 'comic sans ms', sans-serif;\">\u2022 T\u00f6k\u00e9letes feln\u0151tteknek \u00e9s tiniknek, akik im\u00e1dnak sz\u00ednezni.<\/span><br \/>\n<span style=\"font-family: 'comic sans ms', sans-serif;\">\u2022 Hangol\u00f3dj a tavaszra nyugtat\u00f3 \u00e9s kreat\u00edv pillanatokkal.<\/span><br \/>\n<span style=\"font-family: 'comic sans ms', sans-serif;\">\u2022 Gy\u00f6ny\u00f6r\u0171 aj\u00e1nd\u00e9k.<\/span><\/p>\n<p><span style=\"font-family: 'comic sans ms', sans-serif;\">**FONTOS**<\/span><br \/>\n<span style=\"font-family: 'comic sans ms', sans-serif;\">\u2022 Ez egy let\u00f6lthet\u0151 e-k\u00f6nyv, amit otthon tudsz kinyomtatni \u2013 fizikai p\u00e9ld\u00e1nyt nem k\u00fcld\u00fcnk post\u00e1n.<\/span><br \/>\n<span style=\"font-family: 'comic sans ms', sans-serif;\">\u2022 A let\u00f6lthet\u0151 f\u00e1jlokon nincs v\u00edzjel.<\/span><br \/>\n<span style=\"font-family: 'comic sans ms', sans-serif;\">\u2022 KIZ\u00c1R\u00d3LAG SZEM\u00c9LYES\/MAG\u00c1N c\u00e9lra! Kereskedelmi felhaszn\u00e1l\u00e1s nem enged\u00e9lyezett.<\/span><br \/>\n<span style=\"font-family: 'comic sans ms', sans-serif;\">\u2022 A k\u00f6nyv szerz\u0151i jogv\u00e9delem alatt \u00e1ll, T\u00d6MEGGY\u00c1RT\u00c1SA vagy TOV\u00c1BB\u00c9RT\u00c9KES\u00cdT\u00c9SE tilos.<\/span><\/p>\n<p><span style=\"font-family: 'comic sans ms', sans-serif;\">Szerezd be a saj\u00e1t p\u00e9ld\u00e1nyod m\u00e9g ma, \u00e9s keltsd \u00e9letre ezeket az aranyos h\u00fasv\u00e9ti mint\u00e1kat!<\/span><\/p>\n<p><span style=\"font-family: 'comic sans ms', sans-serif;\">Ha b\u00e1rmilyen k\u00e9rd\u00e9sed van, \u00edrj nek\u00fcnk egy \u00fczenetet \ud83d\ude42<\/span><\/p>\n","protected":false},"excerpt":{"rendered":"<p>Kellemes h\u00fasv\u00e9tot! Mi\u00e9rt fogod im\u00e1dni: \u2022 Vastag vonalas, k\u00f6nnyen sz\u00ednezhet\u0151 mint\u00e1k, amelyek t\u00f6k\u00e9letesek a pihentet\u0151 pillanatokhoz. \u2022 Egy teljes PDF 40 egyedi mint\u00e1val \u2013 ism\u00e9tl\u0151d\u00e9s n\u00e9lk\u00fcl! \u2022 Az oldal m\u00e9rete\u2026<\/p>\n","protected":false},"featured_media":0,"comment_status":"open","ping_status":"closed","template":"","meta":{"_acf_changed":false,"_glsr_average":0,"_glsr_ranking":0,"_glsr_reviews":0},"product_brand":[],"product_cat":[7769,7705,7657],"product_tag":[],"class_list":["post-34816","product","type-product","status-publish","product_cat-husvet","product_cat-mintak","product_cat-szinezok","first","instock","sold-individually","shipping-taxable","purchasable","product-type-variable"],"bundled_by":[],"bundle_stock_status":"instock","bundle_stock_quantity":null,"bundle_virtual":false,"bundle_layout":"","bundle_add_to_cart_form_location":"","bundle_editable_in_cart":false,"bundle_sold_individually_context":"","bundle_item_grouping":"","bundle_min_size":"","bundle_max_size":"","bundle_price":[],"bundled_items":[],"bundle_sell_ids":[],"acf":[],"_links":{"self":[{"href":"https:\/\/www.coloredcaramel.com\/hu\/wp-json\/wp\/v2\/product\/34816","targetHints":{"allow":["GET"]}}],"collection":[{"href":"https:\/\/www.coloredcaramel.com\/hu\/wp-json\/wp\/v2\/product"}],"about":[{"href":"https:\/\/www.coloredcaramel.com\/hu\/wp-json\/wp\/v2\/types\/product"}],"replies":[{"embeddable":true,"href":"https:\/\/www.coloredcaramel.com\/hu\/wp-json\/wp\/v2\/comments?post=34816"}],"wp:attachment":[{"href":"https:\/\/www.coloredcaramel.com\/hu\/wp-json\/wp\/v2\/media?parent=34816"}],"wp:term":[{"taxonomy":"product_brand","embeddable":true,"href":"https:\/\/www.coloredcaramel.com\/hu\/wp-json\/wp\/v2\/product_brand?post=34816"},{"taxonomy":"product_cat","embeddable":true,"href":"https:\/\/www.coloredcaramel.com\/hu\/wp-json\/wp\/v2\/product_cat?post=34816"},{"taxonomy":"product_tag","embeddable":true,"href":"https:\/\/www.coloredcaramel.com\/hu\/wp-json\/wp\/v2\/product_tag?post=34816"}],"curies":[{"name":"wp","href":"https:\/\/api.w.org\/{rel}","templated":true}]}}

Easter Patterns: otthonos, Bold &#038; Easy színezőkönyv

<p><span style="font-family: 'comic sans ms', sans-serif;">Kellemes húsvétot!</span></p>
<p><span style="font-family: 'comic sans ms', sans-serif;">Miért fogod imádni:</span><br />
<span style="font-family: 'comic sans ms', sans-serif;">• Vastag vonalas, könnyen színezhető minták, amelyek tökéletesek a pihentető pillanatokhoz.</span><br />
<span style="font-family: 'comic sans ms', sans-serif;">• Egy teljes PDF 40 egyedi mintával – ismétlődés nélkül!</span><br />
<span style="font-family: 'comic sans ms', sans-serif;">• Az oldal mérete 8.5 x 8.5 inch – a legjobb 8.5 x 11 inch méretű papírra nyomtatni.</span><br />
<span style="font-family: 'comic sans ms', sans-serif;">• Tökéletes felnőtteknek és tiniknek, akik imádnak színezni.</span><br />
<span style="font-family: 'comic sans ms', sans-serif;">• Hangolódj a tavaszra nyugtató és kreatív pillanatokkal.</span><br />
<span style="font-family: 'comic sans ms', sans-serif;">• Gyönyörű ajándék.</span></p>
<p><span style="font-family: 'comic sans ms', sans-serif;">**FONTOS**</span><br />
<span style="font-family: 'comic sans ms', sans-serif;">• Ez egy letölthető e-könyv, amit otthon tudsz kinyomtatni – fizikai példányt nem küldünk postán.</span><br />
<span style="font-family: 'comic sans ms', sans-serif;">• A letölthető fájlokon nincs vízjel.</span><br />
<span style="font-family: 'comic sans ms', sans-serif;">• KIZÁRÓLAG SZEMÉLYES/MAGÁN célra! Kereskedelmi felhasználás nem engedélyezett.</span><br />
<span style="font-family: 'comic sans ms', sans-serif;">• A könyv szerzői jogvédelem alatt áll, TÖMEGGYÁRTÁSA vagy TOVÁBBÉRTÉKESÍTÉSE tilos.</span></p>
<p><span style="font-family: 'comic sans ms', sans-serif;">Szerezd be a saját példányod még ma, és keltsd életre ezeket az aranyos húsvéti mintákat!</span></p>
<p><span style="font-family: 'comic sans ms', sans-serif;">Ha bármilyen kérdésed van, írj nekünk egy üzenetet 🙂</span></p>

<p>Kellemes húsvétot! Miért fogod imádni: • Vastag vonalas, könnyen színezhető minták, amelyek tökéletesek a pihentető pillanatokhoz. • Egy teljes PDF 40 egyedi mintával – ismétlődés nélkül! • Az oldal mérete…</p>
