{"id":34762,"date":"2025-04-12T11:14:22","date_gmt":"2025-04-12T11:14:22","guid":{"rendered":"https:\/\/www.coloredcaramel.com\/product\/practice-coloring-pages-your-coloring-time-workbook-2\/"},"modified":"2026-09-05T12:36:12","modified_gmt":"2026-09-05T12:36:12","slug":"practice-coloring-pages-your-coloring-time-munkafuzet","status":"publish","type":"product","link":"https:\/\/www.coloredcaramel.com\/hu\/product\/practice-coloring-pages-your-coloring-time-munkafuzet\/","title":{"rendered":"Practice Coloring Pages: Your Coloring Time munkaf\u00fczet a k\u00e9szs\u00e9geid fejleszt\u00e9s\u00e9hez \u00e9s t\u00f6k\u00e9letes\u00edt\u00e9s\u00e9hez"},"content":{"rendered":"<p><span style=\"font-family: 'comic sans ms', sans-serif;\">\u00dcdv\u00f6zl\u00fcnk a sz\u00ednez\u0151s j\u00e1tsz\u00f3tereden, ahol ezekkel a gyakorl\u00f3 sz\u00ednez\u0151lapokkal j\u00e1tszhatsz, gyakorolhatsz \u00e9s t\u00f6k\u00e9letes\u00edtheted a k\u00e9szs\u00e9geidet!<\/span><\/p>\n<p><span style=\"font-family: 'comic sans ms', sans-serif;\">Ez a k\u00f6nyv arr\u00f3l sz\u00f3l, hogy sz\u00f3rakoz\u00e1s k\u00f6zben gyakorold a k\u00fcl\u00f6nb\u00f6z\u0151 sz\u00ednez\u00e9si technik\u00e1kat. Ak\u00e1rhol is tartasz a sz\u00ednez\u00e9s \u00fatj\u00e1n, ez a k\u00f6nyv beind\u00edtja a fant\u00e1zi\u00e1dat \u00e9s seg\u00edt t\u00f6k\u00e9letes\u00edteni a k\u00e9szs\u00e9geidet.<\/span><\/p>\n<p><span style=\"font-family: 'comic sans ms', sans-serif;\">Mi\u00e9rt fogod im\u00e1dni:<\/span><br \/>\n<span style=\"font-family: 'comic sans ms', sans-serif;\">\u2728 12 technik\u00e1t tartalmaz, mint p\u00e9ld\u00e1ul \u00e1lomszer\u0171, sz\u00edn\u00e1tmenetes \u00e9gboltok, otthonos mint\u00e1k, csillagos \u00e9jszak\u00e1k, \u00e1tl\u00e1tsz\u00f3s\u00e1g, valamint term\u00e9szetes hat\u00e1sok, p\u00e9ld\u00e1ul f\u0171, t\u0171zf\u00e9ny, v\u00edz, k\u00f6d \u00e9s m\u00e9g sok m\u00e1s.<\/span><\/p>\n<p><span style=\"font-family: 'comic sans ms', sans-serif;\">\u2728 A 12 technika mindegyik\u00e9hez a k\u00f6vetkez\u0151ket tal\u00e1lod:<\/span><br \/>\n<span style=\"font-family: 'comic sans ms', sans-serif;\">2 gyakorl\u00f3oldalt sz\u00ednmint\u00e1kkal, helyet az egyes technik\u00e1k gyakorl\u00e1s\u00e1hoz, valamint egy illusztr\u00e1ci\u00f3t a k\u00e9szs\u00e9gek kipr\u00f3b\u00e1l\u00e1s\u00e1hoz.<\/span><br \/>\n<span style=\"font-family: 'comic sans ms', sans-serif;\">1 teljes illusztr\u00e1ci\u00f3s oldalt, ahol alkalmazhatod a tanultakat.<\/span><\/p>\n<p><span style=\"font-family: 'comic sans ms', sans-serif;\">\ud83d\udd8d\ufe0f Az oldal m\u00e9rete 8.5 x 8.5 inch \u2013 legink\u00e1bb 8.5 x 11 inch-es pap\u00edrra aj\u00e1nlott kinyomtatni.<\/span><br \/>\n<span style=\"font-family: 'comic sans ms', sans-serif;\">\ud83d\udc96 T\u00f6k\u00e9letes feln\u0151tteknek, tin\u00e9dzsereknek \u00e9s mindazoknak, akik szeretn\u00e9nek megtanulni vagy gyakorolni k\u00fcl\u00f6nb\u00f6z\u0151 sz\u00ednez\u00e9si technik\u00e1kat, hogy fejlessz\u00e9k k\u00e9szs\u00e9geiket.<\/span><br \/>\n<span style=\"font-family: 'comic sans ms', sans-serif;\">\ud83d\udda8\ufe0f Nyomtasd ki \u00e9s gyakorolj, amennyit csak akarsz!<\/span><br \/>\n<span style=\"font-family: 'comic sans ms', sans-serif;\">\u2728 Haszn\u00e1lhat\u00f3 Procreate-ben vagy b\u00e1rmely m\u00e1s digit\u00e1lis sz\u00ednez\u0151alkalmaz\u00e1sban is.<\/span><br \/>\n<span style=\"font-family: 'comic sans ms', sans-serif;\">\ud83c\udf81 Figyelmes aj\u00e1nd\u00e9k a sz\u00ednez\u00e9s szerelmeseinek.<\/span><\/p>\n<p><span style=\"font-family: 'comic sans ms', sans-serif;\">**FONTOS**<\/span><br \/>\n<span style=\"font-family: 'comic sans ms', sans-serif;\">\u2022 Ez egy let\u00f6lthet\u0151 e-k\u00f6nyv, amelyet otthon nyomtathatsz ki \u2013 nyomtatott p\u00e9ld\u00e1nyt nem k\u00fcld\u00fcnk post\u00e1n.<\/span><br \/>\n<span style=\"font-family: 'comic sans ms', sans-serif;\">\u2022 A let\u00f6lthet\u0151 f\u00e1jlokon nincsenek v\u00edzjelek.<\/span><br \/>\n<span style=\"font-family: 'comic sans ms', sans-serif;\">\u2022 KIZ\u00c1R\u00d3LAG SZEM\u00c9LYES\/MAG\u00c1N c\u00e9lra haszn\u00e1lhat\u00f3! Kereskedelmi c\u00e9l\u00fa felhaszn\u00e1l\u00e1s nem megengedett.<\/span><br \/>\n<span style=\"font-family: 'comic sans ms', sans-serif;\">\u2022 A k\u00f6nyv szerz\u0151i jogi v\u00e9delem alatt \u00e1ll, T\u00d6MEGGY\u00c1RT\u00c1SA vagy TOV\u00c1BB\u00c9RT\u00c9KES\u00cdT\u00c9SE nem megengedett.<\/span><\/p>\n<p><span style=\"font-family: 'comic sans ms', sans-serif;\">Szerezd be m\u00e9g ma ezeket a gyakorl\u00f3 sz\u00ednez\u0151lapokat, \u00e9s \u00e9lvezd kreat\u00edv utaz\u00e1sod minden l\u00e9p\u00e9s\u00e9t!<\/span><\/p>\n<p><span style=\"font-family: 'comic sans ms', sans-serif;\">\ud83d\udc8c K\u00e9rd\u00e9sed van? B\u00e1rmikor nyugodtan \u00edrj nek\u00fcnk.<\/span><\/p>\n","protected":false},"excerpt":{"rendered":"<p>Sz\u00f3rakoztat\u00f3 k\u00f6nyv, amellyel k\u00fcl\u00f6nf\u00e9le sz\u00ednez\u00e9si technik\u00e1kat gyakorolhatsz.<\/p>\n","protected":false},"featured_media":0,"comment_status":"open","ping_status":"closed","template":"","meta":{"_acf_changed":false,"_glsr_average":0,"_glsr_ranking":0,"_glsr_reviews":0},"product_brand":[],"product_cat":[7785,7713,7657],"product_tag":[],"class_list":["post-34762","product","type-product","status-publish","product_cat-gyakorlas","product_cat-aktivitas","product_cat-szinezok","first","instock","featured","sold-individually","shipping-taxable","purchasable","product-type-variable"],"bundled_by":[],"bundle_stock_status":"instock","bundle_stock_quantity":null,"bundle_virtual":false,"bundle_layout":"","bundle_add_to_cart_form_location":"","bundle_editable_in_cart":false,"bundle_sold_individually_context":"","bundle_item_grouping":"","bundle_min_size":"","bundle_max_size":"","bundle_price":[],"bundled_items":[],"bundle_sell_ids":[],"acf":[],"_links":{"self":[{"href":"https:\/\/www.coloredcaramel.com\/hu\/wp-json\/wp\/v2\/product\/34762","targetHints":{"allow":["GET"]}}],"collection":[{"href":"https:\/\/www.coloredcaramel.com\/hu\/wp-json\/wp\/v2\/product"}],"about":[{"href":"https:\/\/www.coloredcaramel.com\/hu\/wp-json\/wp\/v2\/types\/product"}],"replies":[{"embeddable":true,"href":"https:\/\/www.coloredcaramel.com\/hu\/wp-json\/wp\/v2\/comments?post=34762"}],"wp:attachment":[{"href":"https:\/\/www.coloredcaramel.com\/hu\/wp-json\/wp\/v2\/media?parent=34762"}],"wp:term":[{"taxonomy":"product_brand","embeddable":true,"href":"https:\/\/www.coloredcaramel.com\/hu\/wp-json\/wp\/v2\/product_brand?post=34762"},{"taxonomy":"product_cat","embeddable":true,"href":"https:\/\/www.coloredcaramel.com\/hu\/wp-json\/wp\/v2\/product_cat?post=34762"},{"taxonomy":"product_tag","embeddable":true,"href":"https:\/\/www.coloredcaramel.com\/hu\/wp-json\/wp\/v2\/product_tag?post=34762"}],"curies":[{"name":"wp","href":"https:\/\/api.w.org\/{rel}","templated":true}]}}

Practice Coloring Pages: Your Coloring Time munkafüzet a készségeid fejlesztéséhez és tökéletesítéséhez

<p><span style="font-family: 'comic sans ms', sans-serif;">Üdvözlünk a színezős játszótereden, ahol ezekkel a gyakorló színezőlapokkal játszhatsz, gyakorolhatsz és tökéletesítheted a készségeidet!</span></p>
<p><span style="font-family: 'comic sans ms', sans-serif;">Ez a könyv arról szól, hogy szórakozás közben gyakorold a különböző színezési technikákat. Akárhol is tartasz a színezés útján, ez a könyv beindítja a fantáziádat és segít tökéletesíteni a készségeidet.</span></p>
<p><span style="font-family: 'comic sans ms', sans-serif;">Miért fogod imádni:</span><br />
<span style="font-family: 'comic sans ms', sans-serif;">✨ 12 technikát tartalmaz, mint például álomszerű, színátmenetes égboltok, otthonos minták, csillagos éjszakák, átlátszóság, valamint természetes hatások, például fű, tűzfény, víz, köd és még sok más.</span></p>
<p><span style="font-family: 'comic sans ms', sans-serif;">✨ A 12 technika mindegyikéhez a következőket találod:</span><br />
<span style="font-family: 'comic sans ms', sans-serif;">2 gyakorlóoldalt színmintákkal, helyet az egyes technikák gyakorlásához, valamint egy illusztrációt a készségek kipróbálásához.</span><br />
<span style="font-family: 'comic sans ms', sans-serif;">1 teljes illusztrációs oldalt, ahol alkalmazhatod a tanultakat.</span></p>
<p><span style="font-family: 'comic sans ms', sans-serif;">🖍️ Az oldal mérete 8.5 x 8.5 inch – leginkább 8.5 x 11 inch-es papírra ajánlott kinyomtatni.</span><br />
<span style="font-family: 'comic sans ms', sans-serif;">💖 Tökéletes felnőtteknek, tinédzsereknek és mindazoknak, akik szeretnének megtanulni vagy gyakorolni különböző színezési technikákat, hogy fejlesszék készségeiket.</span><br />
<span style="font-family: 'comic sans ms', sans-serif;">🖨️ Nyomtasd ki és gyakorolj, amennyit csak akarsz!</span><br />
<span style="font-family: 'comic sans ms', sans-serif;">✨ Használható Procreate-ben vagy bármely más digitális színezőalkalmazásban is.</span><br />
<span style="font-family: 'comic sans ms', sans-serif;">🎁 Figyelmes ajándék a színezés szerelmeseinek.</span></p>
<p><span style="font-family: 'comic sans ms', sans-serif;">**FONTOS**</span><br />
<span style="font-family: 'comic sans ms', sans-serif;">• Ez egy letölthető e-könyv, amelyet otthon nyomtathatsz ki – nyomtatott példányt nem küldünk postán.</span><br />
<span style="font-family: 'comic sans ms', sans-serif;">• A letölthető fájlokon nincsenek vízjelek.</span><br />
<span style="font-family: 'comic sans ms', sans-serif;">• KIZÁRÓLAG SZEMÉLYES/MAGÁN célra használható! Kereskedelmi célú felhasználás nem megengedett.</span><br />
<span style="font-family: 'comic sans ms', sans-serif;">• A könyv szerzői jogi védelem alatt áll, TÖMEGGYÁRTÁSA vagy TOVÁBBÉRTÉKESÍTÉSE nem megengedett.</span></p>
<p><span style="font-family: 'comic sans ms', sans-serif;">Szerezd be még ma ezeket a gyakorló színezőlapokat, és élvezd kreatív utazásod minden lépését!</span></p>
<p><span style="font-family: 'comic sans ms', sans-serif;">💌 Kérdésed van? Bármikor nyugodtan írj nekünk.</span></p>

<p>Szórakoztató könyv, amellyel különféle színezési technikákat gyakorolhatsz.</p>
