{"id":33862,"date":"2025-04-12T11:14:21","date_gmt":"2025-04-12T11:14:21","guid":{"rendered":"https:\/\/www.coloredcaramel.com\/product\/hoppy-days-cute-bold-easy-easter-coloring-book-2\/"},"modified":"2026-09-05T12:36:11","modified_gmt":"2026-09-05T12:36:11","slug":"hoppy-corner-otthonos-cuki-husveti-szinezokonyv","status":"publish","type":"product","link":"https:\/\/www.coloredcaramel.com\/hu\/product\/hoppy-corner-otthonos-cuki-husveti-szinezokonyv\/","title":{"rendered":"Hoppy Corner: otthonos, cuki h\u00fasv\u00e9ti sz\u00ednez\u0151k\u00f6nyv"},"content":{"rendered":"<p><span style=\"font-family: 'comic sans ms', sans-serif;\">Kellemes h\u00fasv\u00e9tot!<\/span><\/p>\n<p><span style=\"font-family: 'comic sans ms', sans-serif;\">Mi\u00e9rt fogod im\u00e1dni:<\/span><br \/>\n<span style=\"font-family: 'comic sans ms', sans-serif;\">\u2022 Vastag vonalas, k\u00f6nnyen sz\u00ednezhet\u0151 illusztr\u00e1ci\u00f3k, amik t\u00f6k\u00e9letesek a pihentet\u0151 pillanatokhoz.<\/span><br \/>\n<span style=\"font-family: 'comic sans ms', sans-serif;\">\u2022 Egy teljes PDF 40 egyedi mint\u00e1val &#8211; nincs ism\u00e9tl\u0151d\u00e9s!<\/span><br \/>\n<span style=\"font-family: 'comic sans ms', sans-serif;\">\u2022 Az oldal m\u00e9rete 8.5 x 8.5 inch &#8211; a legjobb 8.5 x 11 inch m\u00e9ret\u0171 pap\u00edrra nyomtatni.<\/span><br \/>\n<span style=\"font-family: 'comic sans ms', sans-serif;\">\u2022 T\u00f6k\u00e9letes feln\u0151tteknek \u00e9s tiniknek, akik im\u00e1dnak sz\u00ednezni.<\/span><br \/>\n<span style=\"font-family: 'comic sans ms', sans-serif;\">\u2022 \u00dcdv\u00f6z\u00f6ld a tavaszt megnyugtat\u00f3 \u00e9s kreat\u00edv pillanatokkal.<\/span><br \/>\n<span style=\"font-family: 'comic sans ms', sans-serif;\">\u2022 Gy\u00f6ny\u00f6r\u0171 aj\u00e1nd\u00e9k.<\/span><\/p>\n<p><span style=\"font-family: 'comic sans ms', sans-serif;\">**FONTOS**<\/span><br \/>\n<span style=\"font-family: 'comic sans ms', sans-serif;\">\u2022 Ez egy let\u00f6lthet\u0151 e-k\u00f6nyv, amit otthon tudsz kinyomtatni &#8211; fizikai p\u00e9ld\u00e1nyt nem k\u00fcld\u00fcnk post\u00e1n.<\/span><br \/>\n<span style=\"font-family: 'comic sans ms', sans-serif;\">\u2022 A let\u00f6lthet\u0151 f\u00e1jlokon nincsenek v\u00edzjelek.<\/span><br \/>\n<span style=\"font-family: 'comic sans ms', sans-serif;\">\u2022 KIZ\u00c1R\u00d3LAG SZEM\u00c9LYES\/MAG\u00c1N c\u00e9lra haszn\u00e1lhat\u00f3! Kereskedelmi c\u00e9l\u00fa felhaszn\u00e1l\u00e1s nem megengedett.<\/span><br \/>\n<span style=\"font-family: 'comic sans ms', sans-serif;\">\u2022 A k\u00f6nyv szerz\u0151i jogv\u00e9delem alatt \u00e1ll, ez\u00e9rt TILOS a t\u00f6meggy\u00e1rt\u00e1s \u00e9s a tov\u00e1bb\u00e9rt\u00e9kes\u00edt\u00e9s.<\/span><\/p>\n<p><span style=\"font-family: 'comic sans ms', sans-serif;\">Szerezd be a saj\u00e1t p\u00e9ld\u00e1nyodat m\u00e9g ma, \u00e9s keltsd \u00e9letre ezeket a cuki h\u00fasv\u00e9ti sz\u00ednez\u0151 lapokat!<\/span><\/p>\n<p><span style=\"font-family: 'comic sans ms', sans-serif;\">Ha b\u00e1rmilyen k\u00e9rd\u00e9sed van, k\u00fcldj nek\u00fcnk egy \u00fczenetet \ud83d\ude42<\/span><\/p>\n","protected":false},"excerpt":{"rendered":"<p>Kellemes h\u00fasv\u00e9tot! Mi\u00e9rt fogod im\u00e1dni: \u2022 Vastag vonalas, k\u00f6nnyen sz\u00ednezhet\u0151 illusztr\u00e1ci\u00f3k, amik t\u00f6k\u00e9letesek a pihentet\u0151 pillanatokhoz. \u2022 Egy teljes PDF 40 egyedi mint\u00e1val &#8211; nincs ism\u00e9tl\u0151d\u00e9s! \u2022 Az oldal m\u00e9rete\u2026<\/p>\n","protected":false},"featured_media":0,"comment_status":"open","ping_status":"closed","template":"","meta":{"_acf_changed":false,"_glsr_average":0,"_glsr_ranking":0,"_glsr_reviews":0},"product_brand":[],"product_cat":[7769,7657],"product_tag":[],"class_list":["post-33862","product","type-product","status-publish","product_cat-husvet","product_cat-szinezok","first","instock","sold-individually","shipping-taxable","purchasable","product-type-variable"],"bundled_by":[],"bundle_stock_status":"instock","bundle_stock_quantity":null,"bundle_virtual":false,"bundle_layout":"","bundle_add_to_cart_form_location":"","bundle_editable_in_cart":false,"bundle_sold_individually_context":"","bundle_item_grouping":"","bundle_min_size":"","bundle_max_size":"","bundle_price":[],"bundled_items":[],"bundle_sell_ids":[],"acf":[],"_links":{"self":[{"href":"https:\/\/www.coloredcaramel.com\/hu\/wp-json\/wp\/v2\/product\/33862","targetHints":{"allow":["GET"]}}],"collection":[{"href":"https:\/\/www.coloredcaramel.com\/hu\/wp-json\/wp\/v2\/product"}],"about":[{"href":"https:\/\/www.coloredcaramel.com\/hu\/wp-json\/wp\/v2\/types\/product"}],"replies":[{"embeddable":true,"href":"https:\/\/www.coloredcaramel.com\/hu\/wp-json\/wp\/v2\/comments?post=33862"}],"wp:attachment":[{"href":"https:\/\/www.coloredcaramel.com\/hu\/wp-json\/wp\/v2\/media?parent=33862"}],"wp:term":[{"taxonomy":"product_brand","embeddable":true,"href":"https:\/\/www.coloredcaramel.com\/hu\/wp-json\/wp\/v2\/product_brand?post=33862"},{"taxonomy":"product_cat","embeddable":true,"href":"https:\/\/www.coloredcaramel.com\/hu\/wp-json\/wp\/v2\/product_cat?post=33862"},{"taxonomy":"product_tag","embeddable":true,"href":"https:\/\/www.coloredcaramel.com\/hu\/wp-json\/wp\/v2\/product_tag?post=33862"}],"curies":[{"name":"wp","href":"https:\/\/api.w.org\/{rel}","templated":true}]}}

Hoppy Corner: otthonos, cuki húsvéti színezőkönyv

<p><span style="font-family: 'comic sans ms', sans-serif;">Kellemes húsvétot!</span></p>
<p><span style="font-family: 'comic sans ms', sans-serif;">Miért fogod imádni:</span><br />
<span style="font-family: 'comic sans ms', sans-serif;">• Vastag vonalas, könnyen színezhető illusztrációk, amik tökéletesek a pihentető pillanatokhoz.</span><br />
<span style="font-family: 'comic sans ms', sans-serif;">• Egy teljes PDF 40 egyedi mintával &#8211; nincs ismétlődés!</span><br />
<span style="font-family: 'comic sans ms', sans-serif;">• Az oldal mérete 8.5 x 8.5 inch &#8211; a legjobb 8.5 x 11 inch méretű papírra nyomtatni.</span><br />
<span style="font-family: 'comic sans ms', sans-serif;">• Tökéletes felnőtteknek és tiniknek, akik imádnak színezni.</span><br />
<span style="font-family: 'comic sans ms', sans-serif;">• Üdvözöld a tavaszt megnyugtató és kreatív pillanatokkal.</span><br />
<span style="font-family: 'comic sans ms', sans-serif;">• Gyönyörű ajándék.</span></p>
<p><span style="font-family: 'comic sans ms', sans-serif;">**FONTOS**</span><br />
<span style="font-family: 'comic sans ms', sans-serif;">• Ez egy letölthető e-könyv, amit otthon tudsz kinyomtatni &#8211; fizikai példányt nem küldünk postán.</span><br />
<span style="font-family: 'comic sans ms', sans-serif;">• A letölthető fájlokon nincsenek vízjelek.</span><br />
<span style="font-family: 'comic sans ms', sans-serif;">• KIZÁRÓLAG SZEMÉLYES/MAGÁN célra használható! Kereskedelmi célú felhasználás nem megengedett.</span><br />
<span style="font-family: 'comic sans ms', sans-serif;">• A könyv szerzői jogvédelem alatt áll, ezért TILOS a tömeggyártás és a továbbértékesítés.</span></p>
<p><span style="font-family: 'comic sans ms', sans-serif;">Szerezd be a saját példányodat még ma, és keltsd életre ezeket a cuki húsvéti színező lapokat!</span></p>
<p><span style="font-family: 'comic sans ms', sans-serif;">Ha bármilyen kérdésed van, küldj nekünk egy üzenetet 🙂</span></p>

<p>Kellemes húsvétot! Miért fogod imádni: • Vastag vonalas, könnyen színezhető illusztrációk, amik tökéletesek a pihentető pillanatokhoz. • Egy teljes PDF 40 egyedi mintával &#8211; nincs ismétlődés! • Az oldal mérete…</p>
