{"id":33808,"date":"2025-04-12T11:14:06","date_gmt":"2025-04-12T11:14:06","guid":{"rendered":"https:\/\/www.coloredcaramel.com\/product\/spooky-christmas-coloring-book-2\/"},"modified":"2026-09-05T12:36:10","modified_gmt":"2026-09-05T12:36:10","slug":"spooky-karacsonyi-szinezokonyv","status":"publish","type":"product","link":"https:\/\/www.coloredcaramel.com\/hu\/product\/spooky-karacsonyi-szinezokonyv\/","title":{"rendered":"Spooky kar\u00e1csonyi sz\u00ednez\u0151k\u00f6nyv"},"content":{"rendered":"<p><span style=\"font-family: comic sans ms, sans-serif;\">Ez a k\u00eds\u00e9rteties kar\u00e1csonyi sz\u00ednez\u0151 egy kis ijeszt\u0151 m\u00f3k\u00e1t csemp\u00e9sz az \u00fcnnepi szezonba. Tele van im\u00e1dnival\u00f3 szellemekkel, denev\u00e9rekkel, kopony\u00e1s d\u00edszekkel \u00e9s \u00fcnnepi f\u00e1kkal, \u00edgy a k\u00eds\u00e9rteties \u00e9s a vid\u00e1m \u00fcnnepi hangulat t\u00f6k\u00e9letes kever\u00e9ke.<\/span><\/p>\n<p><span style=\"font-family: comic sans ms, sans-serif;\"><strong>Mi\u00e9rt fogod im\u00e1dni<\/strong><\/span><\/p>\n<ul>\n<li><span style=\"font-family: comic sans ms, sans-serif;\">Egy elb\u0171v\u00f6l\u0151 \u00e9s szuper sz\u00f3rakoztat\u00f3 sz\u00ednez\u0151, tele 40 pihentet\u0151 mint\u00e1val, ism\u00e9tl\u0151d\u00e9sek n\u00e9lk\u00fcl!<\/span><\/li>\n<li><span style=\"font-family: comic sans ms, sans-serif;\">Olyan feln\u0151tteknek \u00e9s tiniknek k\u00e9sz\u00fclt, akik szeretik a kreat\u00edv kikapcsol\u00f3d\u00e1st \u00e9s a stresszmentes sz\u00ednez\u00e9st.<\/span><\/li>\n<li><span style=\"font-family: comic sans ms, sans-serif;\">Vastag, egyszer\u0171 vonalak \u00e9s letisztult mint\u00e1k a legjobb sz\u00ednez\u00e9si \u00e9lm\u00e9ny\u00e9rt.<\/span><\/li>\n<li><span style=\"font-family: comic sans ms, sans-serif;\">A Spooky Christmas sz\u00ednez\u0151 sz\u00f3rakoztat\u00f3 \u00e9s pihentet\u0151!<\/span><\/li>\n<li><span style=\"font-family: comic sans ms, sans-serif;\">8.5 x 8.5 inch m\u00e9ret\u0171 kinyomtathat\u00f3 PDF oldalak, amelyeket a legjobb 8.5 x 11 inch m\u00e9ret\u0171 pap\u00edrra nyomtatni.<\/span><\/li>\n<li><span style=\"font-family: comic sans ms, sans-serif;\">Otthonos m\u00f3dja a kikapcsol\u00f3d\u00e1snak \u00e9s az \u00fcnnepi j\u00f3kedv terjeszt\u00e9s\u00e9nek.<\/span><\/li>\n<li><span style=\"font-family: comic sans ms, sans-serif;\">Csod\u00e1s aj\u00e1nd\u00e9k szeretteidnek \u00e9s bar\u00e1taidnak a t\u00e9li \u00fcnnepek alatt.<\/span><\/li>\n<\/ul>\n<p><span style=\"font-family: comic sans ms, sans-serif;\"><strong>Fontos tudnival\u00f3k<\/strong><\/span><\/p>\n<ul>\n<li><span style=\"font-family: comic sans ms, sans-serif;\">Azonnali PDF let\u00f6lt\u00e9s, fizikai p\u00e9ld\u00e1nyt nem k\u00fcld\u00fcnk.<\/span><\/li>\n<li><span style=\"font-family: comic sans ms, sans-serif;\">A let\u00f6lthet\u0151 f\u00e1jlokon nincsenek v\u00edzjelek.<\/span><\/li>\n<li><span style=\"font-family: comic sans ms, sans-serif;\">Kiz\u00e1r\u00f3lag szem\u00e9lyes \u00e9s mag\u00e1nc\u00e9l\u00fa haszn\u00e1latra. Kereskedelmi c\u00e9l\u00fa felhaszn\u00e1l\u00e1s, t\u00f6meggy\u00e1rt\u00e1s vagy tov\u00e1bb\u00e9rt\u00e9kes\u00edt\u00e9s nem enged\u00e9lyezett.<\/span><\/li>\n<li><span style=\"font-family: comic sans ms, sans-serif;\">Minden grafika eredeti \u00e9s szerz\u0151i jogv\u00e9delem alatt \u00e1ll.<\/span><\/li>\n<\/ul>\n<p><span style=\"font-family: comic sans ms, sans-serif;\">Vigy\u00e9l haza egy kis otthonos kar\u00e1csonyi var\u00e1zslatot, \u00e9s \u00e9lvezd ezt az aranyos sz\u00ednez\u0151t, amely minden oldalt \u00fcnnepi kalandd\u00e1 v\u00e1ltoztat.<\/span><\/p>\n<p><span style=\"font-family: comic sans ms, sans-serif;\">Szerezd be a saj\u00e1t p\u00e9ld\u00e1nyod m\u00e9g ma, \u00e9s tedd ezt a szezont k\u00eds\u00e9rtetiesen csod\u00e1ss\u00e1!<\/span><\/p>\n<p><span style=\"font-family: comic sans ms, sans-serif;\">Ha b\u00e1rmilyen k\u00e9rd\u00e9sed van, k\u00fcldj nek\u00fcnk egy \u00fczenetet \ud83d\ude42<\/span><\/p>\n","protected":false},"excerpt":{"rendered":"<p>Ez a k\u00eds\u00e9rteties kar\u00e1csonyi sz\u00ednez\u0151 egy kis ijeszt\u0151 m\u00f3k\u00e1t csemp\u00e9sz az \u00fcnnepi szezonba. Tele van im\u00e1dnival\u00f3 szellemekkel, denev\u00e9rekkel, kopony\u00e1s d\u00edszekkel \u00e9s \u00fcnnepi f\u00e1kkal, \u00edgy a k\u00eds\u00e9rteties \u00e9s a vid\u00e1m \u00fcnnepi\u2026<\/p>\n","protected":false},"featured_media":0,"comment_status":"open","ping_status":"closed","template":"","meta":{"_acf_changed":false,"_glsr_average":0,"_glsr_ranking":0,"_glsr_reviews":0},"product_brand":[],"product_cat":[7745,7657],"product_tag":[],"class_list":["post-33808","product","type-product","status-publish","product_cat-karacsony","product_cat-szinezok","first","instock","sold-individually","shipping-taxable","purchasable","product-type-variable"],"bundled_by":[],"bundle_stock_status":"instock","bundle_stock_quantity":null,"bundle_virtual":false,"bundle_layout":"","bundle_add_to_cart_form_location":"","bundle_editable_in_cart":false,"bundle_sold_individually_context":"","bundle_item_grouping":"","bundle_min_size":"","bundle_max_size":"","bundle_price":[],"bundled_items":[],"bundle_sell_ids":[],"acf":[],"_links":{"self":[{"href":"https:\/\/www.coloredcaramel.com\/hu\/wp-json\/wp\/v2\/product\/33808","targetHints":{"allow":["GET"]}}],"collection":[{"href":"https:\/\/www.coloredcaramel.com\/hu\/wp-json\/wp\/v2\/product"}],"about":[{"href":"https:\/\/www.coloredcaramel.com\/hu\/wp-json\/wp\/v2\/types\/product"}],"replies":[{"embeddable":true,"href":"https:\/\/www.coloredcaramel.com\/hu\/wp-json\/wp\/v2\/comments?post=33808"}],"wp:attachment":[{"href":"https:\/\/www.coloredcaramel.com\/hu\/wp-json\/wp\/v2\/media?parent=33808"}],"wp:term":[{"taxonomy":"product_brand","embeddable":true,"href":"https:\/\/www.coloredcaramel.com\/hu\/wp-json\/wp\/v2\/product_brand?post=33808"},{"taxonomy":"product_cat","embeddable":true,"href":"https:\/\/www.coloredcaramel.com\/hu\/wp-json\/wp\/v2\/product_cat?post=33808"},{"taxonomy":"product_tag","embeddable":true,"href":"https:\/\/www.coloredcaramel.com\/hu\/wp-json\/wp\/v2\/product_tag?post=33808"}],"curies":[{"name":"wp","href":"https:\/\/api.w.org\/{rel}","templated":true}]}}

Spooky karácsonyi színezőkönyv

<p><span style="font-family: comic sans ms, sans-serif;">Ez a kísérteties karácsonyi színező egy kis ijesztő mókát csempész az ünnepi szezonba. Tele van imádnivaló szellemekkel, denevérekkel, koponyás díszekkel és ünnepi fákkal, így a kísérteties és a vidám ünnepi hangulat tökéletes keveréke.</span></p>
<p><span style="font-family: comic sans ms, sans-serif;"><strong>Miért fogod imádni</strong></span></p>
<ul>
<li><span style="font-family: comic sans ms, sans-serif;">Egy elbűvölő és szuper szórakoztató színező, tele 40 pihentető mintával, ismétlődések nélkül!</span></li>
<li><span style="font-family: comic sans ms, sans-serif;">Olyan felnőtteknek és tiniknek készült, akik szeretik a kreatív kikapcsolódást és a stresszmentes színezést.</span></li>
<li><span style="font-family: comic sans ms, sans-serif;">Vastag, egyszerű vonalak és letisztult minták a legjobb színezési élményért.</span></li>
<li><span style="font-family: comic sans ms, sans-serif;">A Spooky Christmas színező szórakoztató és pihentető!</span></li>
<li><span style="font-family: comic sans ms, sans-serif;">8.5 x 8.5 inch méretű kinyomtatható PDF oldalak, amelyeket a legjobb 8.5 x 11 inch méretű papírra nyomtatni.</span></li>
<li><span style="font-family: comic sans ms, sans-serif;">Otthonos módja a kikapcsolódásnak és az ünnepi jókedv terjesztésének.</span></li>
<li><span style="font-family: comic sans ms, sans-serif;">Csodás ajándék szeretteidnek és barátaidnak a téli ünnepek alatt.</span></li>
</ul>
<p><span style="font-family: comic sans ms, sans-serif;"><strong>Fontos tudnivalók</strong></span></p>
<ul>
<li><span style="font-family: comic sans ms, sans-serif;">Azonnali PDF letöltés, fizikai példányt nem küldünk.</span></li>
<li><span style="font-family: comic sans ms, sans-serif;">A letölthető fájlokon nincsenek vízjelek.</span></li>
<li><span style="font-family: comic sans ms, sans-serif;">Kizárólag személyes és magáncélú használatra. Kereskedelmi célú felhasználás, tömeggyártás vagy továbbértékesítés nem engedélyezett.</span></li>
<li><span style="font-family: comic sans ms, sans-serif;">Minden grafika eredeti és szerzői jogvédelem alatt áll.</span></li>
</ul>
<p><span style="font-family: comic sans ms, sans-serif;">Vigyél haza egy kis otthonos karácsonyi varázslatot, és élvezd ezt az aranyos színezőt, amely minden oldalt ünnepi kalanddá változtat.</span></p>
<p><span style="font-family: comic sans ms, sans-serif;">Szerezd be a saját példányod még ma, és tedd ezt a szezont kísértetiesen csodássá!</span></p>
<p><span style="font-family: comic sans ms, sans-serif;">Ha bármilyen kérdésed van, küldj nekünk egy üzenetet 🙂</span></p>

<p>Ez a kísérteties karácsonyi színező egy kis ijesztő mókát csempész az ünnepi szezonba. Tele van imádnivaló szellemekkel, denevérekkel, koponyás díszekkel és ünnepi fákkal, így a kísérteties és a vidám ünnepi…</p>
