{"id":33781,"date":"2025-04-12T11:13:56","date_gmt":"2025-04-12T11:13:56","guid":{"rendered":"https:\/\/www.coloredcaramel.com\/product\/cozy-halloween-coloring-book-2-2\/"},"modified":"2026-09-05T12:36:10","modified_gmt":"2026-09-05T12:36:10","slug":"cuki-es-otthonos-halloweeni-szinezokonyv-spooky-corner","status":"publish","type":"product","link":"https:\/\/www.coloredcaramel.com\/hu\/product\/cuki-es-otthonos-halloweeni-szinezokonyv-spooky-corner\/","title":{"rendered":"Cuki \u00e9s otthonos halloweeni sz\u00ednez\u0151k\u00f6nyv: Spooky Corner"},"content":{"rendered":"<p><span style=\"font-family: 'comic sans ms', sans-serif;\">B\u00fa! Ha szeretsz k\u00eds\u00e9rteties k\u00e9peket sz\u00ednezni, akkor im\u00e1dni fogod a cuki \u00e9s otthonos Spooky Corner halloweeni sz\u00ednez\u0151nket!<\/span><\/p>\n<p><span style=\"font-family: 'comic sans ms', sans-serif;\">Mi\u00e9rt im\u00e1djuk:<\/span><br \/>\n<span style=\"font-family: 'comic sans ms', sans-serif;\">\u2022 Szuper sz\u00f3rakoztat\u00f3 sz\u00ednez\u0151 vastag vonalas \u00e9s egyszer\u0171 illusztr\u00e1ci\u00f3kkal.<\/span><br \/>\n<span style=\"font-family: 'comic sans ms', sans-serif;\">\u2022 Egy teljes PDF 40 egyedi mint\u00e1val &#8211; nincs ism\u00e9tl\u0151d\u00e9s!<\/span><br \/>\n<span style=\"font-family: 'comic sans ms', sans-serif;\">\u2022 Az oldalak m\u00e9rete 8.5 x 8.5 inch &#8211; legink\u00e1bb 8.5 x 11 inch pap\u00edrra aj\u00e1nlott kinyomtatni.<\/span><br \/>\n<span style=\"font-family: 'comic sans ms', sans-serif;\">\u2022 T\u00f6k\u00e9letes feln\u0151tteknek \u00e9s tiniknek.<\/span><br \/>\n<span style=\"font-family: 'comic sans ms', sans-serif;\">\u2022 Ez a cuki \u00e9s otthonos Spooky Corner halloweeni sz\u00ednez\u0151 szuper pihentet\u0151 \u00e9s sz\u00f3rakoztat\u00f3!<\/span><br \/>\n<span style=\"font-family: 'comic sans ms', sans-serif;\">\u2022 Gy\u00f6ny\u00f6r\u0171 aj\u00e1nd\u00e9k.<\/span><\/p>\n<p><span style=\"font-family: 'comic sans ms', sans-serif;\">**FONTOS**<\/span><br \/>\n<span style=\"font-family: 'comic sans ms', sans-serif;\">\u2022 Ez egy let\u00f6lthet\u0151 e-k\u00f6nyv, amit otthon nyomtathatsz ki &#8211; fizikai p\u00e9ld\u00e1nyt nem k\u00fcld\u00fcnk.<\/span><br \/>\n<span style=\"font-family: 'comic sans ms', sans-serif;\">\u2022 A let\u00f6lthet\u0151 f\u00e1jlokon nincs v\u00edzjel.<\/span><br \/>\n<span style=\"font-family: 'comic sans ms', sans-serif;\">\u2022 KIZ\u00c1R\u00d3LAG SZEM\u00c9LYES\/MAG\u00c1N haszn\u00e1latra! Kereskedelmi felhaszn\u00e1l\u00e1s nem enged\u00e9lyezett.<\/span><br \/>\n<span style=\"font-family: 'comic sans ms', sans-serif;\">\u2022 A k\u00f6nyv szerz\u0151i jogv\u00e9delem alatt \u00e1ll, T\u00d6MEGGY\u00c1RT\u00c1SA vagy TOV\u00c1BB\u00c9RT\u00c9KES\u00cdT\u00c9SE TILOS.<\/span><\/p>\n<p><span style=\"font-family: 'comic sans ms', sans-serif;\">Rendeld meg ezt a cuki SZ\u00cdNEZ\u0150T a sz\u00f3rakoz\u00e1s\u00e9rt \u00e9s a stresszold\u00e1s\u00e9rt!<\/span><\/p>\n<p><span style=\"font-family: 'comic sans ms', sans-serif;\">Ha b\u00e1rmilyen k\u00e9rd\u00e9sed van, k\u00fcldj nek\u00fcnk egy \u00fczenetet \ud83d\ude42<\/span><\/p>\n","protected":false},"excerpt":{"rendered":"<p>B\u00fa! Ha szeretsz k\u00eds\u00e9rteties k\u00e9peket sz\u00ednezni, akkor im\u00e1dni fogod a cuki \u00e9s otthonos Spooky Corner halloweeni sz\u00ednez\u0151nket! Mi\u00e9rt im\u00e1djuk: \u2022 Szuper sz\u00f3rakoztat\u00f3 sz\u00ednez\u0151 vastag vonalas \u00e9s egyszer\u0171 illusztr\u00e1ci\u00f3kkal. \u2022 Egy\u2026<\/p>\n","protected":false},"featured_media":0,"comment_status":"open","ping_status":"closed","template":"","meta":{"_acf_changed":false,"_glsr_average":0,"_glsr_ranking":0,"_glsr_reviews":0},"product_brand":[],"product_cat":[7761,7657],"product_tag":[],"class_list":["post-33781","product","type-product","status-publish","product_cat-halloween","product_cat-szinezok","first","instock","sold-individually","shipping-taxable","purchasable","product-type-variable"],"bundled_by":[],"bundle_stock_status":"instock","bundle_stock_quantity":null,"bundle_virtual":false,"bundle_layout":"","bundle_add_to_cart_form_location":"","bundle_editable_in_cart":false,"bundle_sold_individually_context":"","bundle_item_grouping":"","bundle_min_size":"","bundle_max_size":"","bundle_price":[],"bundled_items":[],"bundle_sell_ids":[],"acf":[],"_links":{"self":[{"href":"https:\/\/www.coloredcaramel.com\/hu\/wp-json\/wp\/v2\/product\/33781","targetHints":{"allow":["GET"]}}],"collection":[{"href":"https:\/\/www.coloredcaramel.com\/hu\/wp-json\/wp\/v2\/product"}],"about":[{"href":"https:\/\/www.coloredcaramel.com\/hu\/wp-json\/wp\/v2\/types\/product"}],"replies":[{"embeddable":true,"href":"https:\/\/www.coloredcaramel.com\/hu\/wp-json\/wp\/v2\/comments?post=33781"}],"wp:attachment":[{"href":"https:\/\/www.coloredcaramel.com\/hu\/wp-json\/wp\/v2\/media?parent=33781"}],"wp:term":[{"taxonomy":"product_brand","embeddable":true,"href":"https:\/\/www.coloredcaramel.com\/hu\/wp-json\/wp\/v2\/product_brand?post=33781"},{"taxonomy":"product_cat","embeddable":true,"href":"https:\/\/www.coloredcaramel.com\/hu\/wp-json\/wp\/v2\/product_cat?post=33781"},{"taxonomy":"product_tag","embeddable":true,"href":"https:\/\/www.coloredcaramel.com\/hu\/wp-json\/wp\/v2\/product_tag?post=33781"}],"curies":[{"name":"wp","href":"https:\/\/api.w.org\/{rel}","templated":true}]}}

Cuki és otthonos halloweeni színezőkönyv: Spooky Corner

<p><span style="font-family: 'comic sans ms', sans-serif;">Bú! Ha szeretsz kísérteties képeket színezni, akkor imádni fogod a cuki és otthonos Spooky Corner halloweeni színezőnket!</span></p>
<p><span style="font-family: 'comic sans ms', sans-serif;">Miért imádjuk:</span><br />
<span style="font-family: 'comic sans ms', sans-serif;">• Szuper szórakoztató színező vastag vonalas és egyszerű illusztrációkkal.</span><br />
<span style="font-family: 'comic sans ms', sans-serif;">• Egy teljes PDF 40 egyedi mintával &#8211; nincs ismétlődés!</span><br />
<span style="font-family: 'comic sans ms', sans-serif;">• Az oldalak mérete 8.5 x 8.5 inch &#8211; leginkább 8.5 x 11 inch papírra ajánlott kinyomtatni.</span><br />
<span style="font-family: 'comic sans ms', sans-serif;">• Tökéletes felnőtteknek és tiniknek.</span><br />
<span style="font-family: 'comic sans ms', sans-serif;">• Ez a cuki és otthonos Spooky Corner halloweeni színező szuper pihentető és szórakoztató!</span><br />
<span style="font-family: 'comic sans ms', sans-serif;">• Gyönyörű ajándék.</span></p>
<p><span style="font-family: 'comic sans ms', sans-serif;">**FONTOS**</span><br />
<span style="font-family: 'comic sans ms', sans-serif;">• Ez egy letölthető e-könyv, amit otthon nyomtathatsz ki &#8211; fizikai példányt nem küldünk.</span><br />
<span style="font-family: 'comic sans ms', sans-serif;">• A letölthető fájlokon nincs vízjel.</span><br />
<span style="font-family: 'comic sans ms', sans-serif;">• KIZÁRÓLAG SZEMÉLYES/MAGÁN használatra! Kereskedelmi felhasználás nem engedélyezett.</span><br />
<span style="font-family: 'comic sans ms', sans-serif;">• A könyv szerzői jogvédelem alatt áll, TÖMEGGYÁRTÁSA vagy TOVÁBBÉRTÉKESÍTÉSE TILOS.</span></p>
<p><span style="font-family: 'comic sans ms', sans-serif;">Rendeld meg ezt a cuki SZÍNEZŐT a szórakozásért és a stresszoldásért!</span></p>
<p><span style="font-family: 'comic sans ms', sans-serif;">Ha bármilyen kérdésed van, küldj nekünk egy üzenetet 🙂</span></p>

<p>Bú! Ha szeretsz kísérteties képeket színezni, akkor imádni fogod a cuki és otthonos Spooky Corner halloweeni színezőnket! Miért imádjuk: • Szuper szórakoztató színező vastag vonalas és egyszerű illusztrációkkal. • Egy…</p>
