{"id":33700,"date":"2025-04-12T11:13:13","date_gmt":"2025-04-12T11:13:13","guid":{"rendered":"https:\/\/www.coloredcaramel.com\/product\/color-swatch-cute-bold-easy-test-chart-coloring-book-2\/"},"modified":"2026-09-05T12:36:01","modified_gmt":"2026-09-05T12:36:01","slug":"color-swatch-cuki-bold-easy-tesztabras","status":"publish","type":"product","link":"https:\/\/www.coloredcaramel.com\/hu\/product\/color-swatch-cuki-bold-easy-tesztabras\/","title":{"rendered":"Color Swatch: cuki, Bold &#038; Easy teszt\u00e1br\u00e1s sz\u00ednez\u0151k\u00f6nyv"},"content":{"rendered":"<p><span style=\"font-family: 'comic sans ms', sans-serif;\">Neked is fejt\u00f6r\u00e9st okoz a megfelel\u0151 sz\u00ednek kiv\u00e1laszt\u00e1sa a k\u00f6vetkez\u0151 sz\u00ednez\u0151s kalandodhoz?<\/span><br \/>\n<span style=\"font-family: 'comic sans ms', sans-serif;\">Nek\u00fcnk mindenk\u00e9pp, ez\u00e9rt k\u00e9sz\u00edtett\u00fck el ezt a cuki \u00e9s egyedi, \u00fcres sz\u00ednminta-t\u00e1bla szettet!<\/span><\/p>\n<p><span style=\"font-family: 'comic sans ms', sans-serif;\">Most m\u00e1r kipr\u00f3b\u00e1lhatod a k\u00fcl\u00f6nb\u00f6z\u0151 m\u00e1rk\u00e1k sz\u00edneit \u00e9s sz\u00ednez\u0151eszk\u00f6zeit, feljegyezheted a sz\u00ednek k\u00f3dj\u00e1t, \u00e9s m\u00e1ris k\u00e9szen \u00e1ll a palett\u00e1d a k\u00f6vetkez\u0151 kreat\u00edv projektedhez!<\/span><\/p>\n<p><span style=\"font-family: 'comic sans ms', sans-serif;\">Mivel szeretj\u00fck m\u00e1sk\u00e9pp csin\u00e1lni a dolgokat, \u00e9s unjuk a sima n\u00e9gyzeteket, a mi sz\u00ednmintat\u00e1bl\u00e1ink szuper cukik \u00e9s vid\u00e1mak! A sz\u00ednek tesztel\u00e9s\u00e9re szolg\u00e1l\u00f3 \u00fcres mez\u0151k k\u00fcl\u00f6nb\u00f6z\u0151 form\u00e1j\u00faak \u2013 a cukork\u00e1kt\u00f3l, sz\u00edvecsk\u00e9kt\u0151l, cupcake-ekt\u0151l, csillagokt\u00f3l, cicaarcokt\u00f3l, vir\u00e1gokt\u00f3l \u00e9s k\u00e1v\u00e9scs\u00e9sz\u00e9kt\u0151l kezdve a pillang\u00f3kig, fagyikig \u00e9s gomb\u00e1kig!<\/span><\/p>\n<p><span style=\"font-family: 'comic sans ms', sans-serif;\">Mi\u00e9rt im\u00e1djuk:<\/span><br \/>\n<span style=\"font-family: 'comic sans ms', sans-serif;\">\u2022 seg\u00edt a sz\u00ednv\u00e1laszt\u00e1sban sz\u00ednez\u00e9s k\u00f6zben<\/span><br \/>\n<span style=\"font-family: 'comic sans ms', sans-serif;\">\u2022 azonnal let\u00f6lthet\u0151 PDF 8.5 x 8.5 inch m\u00e9retben<\/span><br \/>\n<span style=\"font-family: 'comic sans ms', sans-serif;\">\u2022 30 szuper cuki oldal 15 egyedi mint\u00e1val \u2013 \u00f6sszesen 450 sz\u00ednminta!<\/span><br \/>\n<span style=\"font-family: 'comic sans ms', sans-serif;\">\u2022 vastag vonalak a k\u00f6nny\u0171 sz\u00ednez\u00e9shez<\/span><br \/>\n<span style=\"font-family: 'comic sans ms', sans-serif;\">\u2022 t\u00f6k\u00e9letes aj\u00e1nd\u00e9k minden sz\u00ednez\u00e9srajong\u00f3nak<\/span><\/p>\n<p><span style=\"font-family: 'comic sans ms', sans-serif;\">**FONTOS**<\/span><br \/>\n<span style=\"font-family: 'comic sans ms', sans-serif;\">\u2022 Ez egy let\u00f6lthet\u0151 PDF, amit otthon nyomtathatsz ki \u2013 fizikai p\u00e9ld\u00e1nyt nem k\u00fcld\u00fcnk.<\/span><br \/>\n<span style=\"font-family: 'comic sans ms', sans-serif;\">\u2022 A let\u00f6lthet\u0151 f\u00e1jlokon nincsenek v\u00edzjelek.<\/span><br \/>\n<span style=\"font-family: 'comic sans ms', sans-serif;\">\u2022 KIZ\u00c1R\u00d3LAG SZEM\u00c9LYES\/MAG\u00c1N c\u00e9lra haszn\u00e1lhat\u00f3! Kereskedelmi c\u00e9l\u00fa felhaszn\u00e1l\u00e1s nem megengedett.<\/span><br \/>\n<span style=\"font-family: 'comic sans ms', sans-serif;\">\u2022 A k\u00f6nyv szerz\u0151i jogi v\u00e9delem alatt \u00e1ll, T\u00d6MEGES GY\u00c1RT\u00c1S vagy TOV\u00c1BB\u00c9RT\u00c9KES\u00cdT\u00c9S nem megengedett.<\/span><\/p>\n<p><span style=\"font-family: 'comic sans ms', sans-serif;\">Rendeld meg most ezeket a FANTASZTIKUS sz\u00ednminta lapokat, \u00e9s kezdd el \u00f6ssze\u00e1ll\u00edtani a saj\u00e1t palett\u00e1dat!<\/span><\/p>\n<p><span style=\"font-family: 'comic sans ms', sans-serif;\">Ha b\u00e1rmilyen k\u00e9rd\u00e9sed van, k\u00fcldj nek\u00fcnk egy \u00fczenetet \ud83d\ude42<\/span><\/p>\n","protected":false},"excerpt":{"rendered":"<p>Neked is fejt\u00f6r\u00e9st okoz a megfelel\u0151 sz\u00ednek kiv\u00e1laszt\u00e1sa a k\u00f6vetkez\u0151 sz\u00ednez\u0151s kalandodhoz? Nek\u00fcnk mindenk\u00e9pp, ez\u00e9rt k\u00e9sz\u00edtett\u00fck el ezt a cuki \u00e9s egyedi, \u00fcres sz\u00ednminta-t\u00e1bla szettet! Most m\u00e1r kipr\u00f3b\u00e1lhatod a k\u00fcl\u00f6nb\u00f6z\u0151\u2026<\/p>\n","protected":false},"featured_media":0,"comment_status":"open","ping_status":"closed","template":"","meta":{"_acf_changed":false,"_glsr_average":0,"_glsr_ranking":0,"_glsr_reviews":0},"product_brand":[],"product_cat":[7785,7713,7657],"product_tag":[],"class_list":["post-33700","product","type-product","status-publish","product_cat-gyakorlas","product_cat-aktivitas","product_cat-szinezok","first","instock","featured","sold-individually","shipping-taxable","purchasable","product-type-variable"],"bundled_by":[],"bundle_stock_status":"instock","bundle_stock_quantity":null,"bundle_virtual":false,"bundle_layout":"","bundle_add_to_cart_form_location":"","bundle_editable_in_cart":false,"bundle_sold_individually_context":"","bundle_item_grouping":"","bundle_min_size":"","bundle_max_size":"","bundle_price":[],"bundled_items":[],"bundle_sell_ids":[],"acf":[],"_links":{"self":[{"href":"https:\/\/www.coloredcaramel.com\/hu\/wp-json\/wp\/v2\/product\/33700","targetHints":{"allow":["GET"]}}],"collection":[{"href":"https:\/\/www.coloredcaramel.com\/hu\/wp-json\/wp\/v2\/product"}],"about":[{"href":"https:\/\/www.coloredcaramel.com\/hu\/wp-json\/wp\/v2\/types\/product"}],"replies":[{"embeddable":true,"href":"https:\/\/www.coloredcaramel.com\/hu\/wp-json\/wp\/v2\/comments?post=33700"}],"wp:attachment":[{"href":"https:\/\/www.coloredcaramel.com\/hu\/wp-json\/wp\/v2\/media?parent=33700"}],"wp:term":[{"taxonomy":"product_brand","embeddable":true,"href":"https:\/\/www.coloredcaramel.com\/hu\/wp-json\/wp\/v2\/product_brand?post=33700"},{"taxonomy":"product_cat","embeddable":true,"href":"https:\/\/www.coloredcaramel.com\/hu\/wp-json\/wp\/v2\/product_cat?post=33700"},{"taxonomy":"product_tag","embeddable":true,"href":"https:\/\/www.coloredcaramel.com\/hu\/wp-json\/wp\/v2\/product_tag?post=33700"}],"curies":[{"name":"wp","href":"https:\/\/api.w.org\/{rel}","templated":true}]}}

Color Swatch: cuki, Bold &#038; Easy tesztábrás színezőkönyv

<p><span style="font-family: 'comic sans ms', sans-serif;">Neked is fejtörést okoz a megfelelő színek kiválasztása a következő színezős kalandodhoz?</span><br />
<span style="font-family: 'comic sans ms', sans-serif;">Nekünk mindenképp, ezért készítettük el ezt a cuki és egyedi, üres színminta-tábla szettet!</span></p>
<p><span style="font-family: 'comic sans ms', sans-serif;">Most már kipróbálhatod a különböző márkák színeit és színezőeszközeit, feljegyezheted a színek kódját, és máris készen áll a palettád a következő kreatív projektedhez!</span></p>
<p><span style="font-family: 'comic sans ms', sans-serif;">Mivel szeretjük másképp csinálni a dolgokat, és unjuk a sima négyzeteket, a mi színmintatábláink szuper cukik és vidámak! A színek tesztelésére szolgáló üres mezők különböző formájúak – a cukorkáktól, szívecskéktől, cupcake-ektől, csillagoktól, cicaarcoktól, virágoktól és kávéscsészéktől kezdve a pillangókig, fagyikig és gombákig!</span></p>
<p><span style="font-family: 'comic sans ms', sans-serif;">Miért imádjuk:</span><br />
<span style="font-family: 'comic sans ms', sans-serif;">• segít a színválasztásban színezés közben</span><br />
<span style="font-family: 'comic sans ms', sans-serif;">• azonnal letölthető PDF 8.5 x 8.5 inch méretben</span><br />
<span style="font-family: 'comic sans ms', sans-serif;">• 30 szuper cuki oldal 15 egyedi mintával – összesen 450 színminta!</span><br />
<span style="font-family: 'comic sans ms', sans-serif;">• vastag vonalak a könnyű színezéshez</span><br />
<span style="font-family: 'comic sans ms', sans-serif;">• tökéletes ajándék minden színezésrajongónak</span></p>
<p><span style="font-family: 'comic sans ms', sans-serif;">**FONTOS**</span><br />
<span style="font-family: 'comic sans ms', sans-serif;">• Ez egy letölthető PDF, amit otthon nyomtathatsz ki – fizikai példányt nem küldünk.</span><br />
<span style="font-family: 'comic sans ms', sans-serif;">• A letölthető fájlokon nincsenek vízjelek.</span><br />
<span style="font-family: 'comic sans ms', sans-serif;">• KIZÁRÓLAG SZEMÉLYES/MAGÁN célra használható! Kereskedelmi célú felhasználás nem megengedett.</span><br />
<span style="font-family: 'comic sans ms', sans-serif;">• A könyv szerzői jogi védelem alatt áll, TÖMEGES GYÁRTÁS vagy TOVÁBBÉRTÉKESÍTÉS nem megengedett.</span></p>
<p><span style="font-family: 'comic sans ms', sans-serif;">Rendeld meg most ezeket a FANTASZTIKUS színminta lapokat, és kezdd el összeállítani a saját palettádat!</span></p>
<p><span style="font-family: 'comic sans ms', sans-serif;">Ha bármilyen kérdésed van, küldj nekünk egy üzenetet 🙂</span></p>

<p>Neked is fejtörést okoz a megfelelő színek kiválasztása a következő színezős kalandodhoz? Nekünk mindenképp, ezért készítettük el ezt a cuki és egyedi, üres színminta-tábla szettet! Most már kipróbálhatod a különböző…</p>
