{"id":35024,"date":"2025-06-12T06:13:41","date_gmt":"2025-06-12T06:13:41","guid":{"rendered":"https:\/\/www.coloredcaramel.com\/product\/spooky-dreams-coloring-book-2\/"},"modified":"2026-09-05T12:36:31","modified_gmt":"2026-09-05T12:36:31","slug":"spooky-dreams-varityskirja-aaveista-ja-ystavista","status":"publish","type":"product","link":"https:\/\/www.coloredcaramel.com\/fi\/product\/spooky-dreams-varityskirja-aaveista-ja-ystavista\/","title":{"rendered":"Spooky Dreams: v\u00e4rityskirja aaveista ja yst\u00e4vist\u00e4"},"content":{"rendered":"<p><span style=\"font-family: 'comic sans ms', sans-serif;\">Tervetuloa Spooky Dreams -v\u00e4rityskirjan pariin! S\u00f6p\u00f6t pikkuyst\u00e4v\u00e4mme ja j\u00e4nnitt\u00e4v\u00e4t aaveet odottavat p\u00e4\u00e4sev\u00e4ns\u00e4 viem\u00e4\u00e4n sinut taianomaiseen seikkailuun. \u2728<\/p>\n<p>\ud83e\udde1 Miksi rakastamme sit\u00e4:<\/span><br \/>\n<span style=\"font-family: 'comic sans ms', sans-serif;\">\u2022 Selke\u00e4t, helposti v\u00e4ritett\u00e4v\u00e4t kuvitukset sopivat t\u00e4ydellisesti rentouttaviin hetkiin.<\/span><br \/>\n<span style=\"font-family: 'comic sans ms', sans-serif;\">\u2022 Kokonainen PDF-tiedosto, jossa on 40 ainutlaatuista, suloista ja j\u00e4nnitt\u00e4v\u00e4\u00e4 kuvaa \u2013 ei toistoja!<\/span><br \/>\n<span style=\"font-family: 'comic sans ms', sans-serif;\">\u2022 Sis\u00e4lt\u00e4\u00e4 v\u00e4rimallit ja tilaa v\u00e4rien ja yhdistelmien kokeilemiseen.<\/span><br \/>\n<span style=\"font-family: 'comic sans ms', sans-serif;\">\u2022 Sivun koko on 8.5 x 8.5 tuumaa \u2013 tulostetaan parhaiten 8.5 x 11 tuuman paperille.<\/span><br \/>\n<span style=\"font-family: 'comic sans ms', sans-serif;\">\u2022 Sopii erinomaisesti aikuisille ja teini-ik\u00e4isille, jotka rakastavat v\u00e4ritt\u00e4mist\u00e4 ja j\u00e4nnitt\u00e4vi\u00e4 asioita.<\/span><br \/>\n<span style=\"font-family: 'comic sans ms', sans-serif;\">\u2022 Spooky Dreams -v\u00e4rityskirja on t\u00e4ydellinen valinta halloweeniin tai mihin tahansa p\u00e4iv\u00e4\u00e4n vuodesta.<\/span><br \/>\n<span style=\"font-family: 'comic sans ms', sans-serif;\">\u2022 Nauti omasta rauhasta rentouttavien ja luovien hetkien parissa.<\/span><br \/>\n<span style=\"font-family: 'comic sans ms', sans-serif;\">\u2022 Kaunis lahja.<\/span><\/p>\n<p><span style=\"font-family: 'comic sans ms', sans-serif;\">**T\u00c4RKE\u00c4\u00c4**<\/span><br \/>\n<span style=\"font-family: 'comic sans ms', sans-serif;\">\u2022 T\u00e4m\u00e4 on ladattava e-kirja, jonka tulostat kotona \u2013 fyysisi\u00e4 kappaleita ei l\u00e4hetet\u00e4 postitse.<\/span><br \/>\n<span style=\"font-family: 'comic sans ms', sans-serif;\">\u2022 Ladattavissa tiedostoissa ei ole vesileimoja.<\/span><br \/>\n<span style=\"font-family: 'comic sans ms', sans-serif;\">\u2022 AINOASTAAN HENKIL\u00d6KOHTAISEEN\/YKSITYISEEN k\u00e4ytt\u00f6\u00f6n! Kaupallinen k\u00e4ytt\u00f6 on kielletty.<\/span><br \/>\n<span style=\"font-family: 'comic sans ms', sans-serif;\">\u2022 Kirja on tekij\u00e4noikeuksien alainen, eik\u00e4 sen MASSATUOTANTO tai J\u00c4LLEENMYYNTI ole sallittua.<\/span><\/p>\n<p><span style=\"font-family: 'comic sans ms', sans-serif;\">Hanki omasi jo t\u00e4n\u00e4\u00e4n ja uppoudu suloisimpiin ja j\u00e4nnitt\u00e4vimpiin uniin!<\/span><\/p>\n<p><span style=\"font-family: 'comic sans ms', sans-serif;\">Jos sinulla on kysytt\u00e4v\u00e4\u00e4, l\u00e4het\u00e4 meille viesti \ud83d\ude42<\/span><\/p>\n","protected":false},"excerpt":{"rendered":"<p>Tervetuloa Spooky Dreamsiin! S\u00f6p\u00f6t pikkuyst\u00e4v\u00e4mme ja karmivat aaveet odottavat sinua maagiselle seikkailulle. \u2728<\/p>\n","protected":false},"featured_media":0,"comment_status":"open","ping_status":"closed","template":"","meta":{"_acf_changed":false,"_glsr_average":0,"_glsr_ranking":0,"_glsr_reviews":0},"product_brand":[],"product_cat":[7763,7795,7659],"product_tag":[],"class_list":["post-35024","product","type-product","status-publish","product_cat-halloween","product_cat-rentoutuminen","product_cat-varityskirjat","first","instock","sold-individually","shipping-taxable","purchasable","product-type-variable"],"bundled_by":[],"bundle_stock_status":"instock","bundle_stock_quantity":null,"bundle_virtual":false,"bundle_layout":"","bundle_add_to_cart_form_location":"","bundle_editable_in_cart":false,"bundle_sold_individually_context":"","bundle_item_grouping":"","bundle_min_size":"","bundle_max_size":"","bundle_price":[],"bundled_items":[],"bundle_sell_ids":[],"acf":[],"_links":{"self":[{"href":"https:\/\/www.coloredcaramel.com\/fi\/wp-json\/wp\/v2\/product\/35024","targetHints":{"allow":["GET"]}}],"collection":[{"href":"https:\/\/www.coloredcaramel.com\/fi\/wp-json\/wp\/v2\/product"}],"about":[{"href":"https:\/\/www.coloredcaramel.com\/fi\/wp-json\/wp\/v2\/types\/product"}],"replies":[{"embeddable":true,"href":"https:\/\/www.coloredcaramel.com\/fi\/wp-json\/wp\/v2\/comments?post=35024"}],"wp:attachment":[{"href":"https:\/\/www.coloredcaramel.com\/fi\/wp-json\/wp\/v2\/media?parent=35024"}],"wp:term":[{"taxonomy":"product_brand","embeddable":true,"href":"https:\/\/www.coloredcaramel.com\/fi\/wp-json\/wp\/v2\/product_brand?post=35024"},{"taxonomy":"product_cat","embeddable":true,"href":"https:\/\/www.coloredcaramel.com\/fi\/wp-json\/wp\/v2\/product_cat?post=35024"},{"taxonomy":"product_tag","embeddable":true,"href":"https:\/\/www.coloredcaramel.com\/fi\/wp-json\/wp\/v2\/product_tag?post=35024"}],"curies":[{"name":"wp","href":"https:\/\/api.w.org\/{rel}","templated":true}]}}

Spooky Dreams: värityskirja aaveista ja ystävistä

<p><span style="font-family: 'comic sans ms', sans-serif;">Tervetuloa Spooky Dreams -värityskirjan pariin! Söpöt pikkuystävämme ja jännittävät aaveet odottavat pääsevänsä viemään sinut taianomaiseen seikkailuun. ✨</p>
<p>🧡 Miksi rakastamme sitä:</span><br />
<span style="font-family: 'comic sans ms', sans-serif;">• Selkeät, helposti väritettävät kuvitukset sopivat täydellisesti rentouttaviin hetkiin.</span><br />
<span style="font-family: 'comic sans ms', sans-serif;">• Kokonainen PDF-tiedosto, jossa on 40 ainutlaatuista, suloista ja jännittävää kuvaa – ei toistoja!</span><br />
<span style="font-family: 'comic sans ms', sans-serif;">• Sisältää värimallit ja tilaa värien ja yhdistelmien kokeilemiseen.</span><br />
<span style="font-family: 'comic sans ms', sans-serif;">• Sivun koko on 8.5 x 8.5 tuumaa – tulostetaan parhaiten 8.5 x 11 tuuman paperille.</span><br />
<span style="font-family: 'comic sans ms', sans-serif;">• Sopii erinomaisesti aikuisille ja teini-ikäisille, jotka rakastavat värittämistä ja jännittäviä asioita.</span><br />
<span style="font-family: 'comic sans ms', sans-serif;">• Spooky Dreams -värityskirja on täydellinen valinta halloweeniin tai mihin tahansa päivään vuodesta.</span><br />
<span style="font-family: 'comic sans ms', sans-serif;">• Nauti omasta rauhasta rentouttavien ja luovien hetkien parissa.</span><br />
<span style="font-family: 'comic sans ms', sans-serif;">• Kaunis lahja.</span></p>
<p><span style="font-family: 'comic sans ms', sans-serif;">**TÄRKEÄÄ**</span><br />
<span style="font-family: 'comic sans ms', sans-serif;">• Tämä on ladattava e-kirja, jonka tulostat kotona – fyysisiä kappaleita ei lähetetä postitse.</span><br />
<span style="font-family: 'comic sans ms', sans-serif;">• Ladattavissa tiedostoissa ei ole vesileimoja.</span><br />
<span style="font-family: 'comic sans ms', sans-serif;">• AINOASTAAN HENKILÖKOHTAISEEN/YKSITYISEEN käyttöön! Kaupallinen käyttö on kielletty.</span><br />
<span style="font-family: 'comic sans ms', sans-serif;">• Kirja on tekijänoikeuksien alainen, eikä sen MASSATUOTANTO tai JÄLLEENMYYNTI ole sallittua.</span></p>
<p><span style="font-family: 'comic sans ms', sans-serif;">Hanki omasi jo tänään ja uppoudu suloisimpiin ja jännittävimpiin uniin!</span></p>
<p><span style="font-family: 'comic sans ms', sans-serif;">Jos sinulla on kysyttävää, lähetä meille viesti 🙂</span></p>

<p>Tervetuloa Spooky Dreamsiin! Söpöt pikkuystävämme ja karmivat aaveet odottavat sinua maagiselle seikkailulle. ✨</p>
