{"id":33841,"date":"2025-04-12T11:14:12","date_gmt":"2025-04-12T11:14:12","guid":{"rendered":"https:\/\/www.coloredcaramel.com\/product\/easy-bold-christmas-coloring-book-2\/"},"modified":"2026-09-05T12:36:11","modified_gmt":"2026-09-05T12:36:11","slug":"helppo-ja-selkea-joulun-varityskirja-lumipalloilla","status":"publish","type":"product","link":"https:\/\/www.coloredcaramel.com\/fi\/product\/helppo-ja-selkea-joulun-varityskirja-lumipalloilla\/","title":{"rendered":"Helppo ja selke\u00e4 joulun v\u00e4rityskirja lumipalloilla"},"content":{"rendered":"<p><span style=\"font-family: 'comic sans ms', sans-serif;\">Tuo ripaus v\u00e4ri\u00e4 joulunodotukseen! Ota mukava asento ja anna luovuutesi kukkia t\u00e4m\u00e4n helpon ja n\u00e4ytt\u00e4v\u00e4n joulun v\u00e4rityskirjan parissa!<\/span><\/p>\n<p><span style=\"font-family: 'comic sans ms', sans-serif;\">Miksi rakastamme t\u00e4t\u00e4:<\/span><br \/>\n<span style=\"font-family: 'comic sans ms', sans-serif;\">\u2022 Helppo ja n\u00e4ytt\u00e4v\u00e4 joulun v\u00e4rityskirja, jossa on suloisia kuvituksia.<br \/>\n\u2022 Sis\u00e4lt\u00e4\u00e4 erilaisia lumisadekupla-v\u00e4rityskuvia.<br \/>\n<\/span><span style=\"font-family: 'comic sans ms', sans-serif;\">\u2022 Kokonainen PDF, jossa on 40 ainutlaatuista kuvaa &#8211; ei toistoja!<br \/>\n<\/span><span style=\"font-family: 'comic sans ms', sans-serif;\">\u2022 Sivun koko on 8.5 x 8.5 tuumaa &#8211; paras tulostaa 8.5 x 11 tuuman paperille.<\/span><br \/>\n<span style=\"font-family: 'comic sans ms', sans-serif;\">\u2022 T\u00e4ydellinen aikuisille ja teineille.<br \/>\n\u2022 <\/span><span style=\"font-family: 'comic sans ms', sans-serif;\">Sopii loistavasti luokkahuoneen taideprojekteihin, askarteluun tai perheen yhteisiin hetkiin.<br \/>\n<\/span><span style=\"font-family: 'comic sans ms', sans-serif;\">\u2022 Ikuista joulun taika ja luo oma talven ihmemaasi.<br \/>\n\u2022 Rentouttavaa!<\/span><br \/>\n<span style=\"font-family: 'comic sans ms', sans-serif;\">\u2022 Kaunis lahja.<\/span><\/p>\n<p><span style=\"font-family: 'comic sans ms', sans-serif;\">**T\u00c4RKE\u00c4\u00c4**<\/span><br \/>\n<span style=\"font-family: 'comic sans ms', sans-serif;\">\u2022 T\u00e4m\u00e4 on ladattava e-kirja, jonka tulostat kotona &#8211; fyysisi\u00e4 kopioita ei postiteta.<\/span><br \/>\n<span style=\"font-family: 'comic sans ms', sans-serif;\">\u2022 Ladattavissa tiedostoissa ei ole vesileimoja.<\/span><br \/>\n<span style=\"font-family: 'comic sans ms', sans-serif;\">\u2022 VAIN HENKIL\u00d6KOHTAISEEN\/YKSITYISEEN k\u00e4ytt\u00f6\u00f6n! Kaupallinen k\u00e4ytt\u00f6 on kielletty.<\/span><br \/>\n<span style=\"font-family: 'comic sans ms', sans-serif;\">\u2022 Kirja on tekij\u00e4noikeussuojattu, eik\u00e4 MASSATUOTANTO tai J\u00c4LLEENMYYNTI ole sallittua.<\/span><\/p>\n<p><span style=\"font-family: 'comic sans ms', sans-serif;\">Hanki omasi jo t\u00e4n\u00e4\u00e4n ja nauti taianomaisesta joulusta!<\/span><\/p>\n<p><span style=\"font-family: 'comic sans ms', sans-serif;\">Jos sinulla on kysytt\u00e4v\u00e4\u00e4, laita meille viesti\u00e4 \ud83d\ude42<\/span><\/p>\n","protected":false},"excerpt":{"rendered":"<p>Tuo ripaus v\u00e4ri\u00e4 joulunodotukseen! Ota mukava asento ja anna luovuutesi kukkia t\u00e4m\u00e4n helpon ja n\u00e4ytt\u00e4v\u00e4n joulun v\u00e4rityskirjan parissa! Miksi rakastamme t\u00e4t\u00e4: \u2022 Helppo ja n\u00e4ytt\u00e4v\u00e4 joulun v\u00e4rityskirja, jossa on suloisia\u2026<\/p>\n","protected":false},"featured_media":0,"comment_status":"open","ping_status":"closed","template":"","meta":{"_acf_changed":false,"_glsr_average":0,"_glsr_ranking":0,"_glsr_reviews":0},"product_brand":[],"product_cat":[7747,7659],"product_tag":[],"class_list":["post-33841","product","type-product","status-publish","product_cat-joulu","product_cat-varityskirjat","first","instock","sold-individually","shipping-taxable","purchasable","product-type-variable"],"bundled_by":[],"bundle_stock_status":"instock","bundle_stock_quantity":null,"bundle_virtual":false,"bundle_layout":"","bundle_add_to_cart_form_location":"","bundle_editable_in_cart":false,"bundle_sold_individually_context":"","bundle_item_grouping":"","bundle_min_size":"","bundle_max_size":"","bundle_price":[],"bundled_items":[],"bundle_sell_ids":[],"acf":[],"_links":{"self":[{"href":"https:\/\/www.coloredcaramel.com\/fi\/wp-json\/wp\/v2\/product\/33841","targetHints":{"allow":["GET"]}}],"collection":[{"href":"https:\/\/www.coloredcaramel.com\/fi\/wp-json\/wp\/v2\/product"}],"about":[{"href":"https:\/\/www.coloredcaramel.com\/fi\/wp-json\/wp\/v2\/types\/product"}],"replies":[{"embeddable":true,"href":"https:\/\/www.coloredcaramel.com\/fi\/wp-json\/wp\/v2\/comments?post=33841"}],"wp:attachment":[{"href":"https:\/\/www.coloredcaramel.com\/fi\/wp-json\/wp\/v2\/media?parent=33841"}],"wp:term":[{"taxonomy":"product_brand","embeddable":true,"href":"https:\/\/www.coloredcaramel.com\/fi\/wp-json\/wp\/v2\/product_brand?post=33841"},{"taxonomy":"product_cat","embeddable":true,"href":"https:\/\/www.coloredcaramel.com\/fi\/wp-json\/wp\/v2\/product_cat?post=33841"},{"taxonomy":"product_tag","embeddable":true,"href":"https:\/\/www.coloredcaramel.com\/fi\/wp-json\/wp\/v2\/product_tag?post=33841"}],"curies":[{"name":"wp","href":"https:\/\/api.w.org\/{rel}","templated":true}]}}

Helppo ja selkeä joulun värityskirja lumipalloilla

<p><span style="font-family: 'comic sans ms', sans-serif;">Tuo ripaus väriä joulunodotukseen! Ota mukava asento ja anna luovuutesi kukkia tämän helpon ja näyttävän joulun värityskirjan parissa!</span></p>
<p><span style="font-family: 'comic sans ms', sans-serif;">Miksi rakastamme tätä:</span><br />
<span style="font-family: 'comic sans ms', sans-serif;">• Helppo ja näyttävä joulun värityskirja, jossa on suloisia kuvituksia.<br />
• Sisältää erilaisia lumisadekupla-värityskuvia.<br />
</span><span style="font-family: 'comic sans ms', sans-serif;">• Kokonainen PDF, jossa on 40 ainutlaatuista kuvaa &#8211; ei toistoja!<br />
</span><span style="font-family: 'comic sans ms', sans-serif;">• Sivun koko on 8.5 x 8.5 tuumaa &#8211; paras tulostaa 8.5 x 11 tuuman paperille.</span><br />
<span style="font-family: 'comic sans ms', sans-serif;">• Täydellinen aikuisille ja teineille.<br />
• </span><span style="font-family: 'comic sans ms', sans-serif;">Sopii loistavasti luokkahuoneen taideprojekteihin, askarteluun tai perheen yhteisiin hetkiin.<br />
</span><span style="font-family: 'comic sans ms', sans-serif;">• Ikuista joulun taika ja luo oma talven ihmemaasi.<br />
• Rentouttavaa!</span><br />
<span style="font-family: 'comic sans ms', sans-serif;">• Kaunis lahja.</span></p>
<p><span style="font-family: 'comic sans ms', sans-serif;">**TÄRKEÄÄ**</span><br />
<span style="font-family: 'comic sans ms', sans-serif;">• Tämä on ladattava e-kirja, jonka tulostat kotona &#8211; fyysisiä kopioita ei postiteta.</span><br />
<span style="font-family: 'comic sans ms', sans-serif;">• Ladattavissa tiedostoissa ei ole vesileimoja.</span><br />
<span style="font-family: 'comic sans ms', sans-serif;">• VAIN HENKILÖKOHTAISEEN/YKSITYISEEN käyttöön! Kaupallinen käyttö on kielletty.</span><br />
<span style="font-family: 'comic sans ms', sans-serif;">• Kirja on tekijänoikeussuojattu, eikä MASSATUOTANTO tai JÄLLEENMYYNTI ole sallittua.</span></p>
<p><span style="font-family: 'comic sans ms', sans-serif;">Hanki omasi jo tänään ja nauti taianomaisesta joulusta!</span></p>
<p><span style="font-family: 'comic sans ms', sans-serif;">Jos sinulla on kysyttävää, laita meille viestiä 🙂</span></p>

<p>Tuo ripaus väriä joulunodotukseen! Ota mukava asento ja anna luovuutesi kukkia tämän helpon ja näyttävän joulun värityskirjan parissa! Miksi rakastamme tätä: • Helppo ja näyttävä joulun värityskirja, jossa on suloisia…</p>
