{"id":35399,"date":"2025-10-11T11:22:48","date_gmt":"2025-10-11T11:22:48","guid":{"rendered":"https:\/\/www.coloredcaramel.com\/product\/charming-christmas-a-coloring-book-for-all-ages-2\/"},"modified":"2026-09-05T12:36:53","modified_gmt":"2026-09-05T12:36:53","slug":"charming-christmas-en-malebog-for-alle-aldre","status":"publish","type":"product","link":"https:\/\/www.coloredcaramel.com\/da\/product\/charming-christmas-en-malebog-for-alle-aldre\/","title":{"rendered":"Charming Christmas: en malebog for alle aldre"},"content":{"rendered":"<p><span style=\"font-family: 'comic sans ms', sans-serif;\">De s\u00f8deste julemalesider med en sjov adventskalender, der skal farvel\u00e6gges, med i pakken!<\/span><\/p>\n<p><span style=\"font-family: 'comic sans ms', sans-serif;\">Hvorfor vi elsker det:<\/span><br \/>\n<span style=\"font-family: 'comic sans ms', sans-serif;\">\u2022 Den er fyldt med s\u00f8de og muntre illustrationer med julemotiver, nisser, dyr, snem\u00e6nd, slik og meget mere!<\/span><br \/>\n<span style=\"font-family: 'comic sans ms', sans-serif;\">\u2022 En komplet PDF-fil med 35 unikke motiver<\/span><br \/>\n<span style=\"font-family: 'comic sans ms', sans-serif;\">\u2022 En s\u00e6rlig adventskalender-maleside medf\u00f8lger<\/span><br \/>\n<span style=\"font-family: 'comic sans ms', sans-serif;\">\u2022 En farvepr\u00f8ve med juleelementer medf\u00f8lger<\/span><br \/>\n<span style=\"font-family: 'comic sans ms', sans-serif;\">\u2022 Sidest\u00f8rrelsen er 8.5 x 11 inches<\/span><br \/>\n<span style=\"font-family: 'comic sans ms', sans-serif;\">\u2022 Perfekt til voksne og teenagere<\/span><br \/>\n<span style=\"font-family: 'comic sans ms', sans-serif;\">\u2022 Perfekt afstressende aktivitet<\/span><br \/>\n<span style=\"font-family: 'comic sans ms', sans-serif;\">\u2022 Sjov aktivitet til julen<\/span><br \/>\n<span style=\"font-family: 'comic sans ms', sans-serif;\">\u2022 Gaven, alle vil elske!<\/span><\/p>\n<p><span style=\"font-family: 'comic sans ms', sans-serif;\">**VIGTIGT**<\/span><br \/>\n<span style=\"font-family: 'comic sans ms', sans-serif;\">\u2022 Dette er en e-bog, der kan downloades, og som du selv udskriver derhjemme \u2013 der sendes ingen fysiske eksemplarer med posten.<\/span><br \/>\n<span style=\"font-family: 'comic sans ms', sans-serif;\">\u2022 Der er ingen vandm\u00e6rker p\u00e5 de filer, der kan downloades.<\/span><br \/>\n<span style=\"font-family: 'comic sans ms', sans-serif;\">\u2022 KUN til PERSONLIG\/PRIVAT brug! Kommerciel brug er ikke tilladt.<\/span><br \/>\n<span style=\"font-family: 'comic sans ms', sans-serif;\">\u2022 Bogen er ophavsretligt beskyttet, og MASSEPRODUKTION eller VIDERESALG er IKKE tilladt.<\/span><br \/>\n<span style=\"font-family: 'comic sans ms', sans-serif;\">Bestil denne SJOVE MALEBOG NU og del JULESTEMNINGEN!<\/span><\/p>\n<p><span style=\"font-family: 'comic sans ms', sans-serif;\">Lad os v\u00e6re legesyge, glade, afslappede og kreative i denne juletid!<\/span><\/p>\n<p><span style=\"font-family: 'comic sans ms', sans-serif;\">Hvis du har sp\u00f8rgsm\u00e5l, s\u00e5 send os en besked \ud83d\ude42<\/span><\/p>\n","protected":false},"excerpt":{"rendered":"<p>De s\u00f8deste julemalesider med en sjov adventskalender, der skal farvel\u00e6gges, med i pakken! Hvorfor vi elsker det: \u2022 Den er fyldt med s\u00f8de og muntre illustrationer med julemotiver, nisser, dyr,\u2026<\/p>\n","protected":false},"featured_media":0,"comment_status":"open","ping_status":"closed","template":"","meta":{"_acf_changed":false,"_glsr_average":0,"_glsr_ranking":0,"_glsr_reviews":0},"product_brand":[],"product_cat":[7746,7690,7658],"product_tag":[],"class_list":["post-35399","product","type-product","status-publish","product_cat-jul","product_cat-ikke-kategoriseret","product_cat-maleboger","first","instock","sold-individually","shipping-taxable","purchasable","product-type-variable"],"bundled_by":[],"bundle_stock_status":"instock","bundle_stock_quantity":null,"bundle_virtual":false,"bundle_layout":"","bundle_add_to_cart_form_location":"","bundle_editable_in_cart":false,"bundle_sold_individually_context":"","bundle_item_grouping":"","bundle_min_size":"","bundle_max_size":"","bundle_price":[],"bundled_items":[],"bundle_sell_ids":[],"acf":[],"_links":{"self":[{"href":"https:\/\/www.coloredcaramel.com\/da\/wp-json\/wp\/v2\/product\/35399","targetHints":{"allow":["GET"]}}],"collection":[{"href":"https:\/\/www.coloredcaramel.com\/da\/wp-json\/wp\/v2\/product"}],"about":[{"href":"https:\/\/www.coloredcaramel.com\/da\/wp-json\/wp\/v2\/types\/product"}],"replies":[{"embeddable":true,"href":"https:\/\/www.coloredcaramel.com\/da\/wp-json\/wp\/v2\/comments?post=35399"}],"wp:attachment":[{"href":"https:\/\/www.coloredcaramel.com\/da\/wp-json\/wp\/v2\/media?parent=35399"}],"wp:term":[{"taxonomy":"product_brand","embeddable":true,"href":"https:\/\/www.coloredcaramel.com\/da\/wp-json\/wp\/v2\/product_brand?post=35399"},{"taxonomy":"product_cat","embeddable":true,"href":"https:\/\/www.coloredcaramel.com\/da\/wp-json\/wp\/v2\/product_cat?post=35399"},{"taxonomy":"product_tag","embeddable":true,"href":"https:\/\/www.coloredcaramel.com\/da\/wp-json\/wp\/v2\/product_tag?post=35399"}],"curies":[{"name":"wp","href":"https:\/\/api.w.org\/{rel}","templated":true}]}}

<p><span style="font-family: 'comic sans ms', sans-serif;">De sødeste julemalesider med en sjov adventskalender, der skal farvelægges, med i pakken!</span></p>
<p><span style="font-family: 'comic sans ms', sans-serif;">Hvorfor vi elsker det:</span><br />
<span style="font-family: 'comic sans ms', sans-serif;">• Den er fyldt med søde og muntre illustrationer med julemotiver, nisser, dyr, snemænd, slik og meget mere!</span><br />
<span style="font-family: 'comic sans ms', sans-serif;">• En komplet PDF-fil med 35 unikke motiver</span><br />
<span style="font-family: 'comic sans ms', sans-serif;">• En særlig adventskalender-maleside medfølger</span><br />
<span style="font-family: 'comic sans ms', sans-serif;">• En farveprøve med juleelementer medfølger</span><br />
<span style="font-family: 'comic sans ms', sans-serif;">• Sidestørrelsen er 8.5 x 11 inches</span><br />
<span style="font-family: 'comic sans ms', sans-serif;">• Perfekt til voksne og teenagere</span><br />
<span style="font-family: 'comic sans ms', sans-serif;">• Perfekt afstressende aktivitet</span><br />
<span style="font-family: 'comic sans ms', sans-serif;">• Sjov aktivitet til julen</span><br />
<span style="font-family: 'comic sans ms', sans-serif;">• Gaven, alle vil elske!</span></p>
<p><span style="font-family: 'comic sans ms', sans-serif;">**VIGTIGT**</span><br />
<span style="font-family: 'comic sans ms', sans-serif;">• Dette er en e-bog, der kan downloades, og som du selv udskriver derhjemme – der sendes ingen fysiske eksemplarer med posten.</span><br />
<span style="font-family: 'comic sans ms', sans-serif;">• Der er ingen vandmærker på de filer, der kan downloades.</span><br />
<span style="font-family: 'comic sans ms', sans-serif;">• KUN til PERSONLIG/PRIVAT brug! Kommerciel brug er ikke tilladt.</span><br />
<span style="font-family: 'comic sans ms', sans-serif;">• Bogen er ophavsretligt beskyttet, og MASSEPRODUKTION eller VIDERESALG er IKKE tilladt.</span><br />
<span style="font-family: 'comic sans ms', sans-serif;">Bestil denne SJOVE MALEBOG NU og del JULESTEMNINGEN!</span></p>
<p><span style="font-family: 'comic sans ms', sans-serif;">Lad os være legesyge, glade, afslappede og kreative i denne juletid!</span></p>
<p><span style="font-family: 'comic sans ms', sans-serif;">Hvis du har spørgsmål, så send os en besked 🙂</span></p>

<p>De sødeste julemalesider med en sjov adventskalender, der skal farvelægges, med i pakken! Hvorfor vi elsker det: • Den er fyldt med søde og muntre illustrationer med julemotiver, nisser, dyr,…</p>
