{"id":35609,"date":"2025-11-30T08:33:43","date_gmt":"2025-11-30T08:33:43","guid":{"rendered":"https:\/\/www.coloredcaramel.com\/product\/chibi-girls-christmas-coloring-book-2\/"},"modified":"2026-09-05T12:37:03","modified_gmt":"2026-09-05T12:37:03","slug":"vanocni-omalovanky-s-chibi-holcickami","status":"publish","type":"product","link":"https:\/\/www.coloredcaramel.com\/cs\/product\/vanocni-omalovanky-s-chibi-holcickami\/","title":{"rendered":"V\u00e1no\u010dn\u00ed omalov\u00e1nky s chibi hol\u010di\u010dkami"},"content":{"rendered":"<p data-start=\"100\" data-end=\"381\"><strong data-start=\"104\" data-end=\"151\">Vstup do sv\u011bta v\u00e1no\u010dn\u00ed magie ve stylu chibi!<\/strong> \u2728<br data-start=\"155\" data-end=\"158\" \/>Objev ty nejroztomilej\u0161\u00ed mal\u00e9 chibi hol\u010di\u010dky, kter\u00e9 si v ka\u017ed\u00e9 zimn\u00ed sc\u00e9n\u011b u\u017e\u00edvaj\u00ed \u00fatulnou a sv\u00e1te\u010dn\u00ed atmosf\u00e9ru. Od zdoben\u00ed pern\u00ed\u010dk\u016f p\u0159es balen\u00ed d\u00e1rk\u016f a\u017e po hran\u00ed ve sn\u011bhu, ka\u017ed\u00e1 str\u00e1nka p\u0159in\u00e1\u0161\u00ed nov\u00fd okam\u017eik prosincov\u00e9 radosti. \ud83d\udc97<br \/>\n<br data-start=\"424\" data-end=\"427\" \/>P\u0159iprav se na \u00fatulnou atmosf\u00e9ru, z\u00e1\u0159iv\u00e9 \u00fasm\u011bvy a nekone\u010dnou roztomilost k vybarven\u00ed. \ud83c\udf80<\/p>\n<p><span style=\"font-family: 'comic sans ms', sans-serif; font-size: 12pt;\"><span style=\"font-weight: 400;\">\ud83e\udde1 <\/span><b>Pro\u010d je milujeme:<\/b><\/span><\/p>\n<ul>\n<li><span style=\"font-weight: 400; font-family: 'comic sans ms', sans-serif; font-size: 12pt;\"> Rozko\u0161n\u00e9, v\u00fdrazn\u00e9 motivy stvo\u0159en\u00e9 pro \u00fatuln\u00e9 chvilky s vybarvov\u00e1n\u00edm.<\/span><\/li>\n<li><span style=\"font-weight: 400; font-family: 'comic sans ms', sans-serif; font-size: 12pt;\"> PDF s 25 jedine\u010dn\u00fdmi sv\u00e1te\u010dn\u00edmi ilustracemi (\u017e\u00e1dn\u00e9 neopakujeme!).<\/span><\/li>\n<li><span style=\"font-weight: 400; font-family: 'comic sans ms', sans-serif; font-size: 12pt;\"> Velikost str\u00e1nky je 8.5 x 11 palc\u016f.<\/span><\/li>\n<li><span style=\"font-weight: 400; font-family: 'comic sans ms', sans-serif; font-size: 12pt;\"> Ur\u010deno pro dosp\u011bl\u00e9 a teenagery, kte\u0159\u00ed miluj\u00ed roztomil\u00e9, \u00fatuln\u00e9 a uklid\u0148uj\u00edc\u00ed ilustrace.<\/span><\/li>\n<li><span style=\"font-weight: 400; font-family: 'comic sans ms', sans-serif; font-size: 12pt;\"> Tv\u016fj klidn\u00fd \u00fanik od ka\u017edodenn\u00edho stresu.<\/span><\/li>\n<li><span style=\"font-weight: 400; font-family: 'comic sans ms', sans-serif; font-size: 12pt;\">Ide\u00e1ln\u00ed jako mil\u00fd d\u00e1rek.<\/span><\/li>\n<\/ul>\n<h3><span style=\"font-family: 'comic sans ms', sans-serif; font-size: 12pt;\"><span style=\"font-weight: 400;\">Vyber si svou obl\u00edbenou verzi: <\/span><b>digit\u00e1ln\u00ed nebo ti\u0161t\u011bnou!<br \/>\n<\/b><span style=\"font-weight: 400;\">\ud83e\udde1 <\/span><b>Digit\u00e1ln\u00ed verzi<\/b><span style=\"font-weight: 400;\"> si m\u016f\u017ee\u0161 st\u00e1hnout p\u0159\u00edmo tady, nebo<br \/>\n<\/span><span style=\"font-weight: 400;\">\ud83d\udc9a si vyber <\/span><b>ti\u0161t\u011bnou knihu<\/b><span style=\"font-weight: 400;\"> a objednej si ji na Amazonu!<\/span><\/span><\/h3>\n<h3><span style=\"font-family: 'comic sans ms', sans-serif; font-size: 12pt;\"><span style=\"font-weight: 400;\">\u2728 <\/span><b>D\u016fle\u017eit\u00e9<\/b><span style=\"font-weight: 400;\"> \u2728<\/span><span style=\"font-weight: 400;\"><br \/>\n<\/span><span style=\"font-weight: 400;\">\ud83e\udde1 Jedn\u00e1 se o digit\u00e1ln\u00ed omalov\u00e1nky k vytisknut\u00ed.<\/span><span style=\"font-weight: 400;\"><br \/>\n<\/span><span style=\"font-weight: 400;\">\ud83d\udeab Nebudou zas\u00edl\u00e1ny \u017e\u00e1dn\u00e9 fyzick\u00e9 v\u00fdtisky.<\/span><span style=\"font-weight: 400;\"><br \/>\n<\/span><span style=\"font-weight: 400;\">\ud83c\udfe1 M\u016f\u017ee\u0161 si je st\u00e1hnout a vytisknout doma tolikr\u00e1t, kolikr\u00e1t chce\u0161, ale pouze pro osobn\u00ed pou\u017eit\u00ed.<\/span><span style=\"font-weight: 400;\"><br \/>\n<\/span><span style=\"font-weight: 400;\">\ud83d\udc95 \u017d\u00e1dn\u00e9 komer\u010dn\u00ed vyu\u017eit\u00ed, tyto str\u00e1nky neprod\u00e1vej, nesd\u00edlej ani nedistribuuj.<\/span><span style=\"font-weight: 400;\"><br \/>\n<\/span><span style=\"font-weight: 400;\">\ud83c\udfa8 Nepou\u017e\u00edvej tyto vzory k vytv\u00e1\u0159en\u00ed nov\u00fdch produkt\u016f (jako jsou samolepky, knihy nebo merch).<\/span><span style=\"font-weight: 400;\"><br \/>\n<\/span><span style=\"font-weight: 400;\">\ud83d\udcf8 Sv\u00e9 vybarven\u00e9 str\u00e1nky m\u016f\u017ee\u0161 sd\u00edlet online, sta\u010d\u00ed uv\u00e9st Colored Caramel jako zdroj.<\/span><span style=\"font-weight: 400;\"><br \/>\n<\/span><span style=\"font-weight: 400;\">\ud83d\udd8b\ufe0f V\u0161echny n\u00e1vrhy jsou pln\u011b chr\u00e1n\u011bny autorsk\u00fdmi pr\u00e1vy Colored Caramel. Pros\u00edme, respektuj na\u0161i pr\u00e1ci a kreativitu.<\/span><span style=\"font-weight: 400;\"><br \/>\n<\/span><span style=\"font-weight: 400;\"><br \/>\n<\/span><span style=\"font-weight: 400;\">P\u0159ipravit, pozor, vybarvujeme! \u2728 St\u00e1hni si svou kopii a za\u010dni vybarvovat tyto v\u00e1no\u010dn\u00ed str\u00e1nky s roztomil\u00fdmi kawaii chibi hol\u010di\u010dkami.\u00a0<\/span><\/span><\/h3>\n<p><span style=\"font-weight: 400; font-family: 'comic sans ms', sans-serif; font-size: 12pt;\">Pokud m\u00e1\u0161 n\u011bjak\u00e9 dotazy, po\u0161li n\u00e1m zpr\u00e1vu \ud83e\udde1<\/span><\/p>\n","protected":false},"excerpt":{"rendered":"<p>Vstup do sv\u011bta v\u00e1no\u010dn\u00ed magie ve stylu chibi! \u2728Objev ty nejroztomilej\u0161\u00ed mal\u00e9 chibi hol\u010di\u010dky, kter\u00e9 si v ka\u017ed\u00e9 zimn\u00ed sc\u00e9n\u011b u\u017e\u00edvaj\u00ed \u00fatulnou a sv\u00e1te\u010dn\u00ed atmosf\u00e9ru. Od zdoben\u00ed pern\u00ed\u010dk\u016f p\u0159es balen\u00ed\u2026<\/p>\n","protected":false},"featured_media":0,"comment_status":"open","ping_status":"closed","template":"","meta":{"_acf_changed":false,"_glsr_average":0,"_glsr_ranking":0,"_glsr_reviews":0},"product_brand":[],"product_cat":[1851,1855,1844],"product_tag":[],"class_list":["post-35609","product","type-product","status-publish","product_cat-vanoce","product_cat-kawaii","product_cat-omalovanky","first","instock","sold-individually","shipping-taxable","purchasable","product-type-variable"],"bundled_by":[],"bundle_stock_status":"instock","bundle_stock_quantity":null,"bundle_virtual":false,"bundle_layout":"","bundle_add_to_cart_form_location":"","bundle_editable_in_cart":false,"bundle_sold_individually_context":"","bundle_item_grouping":"","bundle_min_size":"","bundle_max_size":"","bundle_price":[],"bundled_items":[],"bundle_sell_ids":[],"acf":[],"_links":{"self":[{"href":"https:\/\/www.coloredcaramel.com\/cs\/wp-json\/wp\/v2\/product\/35609","targetHints":{"allow":["GET"]}}],"collection":[{"href":"https:\/\/www.coloredcaramel.com\/cs\/wp-json\/wp\/v2\/product"}],"about":[{"href":"https:\/\/www.coloredcaramel.com\/cs\/wp-json\/wp\/v2\/types\/product"}],"replies":[{"embeddable":true,"href":"https:\/\/www.coloredcaramel.com\/cs\/wp-json\/wp\/v2\/comments?post=35609"}],"wp:attachment":[{"href":"https:\/\/www.coloredcaramel.com\/cs\/wp-json\/wp\/v2\/media?parent=35609"}],"wp:term":[{"taxonomy":"product_brand","embeddable":true,"href":"https:\/\/www.coloredcaramel.com\/cs\/wp-json\/wp\/v2\/product_brand?post=35609"},{"taxonomy":"product_cat","embeddable":true,"href":"https:\/\/www.coloredcaramel.com\/cs\/wp-json\/wp\/v2\/product_cat?post=35609"},{"taxonomy":"product_tag","embeddable":true,"href":"https:\/\/www.coloredcaramel.com\/cs\/wp-json\/wp\/v2\/product_tag?post=35609"}],"curies":[{"name":"wp","href":"https:\/\/api.w.org\/{rel}","templated":true}]}}

Vánoční omalovánky s chibi holčičkami

<p data-start="100" data-end="381"><strong data-start="104" data-end="151">Vstup do světa vánoční magie ve stylu chibi!</strong> ✨<br data-start="155" data-end="158" />Objev ty nejroztomilejší malé chibi holčičky, které si v každé zimní scéně užívají útulnou a sváteční atmosféru. Od zdobení perníčků přes balení dárků až po hraní ve sněhu, každá stránka přináší nový okamžik prosincové radosti. 💗<br />
<br data-start="424" data-end="427" />Připrav se na útulnou atmosféru, zářivé úsměvy a nekonečnou roztomilost k vybarvení. 🎀</p>
<p><span style="font-family: 'comic sans ms', sans-serif; font-size: 12pt;"><span style="font-weight: 400;">🧡 </span><b>Proč je milujeme:</b></span></p>
<ul>
<li><span style="font-weight: 400; font-family: 'comic sans ms', sans-serif; font-size: 12pt;"> Rozkošné, výrazné motivy stvořené pro útulné chvilky s vybarvováním.</span></li>
<li><span style="font-weight: 400; font-family: 'comic sans ms', sans-serif; font-size: 12pt;"> PDF s 25 jedinečnými svátečními ilustracemi (žádné neopakujeme!).</span></li>
<li><span style="font-weight: 400; font-family: 'comic sans ms', sans-serif; font-size: 12pt;"> Velikost stránky je 8.5 x 11 palců.</span></li>
<li><span style="font-weight: 400; font-family: 'comic sans ms', sans-serif; font-size: 12pt;"> Určeno pro dospělé a teenagery, kteří milují roztomilé, útulné a uklidňující ilustrace.</span></li>
<li><span style="font-weight: 400; font-family: 'comic sans ms', sans-serif; font-size: 12pt;"> Tvůj klidný únik od každodenního stresu.</span></li>
<li><span style="font-weight: 400; font-family: 'comic sans ms', sans-serif; font-size: 12pt;">Ideální jako milý dárek.</span></li>
</ul>
<h3><span style="font-family: 'comic sans ms', sans-serif; font-size: 12pt;"><span style="font-weight: 400;">Vyber si svou oblíbenou verzi: </span><b>digitální nebo tištěnou!<br />
</b><span style="font-weight: 400;">🧡 </span><b>Digitální verzi</b><span style="font-weight: 400;"> si můžeš stáhnout přímo tady, nebo<br />
</span><span style="font-weight: 400;">💚 si vyber </span><b>tištěnou knihu</b><span style="font-weight: 400;"> a objednej si ji na Amazonu!</span></span></h3>
<h3><span style="font-family: 'comic sans ms', sans-serif; font-size: 12pt;"><span style="font-weight: 400;">✨ </span><b>Důležité</b><span style="font-weight: 400;"> ✨</span><span style="font-weight: 400;"><br />
</span><span style="font-weight: 400;">🧡 Jedná se o digitální omalovánky k vytisknutí.</span><span style="font-weight: 400;"><br />
</span><span style="font-weight: 400;">🚫 Nebudou zasílány žádné fyzické výtisky.</span><span style="font-weight: 400;"><br />
</span><span style="font-weight: 400;">🏡 Můžeš si je stáhnout a vytisknout doma tolikrát, kolikrát chceš, ale pouze pro osobní použití.</span><span style="font-weight: 400;"><br />
</span><span style="font-weight: 400;">💕 Žádné komerční využití, tyto stránky neprodávej, nesdílej ani nedistribuuj.</span><span style="font-weight: 400;"><br />
</span><span style="font-weight: 400;">🎨 Nepoužívej tyto vzory k vytváření nových produktů (jako jsou samolepky, knihy nebo merch).</span><span style="font-weight: 400;"><br />
</span><span style="font-weight: 400;">📸 Své vybarvené stránky můžeš sdílet online, stačí uvést Colored Caramel jako zdroj.</span><span style="font-weight: 400;"><br />
</span><span style="font-weight: 400;">🖋️ Všechny návrhy jsou plně chráněny autorskými právy Colored Caramel. Prosíme, respektuj naši práci a kreativitu.</span><span style="font-weight: 400;"><br />
</span><span style="font-weight: 400;"><br />
</span><span style="font-weight: 400;">Připravit, pozor, vybarvujeme! ✨ Stáhni si svou kopii a začni vybarvovat tyto vánoční stránky s roztomilými kawaii chibi holčičkami. </span></span></h3>
<p><span style="font-weight: 400; font-family: 'comic sans ms', sans-serif; font-size: 12pt;">Pokud máš nějaké dotazy, pošli nám zprávu 🧡</span></p>

<p>Vstup do světa vánoční magie ve stylu chibi! ✨Objev ty nejroztomilejší malé chibi holčičky, které si v každé zimní scéně užívají útulnou a sváteční atmosféru. Od zdobení perníčků přes balení…</p>
