{"id":35465,"date":"2025-11-08T10:26:48","date_gmt":"2025-11-08T10:26:48","guid":{"rendered":"https:\/\/www.coloredcaramel.com\/product\/christmas-bundle-2\/"},"modified":"2026-09-05T12:36:54","modified_gmt":"2026-09-05T12:36:54","slug":"vanocni-omalovanky-tvuj-novy-oblibeny-balicek-utulnych","status":"publish","type":"product","link":"https:\/\/www.coloredcaramel.com\/cs\/product\/vanocni-omalovanky-tvuj-novy-oblibeny-balicek-utulnych\/","title":{"rendered":"V\u00e1no\u010dn\u00ed omalov\u00e1nky, tv\u016fj nov\u00fd obl\u00edben\u00fd bal\u00ed\u010dek \u00fatuln\u00fdch a t\u0159pytiv\u00fdch sv\u00e1te\u010dn\u00edch omalov\u00e1nek"},"content":{"rendered":"<p><span style=\"font-family: 'comic sans ms', sans-serif;\">Ty nejz\u00e1\u0159iv\u011bj\u0161\u00ed v\u00e1no\u010dn\u00ed omalov\u00e1nky<\/span><\/p>\n<p><span style=\"font-family: 'comic sans ms', sans-serif;\">Vybarvi si to nejkr\u00e1sn\u011bj\u0161\u00ed obdob\u00ed v roce!<\/span><br \/>\n<span style=\"font-family: 'comic sans ms', sans-serif;\">Spojili jsme na\u0161e nejroztomilej\u0161\u00ed a nejkouzeln\u011bj\u0161\u00ed v\u00e1no\u010dn\u00ed omalov\u00e1nky do jedn\u00e9 neodolateln\u00e9 nab\u00eddky pln\u00e9 sv\u00e1te\u010dn\u00ed radosti, \u00fatuln\u00e9 atmosf\u00e9ry a spousty rozko\u0161n\u00e9ho kouzla.<\/span><\/p>\n<p><span style=\"font-family: 'comic sans ms', sans-serif;\">\ud83c\udf85 Festive Days: Vykresli si cestu do zimn\u00ed \u0159\u00ed\u0161e div\u016f se 40 roztomil\u00fdmi, \u00fatuln\u00fdmi a radost\u00ed napln\u011bn\u00fdmi v\u00e1no\u010dn\u00edmi sc\u00e9nami.<\/span><br \/>\n<span style=\"font-family: 'comic sans ms', sans-serif;\">\ud83c\udf81 Festive Corner: 40 \u00fatuln\u00fdch a vesel\u00fdch v\u00e1no\u010dn\u00edch sc\u00e9n k vybarven\u00ed, u kter\u00fdch si odpo\u010dine\u0161 a poc\u00edt\u00ed\u0161 kouzlo V\u00e1noc.<\/span><br \/>\n<span style=\"font-family: 'comic sans ms', sans-serif;\">\ud83c\udf84 Magical Snow Globes: Objev snov\u00fd sv\u011bt, kde ka\u017ed\u00e1 sn\u011bhov\u00e1 koule vypr\u00e1v\u00ed sv\u016fj vlastn\u00ed \u00fatuln\u00fd v\u00e1no\u010dn\u00ed p\u0159\u00edb\u011bh!<br \/>\n\ud83d\udc7b Ghostly Cute Christmas: Pro ty, kte\u0159\u00ed v\u011b\u0159\u00ed, \u017ee ka\u017ed\u00e9 ro\u010dn\u00ed obdob\u00ed si zaslou\u017e\u00ed trochu stra\u0161ideln\u00e9ho t\u0159pytu.<br \/>\n<\/span><\/p>\n<p><span style=\"font-family: 'comic sans ms', sans-serif;\">\u017d\u00e1dn\u00e9 opakuj\u00edc\u00ed se obr\u00e1zky, jen nekone\u010dn\u00e1 sv\u00e1te\u010dn\u00ed magie a rozko\u0161n\u00e9 v\u00e1no\u010dn\u00ed omalov\u00e1nky stvo\u0159en\u00e9 pro sv\u00e1te\u010dn\u00ed odpo\u010dinek.<\/span><\/p>\n<p><span style=\"font-family: 'comic sans ms', sans-serif;\">\u2728 Rozbal tohle kouzlo a za\u010dni vybarvovat sv\u016fj v\u00e1no\u010dn\u00ed p\u0159\u00edb\u011bh je\u0161t\u011b dnes! \u2728<\/span><\/p>\n","protected":false},"excerpt":{"rendered":"<p>Ty nejz\u00e1\u0159iv\u011bj\u0161\u00ed v\u00e1no\u010dn\u00ed omalov\u00e1nky Vybarvi si to nejkr\u00e1sn\u011bj\u0161\u00ed obdob\u00ed v roce! Spojili jsme na\u0161e nejroztomilej\u0161\u00ed a nejkouzeln\u011bj\u0161\u00ed v\u00e1no\u010dn\u00ed omalov\u00e1nky do jedn\u00e9 neodolateln\u00e9 nab\u00eddky pln\u00e9 sv\u00e1te\u010dn\u00ed radosti, \u00fatuln\u00e9 atmosf\u00e9ry a spousty\u2026<\/p>\n","protected":false},"featured_media":0,"comment_status":"open","ping_status":"closed","template":"","meta":{"_acf_changed":false,"_glsr_average":0,"_glsr_ranking":0,"_glsr_reviews":0},"product_brand":[],"product_cat":[1851,1845,1844],"product_tag":[],"class_list":["post-35465","product","type-product","status-publish","product_cat-vanoce","product_cat-balicky","product_cat-omalovanky","first","instock","sale","virtual","sold-individually","product-type-bundle"],"bundled_by":[],"bundle_stock_status":"instock","bundle_stock_quantity":"","bundle_virtual":true,"bundle_layout":"default","bundle_add_to_cart_form_location":"after_summary","bundle_editable_in_cart":true,"bundle_sold_individually_context":"product","bundle_item_grouping":"parent","bundle_min_size":"","bundle_max_size":"","bundle_price":{"price":{"min":{"incl_tax":"22.33","excl_tax":"22.33"},"max":{"incl_tax":"22.33","excl_tax":"22.33"}},"regular_price":{"min":{"incl_tax":"31.96","excl_tax":"31.96"},"max":{"incl_tax":"31.96","excl_tax":"31.96"}}},"bundled_items":[],"bundle_sell_ids":[],"acf":[],"_links":{"self":[{"href":"https:\/\/www.coloredcaramel.com\/cs\/wp-json\/wp\/v2\/product\/35465","targetHints":{"allow":["GET"]}}],"collection":[{"href":"https:\/\/www.coloredcaramel.com\/cs\/wp-json\/wp\/v2\/product"}],"about":[{"href":"https:\/\/www.coloredcaramel.com\/cs\/wp-json\/wp\/v2\/types\/product"}],"replies":[{"embeddable":true,"href":"https:\/\/www.coloredcaramel.com\/cs\/wp-json\/wp\/v2\/comments?post=35465"}],"wp:attachment":[{"href":"https:\/\/www.coloredcaramel.com\/cs\/wp-json\/wp\/v2\/media?parent=35465"}],"wp:term":[{"taxonomy":"product_brand","embeddable":true,"href":"https:\/\/www.coloredcaramel.com\/cs\/wp-json\/wp\/v2\/product_brand?post=35465"},{"taxonomy":"product_cat","embeddable":true,"href":"https:\/\/www.coloredcaramel.com\/cs\/wp-json\/wp\/v2\/product_cat?post=35465"},{"taxonomy":"product_tag","embeddable":true,"href":"https:\/\/www.coloredcaramel.com\/cs\/wp-json\/wp\/v2\/product_tag?post=35465"}],"curies":[{"name":"wp","href":"https:\/\/api.w.org\/{rel}","templated":true}]}}

Vánoční omalovánky, tvůj nový oblíbený balíček útulných a třpytivých svátečních omalovánek

<p><span style="font-family: 'comic sans ms', sans-serif;">Ty nejzářivější vánoční omalovánky</span></p>
<p><span style="font-family: 'comic sans ms', sans-serif;">Vybarvi si to nejkrásnější období v roce!</span><br />
<span style="font-family: 'comic sans ms', sans-serif;">Spojili jsme naše nejroztomilejší a nejkouzelnější vánoční omalovánky do jedné neodolatelné nabídky plné sváteční radosti, útulné atmosféry a spousty rozkošného kouzla.</span></p>
<p><span style="font-family: 'comic sans ms', sans-serif;">🎅 Festive Days: Vykresli si cestu do zimní říše divů se 40 roztomilými, útulnými a radostí naplněnými vánočními scénami.</span><br />
<span style="font-family: 'comic sans ms', sans-serif;">🎁 Festive Corner: 40 útulných a veselých vánočních scén k vybarvení, u kterých si odpočineš a pocítíš kouzlo Vánoc.</span><br />
<span style="font-family: 'comic sans ms', sans-serif;">🎄 Magical Snow Globes: Objev snový svět, kde každá sněhová koule vypráví svůj vlastní útulný vánoční příběh!<br />
👻 Ghostly Cute Christmas: Pro ty, kteří věří, že každé roční období si zaslouží trochu strašidelného třpytu.<br />
</span></p>
<p><span style="font-family: 'comic sans ms', sans-serif;">Žádné opakující se obrázky, jen nekonečná sváteční magie a rozkošné vánoční omalovánky stvořené pro sváteční odpočinek.</span></p>
<p><span style="font-family: 'comic sans ms', sans-serif;">✨ Rozbal tohle kouzlo a začni vybarvovat svůj vánoční příběh ještě dnes! ✨</span></p>

<p>Ty nejzářivější vánoční omalovánky Vybarvi si to nejkrásnější období v roce! Spojili jsme naše nejroztomilejší a nejkouzelnější vánoční omalovánky do jedné neodolatelné nabídky plné sváteční radosti, útulné atmosféry a spousty…</p>
