{"id":35438,"date":"2025-10-18T11:03:59","date_gmt":"2025-10-18T11:03:59","guid":{"rendered":"https:\/\/www.coloredcaramel.com\/product\/festive-days-cozy-christmas-coloring-book-comfy-relaxation-for-adults-and-teens-2\/"},"modified":"2026-09-05T12:36:54","modified_gmt":"2026-09-05T12:36:54","slug":"festive-days-cozy-christmas-coloring-book-pohodova","status":"publish","type":"product","link":"https:\/\/www.coloredcaramel.com\/cs\/product\/festive-days-cozy-christmas-coloring-book-pohodova\/","title":{"rendered":"Festive Days Cozy Christmas Coloring Book: pohodov\u00e1 relaxace pro dosp\u011bl\u00e9 a teenagery"},"content":{"rendered":"<h4><span style=\"font-family: 'comic sans ms', sans-serif;\"><span style=\"font-size: 14pt;\">T\u011b\u0161\u00ed\u0161 se na ty nejkouzeln\u011bj\u0161\u00ed a nejroztomilej\u0161\u00ed V\u00e1noce?\ud83c\udf32<\/span><\/span><\/h4>\n<p><span style=\"font-family: 'comic sans ms', sans-serif; font-size: 12pt;\">V\u00edtej ve <i>Festive Days<\/i>, \u00fatuln\u00fdch <strong>v\u00e1no\u010dn\u00edch omalov\u00e1nk\u00e1ch pln\u00fdch h\u0159ejiv\u00e9ho kouzla, t\u0159pytiv\u00fdch sv\u011bt\u00fdlek a \u010dist\u00e9 sv\u00e1te\u010dn\u00ed radosti! <\/strong><\/span><span style=\"font-family: 'comic sans ms', sans-serif;\"><span style=\"font-size: 14pt;\">\u2728<\/span><\/span><\/p>\n<p><span style=\"font-size: 12pt; font-family: 'comic sans ms', sans-serif;\">Ka\u017ed\u00e1 str\u00e1nka je pln\u00e1 <strong>roztomil\u00fdch postavi\u010dek, z\u00e1\u0159iv\u00fdch ozdob a vesel\u00fdch zimn\u00edch sc\u00e9n<\/strong>, kter\u00e9 \u010dekaj\u00ed jen na <i>tv\u016fj<\/i> barevn\u00fd dotek a kreativitu.<\/span><\/p>\n<p><span style=\"font-family: 'comic sans ms', sans-serif; font-size: 12pt;\">Tak se zachumlej do sv\u00e9 obl\u00edben\u00e9 deky, uva\u0159 si hrnek hork\u00e9ho kakaa a <strong>nech svou fantazii z\u00e1\u0159it jasn\u011bji ne\u017e sv\u011bt\u00fdlka na strome\u010dku.<\/strong><\/span><\/p>\n<p><span style=\"font-size: 12pt; font-family: 'comic sans ms', sans-serif;\">\ud83e\udde1<strong> Pro\u010d je milujeme:<\/strong><br \/>\n\u2022 <strong>Roztomil\u00e9 a v\u00fdrazn\u00e9 motivy<\/strong> stvo\u0159en\u00e9 pro \u00fatuln\u00e9 chv\u00edle s omalov\u00e1nkami.<br \/>\n\u2022 PDF se <strong>40 jedine\u010dn\u00fdmi sv\u00e1te\u010dn\u00edmi ilustracemi<\/strong> (\u017e\u00e1dn\u00e9 se neopakuj\u00ed!).<br \/>\n\u2022 Obsahuj\u00ed <strong>vzorn\u00edky barev<\/strong> a mal\u00e1 <strong>m\u00edsta pro hran\u00ed s paletami a vzory<\/strong>.<br \/>\n\u2022 Velikost str\u00e1nky je <strong>8.5 x 8.5 palce<\/strong> \u2013 nejl\u00e9pe se tiskne na pap\u00edr 8.5 x 11 palc\u016f.<br \/>\n\u2022 Vytvo\u0159eno <strong>pro dosp\u011bl\u00e9 a teenagery<\/strong>, kte\u0159\u00ed miluj\u00ed <strong>roztomil\u00e9, \u00fatuln\u00e9 a uklid\u0148uj\u00edc\u00ed sv\u00e1te\u010dn\u00ed ilustrace<\/strong>.<br \/>\n\u2022 <strong>Tv\u016fj klidn\u00fd \u00fanik p\u0159ed p\u0159edv\u00e1no\u010dn\u00edm shonem.<\/strong><br \/>\n\u2022 Ide\u00e1ln\u00ed jako <strong>kr\u00e1sn\u00fd d\u00e1rek!<\/strong><\/span><\/p>\n<p><span style=\"font-size: 12pt; font-family: 'comic sans ms', sans-serif;\">Vyber si svou obl\u00edbenou verzi:<strong> digit\u00e1ln\u00ed nebo ti\u0161t\u011bnou!<\/strong><br \/>\n\ud83e\udde1 Z\u00edskej <strong>digit\u00e1ln\u00ed verzi p\u0159\u00edmo tady<\/strong>, nebo<br \/>\n\ud83e\udde1 <strong>Zvol ti\u0161t\u011bnou verzi<\/strong> a objednej si ji <strong>na Amazonu<\/strong>!<\/span><\/p>\n<p><span style=\"font-family: 'comic sans ms', sans-serif; font-size: 12pt;\">\u2728 <strong>D\u016fle\u017eit\u00e9<\/strong> \u2728<br \/>\n\ud83e\udde1 Jedn\u00e1 se o <strong>digit\u00e1ln\u00ed omalov\u00e1nky k vytisknut\u00ed<\/strong>. Pokud chce\u0161 <strong>fyzickou kopii, vyber pros\u00edm \u201eTi\u0161t\u011bn\u00e1 verze\u201c a dokon\u010di n\u00e1kup na Amazonu<\/strong>.<br data-start=\"499\" data-end=\"502\" \/>\ud83d\udeab <strong>Pokud si na na\u0161em webu zakoup\u00ed\u0161 digit\u00e1ln\u00ed verzi k vytisknut\u00ed, nebudou ti zasl\u00e1ny \u017e\u00e1dn\u00e9 fyzick\u00e9 kopie.<\/strong><br \/>\n\ud83c\udfe1 M\u016f\u017ee\u0161 si je <strong>st\u00e1hnout a vytisknout<\/strong> doma, kolikr\u00e1t jen bude\u0161 cht\u00edt, ale <strong>pouze pro osobn\u00ed pou\u017eit\u00ed<\/strong>.<br \/>\n\ud83d\udc95 <strong>\u017d\u00e1dn\u00e9 komer\u010dn\u00ed vyu\u017eit\u00ed<\/strong> \u2013 tyto str\u00e1nky neprod\u00e1vej, nesd\u00edlej ani d\u00e1le ne\u0161i\u0159.<br \/>\n\ud83c\udfa8 <strong>Nepou\u017e\u00edvej tyto n\u00e1vrhy k vytv\u00e1\u0159en\u00ed nov\u00fdch produkt\u016f<\/strong> (jako jsou samolepky, knihy nebo merch).<br \/>\n\ud83d\udcf8 Sv\u00e9 <strong>vybarven\u00e9 str\u00e1nky<\/strong> m\u016f\u017ee\u0161 klidn\u011b <strong>sd\u00edlet<\/strong> online \u2013 sta\u010d\u00ed <strong>uv\u00e9st jako autora Colored Caramel<\/strong>.<br \/>\n\ud83d\udd8b\ufe0f V\u0161echny n\u00e1vrhy jsou <strong>pln\u011b chr\u00e1n\u011bny autorsk\u00fdmi pr\u00e1vy Colored Caramel<\/strong>. Pros\u00edme, respektuj na\u0161i pr\u00e1ci a kreativitu.<\/span><\/p>\n<p><span style=\"font-family: 'comic sans ms', sans-serif;\"><strong>P\u0159ipravit, pozor, V\u00e1noce! \ud83c\udf85\u2728 Po\u0159i\u010f si svou kopii a pono\u0159 se do sv\u00e1te\u010dn\u00ed roztomilosti!<\/strong><\/span><\/p>\n<p><span style=\"font-family: 'comic sans ms', sans-serif; font-size: 12pt;\">Pokud m\u00e1\u0161 jak\u00e9koliv dotazy, po\u0161li n\u00e1m zpr\u00e1vu \ud83e\udde1<\/span><\/p>\n","protected":false},"excerpt":{"rendered":"<p>T\u011b\u0161\u00ed\u0161 se na ty nejkouzeln\u011bj\u0161\u00ed a nejroztomilej\u0161\u00ed V\u00e1noce?\ud83c\udf32 V\u00edtej ve Festive Days, \u00fatuln\u00fdch v\u00e1no\u010dn\u00edch omalov\u00e1nk\u00e1ch pln\u00fdch h\u0159ejiv\u00e9ho kouzla, t\u0159pytiv\u00fdch sv\u011bt\u00fdlek a \u010dist\u00e9 sv\u00e1te\u010dn\u00ed radosti! \u2728 Ka\u017ed\u00e1 str\u00e1nka je pln\u00e1 roztomil\u00fdch\u2026<\/p>\n","protected":false},"featured_media":0,"comment_status":"open","ping_status":"closed","template":"","meta":{"_acf_changed":false,"_glsr_average":0,"_glsr_ranking":0,"_glsr_reviews":0},"product_brand":[],"product_cat":[1851,1844],"product_tag":[],"class_list":["post-35438","product","type-product","status-publish","product_cat-vanoce","product_cat-omalovanky","first","instock","sold-individually","shipping-taxable","purchasable","product-type-variable"],"bundled_by":[],"bundle_stock_status":"instock","bundle_stock_quantity":null,"bundle_virtual":false,"bundle_layout":"","bundle_add_to_cart_form_location":"","bundle_editable_in_cart":false,"bundle_sold_individually_context":"","bundle_item_grouping":"","bundle_min_size":"","bundle_max_size":"","bundle_price":[],"bundled_items":[],"bundle_sell_ids":[],"acf":[],"_links":{"self":[{"href":"https:\/\/www.coloredcaramel.com\/cs\/wp-json\/wp\/v2\/product\/35438","targetHints":{"allow":["GET"]}}],"collection":[{"href":"https:\/\/www.coloredcaramel.com\/cs\/wp-json\/wp\/v2\/product"}],"about":[{"href":"https:\/\/www.coloredcaramel.com\/cs\/wp-json\/wp\/v2\/types\/product"}],"replies":[{"embeddable":true,"href":"https:\/\/www.coloredcaramel.com\/cs\/wp-json\/wp\/v2\/comments?post=35438"}],"wp:attachment":[{"href":"https:\/\/www.coloredcaramel.com\/cs\/wp-json\/wp\/v2\/media?parent=35438"}],"wp:term":[{"taxonomy":"product_brand","embeddable":true,"href":"https:\/\/www.coloredcaramel.com\/cs\/wp-json\/wp\/v2\/product_brand?post=35438"},{"taxonomy":"product_cat","embeddable":true,"href":"https:\/\/www.coloredcaramel.com\/cs\/wp-json\/wp\/v2\/product_cat?post=35438"},{"taxonomy":"product_tag","embeddable":true,"href":"https:\/\/www.coloredcaramel.com\/cs\/wp-json\/wp\/v2\/product_tag?post=35438"}],"curies":[{"name":"wp","href":"https:\/\/api.w.org\/{rel}","templated":true}]}}

Festive Days Cozy Christmas Coloring Book: pohodová relaxace pro dospělé a teenagery

<h4><span style="font-family: 'comic sans ms', sans-serif;"><span style="font-size: 14pt;">Těšíš se na ty nejkouzelnější a nejroztomilejší Vánoce?🌲</span></span></h4>
<p><span style="font-family: 'comic sans ms', sans-serif; font-size: 12pt;">Vítej ve <i>Festive Days</i>, útulných <strong>vánočních omalovánkách plných hřejivého kouzla, třpytivých světýlek a čisté sváteční radosti! </strong></span><span style="font-family: 'comic sans ms', sans-serif;"><span style="font-size: 14pt;">✨</span></span></p>
<p><span style="font-size: 12pt; font-family: 'comic sans ms', sans-serif;">Každá stránka je plná <strong>roztomilých postaviček, zářivých ozdob a veselých zimních scén</strong>, které čekají jen na <i>tvůj</i> barevný dotek a kreativitu.</span></p>
<p><span style="font-family: 'comic sans ms', sans-serif; font-size: 12pt;">Tak se zachumlej do své oblíbené deky, uvař si hrnek horkého kakaa a <strong>nech svou fantazii zářit jasněji než světýlka na stromečku.</strong></span></p>
<p><span style="font-size: 12pt; font-family: 'comic sans ms', sans-serif;">🧡<strong> Proč je milujeme:</strong><br />
• <strong>Roztomilé a výrazné motivy</strong> stvořené pro útulné chvíle s omalovánkami.<br />
• PDF se <strong>40 jedinečnými svátečními ilustracemi</strong> (žádné se neopakují!).<br />
• Obsahují <strong>vzorníky barev</strong> a malá <strong>místa pro hraní s paletami a vzory</strong>.<br />
• Velikost stránky je <strong>8.5 x 8.5 palce</strong> – nejlépe se tiskne na papír 8.5 x 11 palců.<br />
• Vytvořeno <strong>pro dospělé a teenagery</strong>, kteří milují <strong>roztomilé, útulné a uklidňující sváteční ilustrace</strong>.<br />
• <strong>Tvůj klidný únik před předvánočním shonem.</strong><br />
• Ideální jako <strong>krásný dárek!</strong></span></p>
<p><span style="font-size: 12pt; font-family: 'comic sans ms', sans-serif;">Vyber si svou oblíbenou verzi:<strong> digitální nebo tištěnou!</strong><br />
🧡 Získej <strong>digitální verzi přímo tady</strong>, nebo<br />
🧡 <strong>Zvol tištěnou verzi</strong> a objednej si ji <strong>na Amazonu</strong>!</span></p>
<p><span style="font-family: 'comic sans ms', sans-serif; font-size: 12pt;">✨ <strong>Důležité</strong> ✨<br />
🧡 Jedná se o <strong>digitální omalovánky k vytisknutí</strong>. Pokud chceš <strong>fyzickou kopii, vyber prosím „Tištěná verze“ a dokonči nákup na Amazonu</strong>.<br data-start="499" data-end="502" />🚫 <strong>Pokud si na našem webu zakoupíš digitální verzi k vytisknutí, nebudou ti zaslány žádné fyzické kopie.</strong><br />
🏡 Můžeš si je <strong>stáhnout a vytisknout</strong> doma, kolikrát jen budeš chtít, ale <strong>pouze pro osobní použití</strong>.<br />
💕 <strong>Žádné komerční využití</strong> – tyto stránky neprodávej, nesdílej ani dále nešiř.<br />
🎨 <strong>Nepoužívej tyto návrhy k vytváření nových produktů</strong> (jako jsou samolepky, knihy nebo merch).<br />
📸 Své <strong>vybarvené stránky</strong> můžeš klidně <strong>sdílet</strong> online – stačí <strong>uvést jako autora Colored Caramel</strong>.<br />
🖋️ Všechny návrhy jsou <strong>plně chráněny autorskými právy Colored Caramel</strong>. Prosíme, respektuj naši práci a kreativitu.</span></p>
<p><span style="font-family: 'comic sans ms', sans-serif;"><strong>Připravit, pozor, Vánoce! 🎅✨ Pořiď si svou kopii a ponoř se do sváteční roztomilosti!</strong></span></p>
<p><span style="font-family: 'comic sans ms', sans-serif; font-size: 12pt;">Pokud máš jakékoliv dotazy, pošli nám zprávu 🧡</span></p>

<p>Těšíš se na ty nejkouzelnější a nejroztomilejší Vánoce?🌲 Vítej ve Festive Days, útulných vánočních omalovánkách plných hřejivého kouzla, třpytivých světýlek a čisté sváteční radosti! ✨ Každá stránka je plná roztomilých…</p>
