{"id":35006,"date":"2025-06-12T06:13:41","date_gmt":"2025-06-12T06:13:41","guid":{"rendered":"https:\/\/www.coloredcaramel.com\/product\/spooky-dreams-coloring-book-2\/"},"modified":"2026-09-05T12:36:31","modified_gmt":"2026-09-05T12:36:31","slug":"spooky-dreams-omalovanky-s-duchy-a-kamarady","status":"publish","type":"product","link":"https:\/\/www.coloredcaramel.com\/cs\/product\/spooky-dreams-omalovanky-s-duchy-a-kamarady\/","title":{"rendered":"Spooky Dreams omalov\u00e1nky s duchy a kamar\u00e1dy"},"content":{"rendered":"<p><span style=\"font-family: 'comic sans ms', sans-serif;\">V\u00edtej ve sv\u011bt\u011b Spooky Dreams! Na\u0161i roztomil\u00ed mal\u00ed kamar\u00e1di a stra\u0161ideln\u00ed duchov\u00e9 u\u017e \u010dekaj\u00ed, aby t\u011b vzali na kouzeln\u00e9 dobrodru\u017estv\u00ed. \u2728<\/p>\n<p>\ud83e\udde1 Pro\u010d je milujeme:<\/span><br \/>\n<span style=\"font-family: 'comic sans ms', sans-serif;\">\u2022 V\u00fdrazn\u00e9 ilustrace, kter\u00e9 se snadno vybarvuj\u00ed, ide\u00e1ln\u00ed pro chv\u00edle odpo\u010dinku.<\/span><br \/>\n<span style=\"font-family: 'comic sans ms', sans-serif;\">\u2022 Kompletn\u00ed PDF se 40 jedine\u010dn\u00fdmi, roztomil\u00fdmi a stra\u0161ideln\u00fdmi ilustracemi &#8211; \u017e\u00e1dn\u00e9 se neopakuj\u00ed!<\/span><br \/>\n<span style=\"font-family: 'comic sans ms', sans-serif;\">\u2022 Obsahuje vzorn\u00edk barev a prostor pro zkou\u0161en\u00ed barev a jejich kombinac\u00ed.<\/span><br \/>\n<span style=\"font-family: 'comic sans ms', sans-serif;\">\u2022 Velikost str\u00e1nky je 8.5 x 8.5 inches &#8211; nejl\u00e9pe se tiskne na pap\u00edr o velikosti 8.5 x 11 inch.<\/span><br \/>\n<span style=\"font-family: 'comic sans ms', sans-serif;\">\u2022 Ide\u00e1ln\u00ed pro dosp\u011bl\u00e9 a teenagery, kte\u0159\u00ed r\u00e1di vybarvuj\u00ed a miluj\u00ed stra\u0161ideln\u00e9 v\u011bci.<\/span><br \/>\n<span style=\"font-family: 'comic sans ms', sans-serif;\">\u2022 Omalov\u00e1nky Spooky Dreams jsou skv\u011bl\u00e9 na Halloween i na jak\u00fdkoli jin\u00fd den v roce.<\/span><br \/>\n<span style=\"font-family: 'comic sans ms', sans-serif;\">\u2022 U\u017eij si sv\u016fj klidn\u00fd \u010das s uklid\u0148uj\u00edc\u00edmi a kreativn\u00edmi momenty.<\/span><br \/>\n<span style=\"font-family: 'comic sans ms', sans-serif;\">\u2022 Kr\u00e1sn\u00fd d\u00e1rek.<\/span><\/p>\n<p><span style=\"font-family: 'comic sans ms', sans-serif;\">**D\u016eLE\u017dIT\u00c9**<\/span><br \/>\n<span style=\"font-family: 'comic sans ms', sans-serif;\">\u2022 Jedn\u00e1 se o e-knihu ke sta\u017een\u00ed, kterou si vytiskne\u0161 doma &#8211; nepos\u00edl\u00e1me \u017e\u00e1dn\u00e9 fyzick\u00e9 kopie.<\/span><br \/>\n<span style=\"font-family: 'comic sans ms', sans-serif;\">\u2022 Soubory ke sta\u017een\u00ed neobsahuj\u00ed \u017e\u00e1dn\u00e9 vodoznaky.<\/span><br \/>\n<span style=\"font-family: 'comic sans ms', sans-serif;\">\u2022 POUZE PRO OSOBN\u00cd\/SOUKROM\u00c9 pou\u017eit\u00ed! Komer\u010dn\u00ed vyu\u017eit\u00ed nen\u00ed povoleno.<\/span><br \/>\n<span style=\"font-family: 'comic sans ms', sans-serif;\">\u2022 Kniha je chr\u00e1n\u011bna autorsk\u00fdmi pr\u00e1vy a NEN\u00cd POVOLENA MASOV\u00c1 V\u00ddROBA ani DAL\u0160\u00cd PRODEJ.<\/span><\/p>\n<p><span style=\"font-family: 'comic sans ms', sans-serif;\">Po\u0159i\u010f si svou kopii je\u0161t\u011b dnes a pono\u0159 se do t\u011bch nejroztomilej\u0161\u00edch stra\u0161ideln\u00fdch sn\u016f!<\/span><\/p>\n<p><span style=\"font-family: 'comic sans ms', sans-serif;\">Pokud m\u00e1\u0161 jak\u00e9koli dotazy, po\u0161li n\u00e1m zpr\u00e1vu \ud83d\ude42<\/span><\/p>\n","protected":false},"excerpt":{"rendered":"<p>V\u00edtej ve Spooky Dreams! Na\u0161i roztomil\u00ed kamar\u00e1di a stra\u0161ideln\u00ed duchov\u00e9 u\u017e \u010dekaj\u00ed, a\u017e t\u011b vezmou na kouzeln\u00e9 dobrodru\u017estv\u00ed. \u2728<\/p>\n","protected":false},"featured_media":0,"comment_status":"open","ping_status":"closed","template":"","meta":{"_acf_changed":false,"_glsr_average":0,"_glsr_ranking":0,"_glsr_reviews":0},"product_brand":[],"product_cat":[1858,1844,1846],"product_tag":[],"class_list":["post-35006","product","type-product","status-publish","product_cat-halloween","product_cat-omalovanky","product_cat-relaxace","first","instock","sold-individually","shipping-taxable","purchasable","product-type-variable"],"bundled_by":[],"bundle_stock_status":"instock","bundle_stock_quantity":null,"bundle_virtual":false,"bundle_layout":"","bundle_add_to_cart_form_location":"","bundle_editable_in_cart":false,"bundle_sold_individually_context":"","bundle_item_grouping":"","bundle_min_size":"","bundle_max_size":"","bundle_price":[],"bundled_items":[],"bundle_sell_ids":[],"acf":[],"_links":{"self":[{"href":"https:\/\/www.coloredcaramel.com\/cs\/wp-json\/wp\/v2\/product\/35006","targetHints":{"allow":["GET"]}}],"collection":[{"href":"https:\/\/www.coloredcaramel.com\/cs\/wp-json\/wp\/v2\/product"}],"about":[{"href":"https:\/\/www.coloredcaramel.com\/cs\/wp-json\/wp\/v2\/types\/product"}],"replies":[{"embeddable":true,"href":"https:\/\/www.coloredcaramel.com\/cs\/wp-json\/wp\/v2\/comments?post=35006"}],"wp:attachment":[{"href":"https:\/\/www.coloredcaramel.com\/cs\/wp-json\/wp\/v2\/media?parent=35006"}],"wp:term":[{"taxonomy":"product_brand","embeddable":true,"href":"https:\/\/www.coloredcaramel.com\/cs\/wp-json\/wp\/v2\/product_brand?post=35006"},{"taxonomy":"product_cat","embeddable":true,"href":"https:\/\/www.coloredcaramel.com\/cs\/wp-json\/wp\/v2\/product_cat?post=35006"},{"taxonomy":"product_tag","embeddable":true,"href":"https:\/\/www.coloredcaramel.com\/cs\/wp-json\/wp\/v2\/product_tag?post=35006"}],"curies":[{"name":"wp","href":"https:\/\/api.w.org\/{rel}","templated":true}]}}

Spooky Dreams omalovánky s duchy a kamarády

<p><span style="font-family: 'comic sans ms', sans-serif;">Vítej ve světě Spooky Dreams! Naši roztomilí malí kamarádi a strašidelní duchové už čekají, aby tě vzali na kouzelné dobrodružství. ✨</p>
<p>🧡 Proč je milujeme:</span><br />
<span style="font-family: 'comic sans ms', sans-serif;">• Výrazné ilustrace, které se snadno vybarvují, ideální pro chvíle odpočinku.</span><br />
<span style="font-family: 'comic sans ms', sans-serif;">• Kompletní PDF se 40 jedinečnými, roztomilými a strašidelnými ilustracemi &#8211; žádné se neopakují!</span><br />
<span style="font-family: 'comic sans ms', sans-serif;">• Obsahuje vzorník barev a prostor pro zkoušení barev a jejich kombinací.</span><br />
<span style="font-family: 'comic sans ms', sans-serif;">• Velikost stránky je 8.5 x 8.5 inches &#8211; nejlépe se tiskne na papír o velikosti 8.5 x 11 inch.</span><br />
<span style="font-family: 'comic sans ms', sans-serif;">• Ideální pro dospělé a teenagery, kteří rádi vybarvují a milují strašidelné věci.</span><br />
<span style="font-family: 'comic sans ms', sans-serif;">• Omalovánky Spooky Dreams jsou skvělé na Halloween i na jakýkoli jiný den v roce.</span><br />
<span style="font-family: 'comic sans ms', sans-serif;">• Užij si svůj klidný čas s uklidňujícími a kreativními momenty.</span><br />
<span style="font-family: 'comic sans ms', sans-serif;">• Krásný dárek.</span></p>
<p><span style="font-family: 'comic sans ms', sans-serif;">**DŮLEŽITÉ**</span><br />
<span style="font-family: 'comic sans ms', sans-serif;">• Jedná se o e-knihu ke stažení, kterou si vytiskneš doma &#8211; neposíláme žádné fyzické kopie.</span><br />
<span style="font-family: 'comic sans ms', sans-serif;">• Soubory ke stažení neobsahují žádné vodoznaky.</span><br />
<span style="font-family: 'comic sans ms', sans-serif;">• POUZE PRO OSOBNÍ/SOUKROMÉ použití! Komerční využití není povoleno.</span><br />
<span style="font-family: 'comic sans ms', sans-serif;">• Kniha je chráněna autorskými právy a NENÍ POVOLENA MASOVÁ VÝROBA ani DALŠÍ PRODEJ.</span></p>
<p><span style="font-family: 'comic sans ms', sans-serif;">Pořiď si svou kopii ještě dnes a ponoř se do těch nejroztomilejších strašidelných snů!</span></p>
<p><span style="font-family: 'comic sans ms', sans-serif;">Pokud máš jakékoli dotazy, pošli nám zprávu 🙂</span></p>

<p>Vítej ve Spooky Dreams! Naši roztomilí kamarádi a strašidelní duchové už čekají, až tě vezmou na kouzelné dobrodružství. ✨</p>
