{"id":34867,"date":"2025-05-01T08:14:24","date_gmt":"2025-05-01T08:14:24","guid":{"rendered":"https:\/\/www.coloredcaramel.com\/product\/cozy-and-cute-christmas-coloring-book-2\/"},"modified":"2026-09-05T12:36:21","modified_gmt":"2026-09-05T12:36:21","slug":"festive-corner-utulne-a-roztomile-vanocni-omalovanky","status":"publish","type":"product","link":"https:\/\/www.coloredcaramel.com\/cs\/product\/festive-corner-utulne-a-roztomile-vanocni-omalovanky\/","title":{"rendered":"Festive Corner: \u00fatuln\u00e9 a roztomil\u00e9 v\u00e1no\u010dn\u00ed omalov\u00e1nky"},"content":{"rendered":"<p><span style=\"font-family: 'comic sans ms', sans-serif;\">Ho, ho, ho! Jsi p\u0159ipraven\u00e1 vn\u00e9st do sv\u00fdch sv\u00e1tk\u016f trochu barev? Uveleb se a nech svou kreativitu zaz\u00e1\u0159it s t\u011bmito \u00fatuln\u00fdmi a roztomil\u00fdmi v\u00e1no\u010dn\u00edmi omalov\u00e1nkami!<\/span><\/p>\n<p><span style=\"font-family: 'comic sans ms', sans-serif;\">Pro\u010d je milujeme:<\/span><br \/>\n<span style=\"font-family: 'comic sans ms', sans-serif;\">\u2022 Super z\u00e1bavn\u00e9 omalov\u00e1nky s v\u00fdrazn\u00fdmi a jednoduch\u00fdmi ilustracemi.<\/span><br \/>\n<span style=\"font-family: 'comic sans ms', sans-serif;\">\u2022 Kompletn\u00ed PDF s 40 jedine\u010dn\u00fdmi motivy &#8211; \u017e\u00e1dn\u00e9 se neopakuj\u00ed!<\/span><br \/>\n<span style=\"font-family: 'comic sans ms', sans-serif;\">\u2022 Rozm\u011br str\u00e1nky je 8.5 x 8.5 palce &#8211; nejl\u00e9pe se tiskne na pap\u00edr o rozm\u011bru 8.5 x 11 palc\u016f.<\/span><br \/>\n<span style=\"font-family: 'comic sans ms', sans-serif;\">\u2022 Ide\u00e1ln\u00ed pro dosp\u011bl\u00e9 i teenagery.<\/span><br \/>\n<span style=\"font-family: 'comic sans ms', sans-serif;\">\u2022 Uklid\u0148uj\u00edc\u00ed, pohodov\u00e9, roztomil\u00e9 a \u00fatuln\u00e9 v\u00e1no\u010dn\u00ed omalov\u00e1nky.<\/span><br \/>\n<span style=\"font-family: 'comic sans ms', sans-serif;\">\u2022 Kr\u00e1sn\u00fd d\u00e1rek.<\/span><br \/>\n<span style=\"font-family: 'comic sans ms', sans-serif;\">\u2022 Obsahuje str\u00e1nku s roztomil\u00fdm adventn\u00edm kalend\u00e1\u0159em k vybarven\u00ed.<\/span><\/p>\n<p><span style=\"font-family: 'comic sans ms', sans-serif;\">Pokud se ti l\u00edb\u00ed na\u0161e omalov\u00e1nky Spooky Corner, pak se ti budou l\u00edbit i tyto!<\/span><\/p>\n<p><span style=\"font-family: 'comic sans ms', sans-serif;\">**D\u016eLE\u017dIT\u00c9**<\/span><br \/>\n<span style=\"font-family: 'comic sans ms', sans-serif;\">\u2022 Jedn\u00e1 se o elektronickou knihu ke sta\u017een\u00ed, kterou si vytiskne\u0161 doma &#8211; nebudou zas\u00edl\u00e1ny \u017e\u00e1dn\u00e9 ti\u0161t\u011bn\u00e9 v\u00fdtisky.<\/span><br \/>\n<span style=\"font-family: 'comic sans ms', sans-serif;\">\u2022 Soubory ke sta\u017een\u00ed neobsahuj\u00ed \u017e\u00e1dn\u00e9 vodoznaky.<\/span><br \/>\n<span style=\"font-family: 'comic sans ms', sans-serif;\">\u2022 POUZE pro OSOBN\u00cd\/SOUKROM\u00c9 pou\u017eit\u00ed! Komer\u010dn\u00ed vyu\u017eit\u00ed nen\u00ed povoleno.<\/span><br \/>\n<span style=\"font-family: 'comic sans ms', sans-serif;\">\u2022 Kniha je chr\u00e1n\u011bna autorsk\u00fdmi pr\u00e1vy a NESM\u00cd SE HROMADN\u011a VYR\u00c1B\u011aT ani PROD\u00c1VAT D\u00c1L.<\/span><\/p>\n<p><span style=\"font-family: 'comic sans ms', sans-serif;\">Objednej si tyto roztomil\u00e9 OMALOV\u00c1NKY pro z\u00e1bavn\u00e9 a pohodov\u00e9 sv\u00e1tky!<\/span><\/p>\n<p><span style=\"font-family: 'comic sans ms', sans-serif;\">Pokud m\u00e1\u0161 jak\u00e9koli dotazy, po\u0161li n\u00e1m zpr\u00e1vu \ud83d\ude42<\/span><\/p>\n","protected":false},"excerpt":{"rendered":"<p>V\u00e1no\u010dn\u00ed omalov\u00e1nky se 40 roztomil\u00fdmi a \u00fatuln\u00fdmi sv\u00e1te\u010dn\u00edmi ilustracemi v PDF k okam\u017eit\u00e9mu sta\u017een\u00ed a tisku pro z\u00e1bavu i relaxaci.<\/p>\n","protected":false},"featured_media":0,"comment_status":"open","ping_status":"closed","template":"","meta":{"_acf_changed":false,"_glsr_average":0,"_glsr_ranking":0,"_glsr_reviews":0},"product_brand":[],"product_cat":[1851,1844],"product_tag":[],"class_list":["post-34867","product","type-product","status-publish","product_cat-vanoce","product_cat-omalovanky","first","instock","sold-individually","shipping-taxable","purchasable","product-type-variable"],"bundled_by":[],"bundle_stock_status":"instock","bundle_stock_quantity":null,"bundle_virtual":false,"bundle_layout":"","bundle_add_to_cart_form_location":"","bundle_editable_in_cart":false,"bundle_sold_individually_context":"","bundle_item_grouping":"","bundle_min_size":"","bundle_max_size":"","bundle_price":[],"bundled_items":[],"bundle_sell_ids":[],"acf":[],"_links":{"self":[{"href":"https:\/\/www.coloredcaramel.com\/cs\/wp-json\/wp\/v2\/product\/34867","targetHints":{"allow":["GET"]}}],"collection":[{"href":"https:\/\/www.coloredcaramel.com\/cs\/wp-json\/wp\/v2\/product"}],"about":[{"href":"https:\/\/www.coloredcaramel.com\/cs\/wp-json\/wp\/v2\/types\/product"}],"replies":[{"embeddable":true,"href":"https:\/\/www.coloredcaramel.com\/cs\/wp-json\/wp\/v2\/comments?post=34867"}],"wp:attachment":[{"href":"https:\/\/www.coloredcaramel.com\/cs\/wp-json\/wp\/v2\/media?parent=34867"}],"wp:term":[{"taxonomy":"product_brand","embeddable":true,"href":"https:\/\/www.coloredcaramel.com\/cs\/wp-json\/wp\/v2\/product_brand?post=34867"},{"taxonomy":"product_cat","embeddable":true,"href":"https:\/\/www.coloredcaramel.com\/cs\/wp-json\/wp\/v2\/product_cat?post=34867"},{"taxonomy":"product_tag","embeddable":true,"href":"https:\/\/www.coloredcaramel.com\/cs\/wp-json\/wp\/v2\/product_tag?post=34867"}],"curies":[{"name":"wp","href":"https:\/\/api.w.org\/{rel}","templated":true}]}}

Festive Corner: útulné a roztomilé vánoční omalovánky

<p><span style="font-family: 'comic sans ms', sans-serif;">Ho, ho, ho! Jsi připravená vnést do svých svátků trochu barev? Uveleb se a nech svou kreativitu zazářit s těmito útulnými a roztomilými vánočními omalovánkami!</span></p>
<p><span style="font-family: 'comic sans ms', sans-serif;">Proč je milujeme:</span><br />
<span style="font-family: 'comic sans ms', sans-serif;">• Super zábavné omalovánky s výraznými a jednoduchými ilustracemi.</span><br />
<span style="font-family: 'comic sans ms', sans-serif;">• Kompletní PDF s 40 jedinečnými motivy &#8211; žádné se neopakují!</span><br />
<span style="font-family: 'comic sans ms', sans-serif;">• Rozměr stránky je 8.5 x 8.5 palce &#8211; nejlépe se tiskne na papír o rozměru 8.5 x 11 palců.</span><br />
<span style="font-family: 'comic sans ms', sans-serif;">• Ideální pro dospělé i teenagery.</span><br />
<span style="font-family: 'comic sans ms', sans-serif;">• Uklidňující, pohodové, roztomilé a útulné vánoční omalovánky.</span><br />
<span style="font-family: 'comic sans ms', sans-serif;">• Krásný dárek.</span><br />
<span style="font-family: 'comic sans ms', sans-serif;">• Obsahuje stránku s roztomilým adventním kalendářem k vybarvení.</span></p>
<p><span style="font-family: 'comic sans ms', sans-serif;">Pokud se ti líbí naše omalovánky Spooky Corner, pak se ti budou líbit i tyto!</span></p>
<p><span style="font-family: 'comic sans ms', sans-serif;">**DŮLEŽITÉ**</span><br />
<span style="font-family: 'comic sans ms', sans-serif;">• Jedná se o elektronickou knihu ke stažení, kterou si vytiskneš doma &#8211; nebudou zasílány žádné tištěné výtisky.</span><br />
<span style="font-family: 'comic sans ms', sans-serif;">• Soubory ke stažení neobsahují žádné vodoznaky.</span><br />
<span style="font-family: 'comic sans ms', sans-serif;">• POUZE pro OSOBNÍ/SOUKROMÉ použití! Komerční využití není povoleno.</span><br />
<span style="font-family: 'comic sans ms', sans-serif;">• Kniha je chráněna autorskými právy a NESMÍ SE HROMADNĚ VYRÁBĚT ani PRODÁVAT DÁL.</span></p>
<p><span style="font-family: 'comic sans ms', sans-serif;">Objednej si tyto roztomilé OMALOVÁNKY pro zábavné a pohodové svátky!</span></p>
<p><span style="font-family: 'comic sans ms', sans-serif;">Pokud máš jakékoli dotazy, pošli nám zprávu 🙂</span></p>

<p>Vánoční omalovánky se 40 roztomilými a útulnými svátečními ilustracemi v PDF k okamžitému stažení a tisku pro zábavu i relaxaci.</p>
