{"id":34804,"date":"2025-04-12T11:14:35","date_gmt":"2025-04-12T11:14:35","guid":{"rendered":"https:\/\/www.coloredcaramel.com\/product\/easter-patterns-cozy-bold-easy-coloring-book-2\/"},"modified":"2026-09-05T12:36:19","modified_gmt":"2026-09-05T12:36:19","slug":"easter-patterns-utulne-bold-easy-omalovanky","status":"publish","type":"product","link":"https:\/\/www.coloredcaramel.com\/cs\/product\/easter-patterns-utulne-bold-easy-omalovanky\/","title":{"rendered":"Easter Patterns: \u00fatuln\u00e9 Bold &#038; Easy omalov\u00e1nky"},"content":{"rendered":"<p><span style=\"font-family: 'comic sans ms', sans-serif;\">Vesel\u00e9 Velikonoce!<\/span><\/p>\n<p><span style=\"font-family: 'comic sans ms', sans-serif;\">Pro\u010d si ji zamiluje\u0161:<\/span><br \/>\n<span style=\"font-family: 'comic sans ms', sans-serif;\">\u2022 V\u00fdrazn\u00e9 vzory, kter\u00e9 se snadno vybarvuj\u00ed a jsou ide\u00e1ln\u00ed pro chv\u00edle odpo\u010dinku.<\/span><br \/>\n<span style=\"font-family: 'comic sans ms', sans-serif;\">\u2022 Kompletn\u00ed PDF se 40 jedine\u010dn\u00fdmi obr\u00e1zky &#8211; \u017e\u00e1dn\u00fd se neopakuje!<\/span><br \/>\n<span style=\"font-family: 'comic sans ms', sans-serif;\">\u2022 Rozm\u011br str\u00e1nky je 8.5 x 8.5 palc\u016f &#8211; nejl\u00e9pe se tiskne na pap\u00edr o rozm\u011bru 8.5 x 11 palc\u016f.<\/span><br \/>\n<span style=\"font-family: 'comic sans ms', sans-serif;\">\u2022 Ide\u00e1ln\u00ed pro dosp\u011bl\u00e9 i teenagery, kte\u0159\u00ed r\u00e1di vybarvuj\u00ed.<\/span><br \/>\n<span style=\"font-family: 'comic sans ms', sans-serif;\">\u2022 P\u0159iv\u00edtej jaro uklid\u0148uj\u00edc\u00edmi a kreativn\u00edmi chvilkami.<\/span><br \/>\n<span style=\"font-family: 'comic sans ms', sans-serif;\">\u2022 Kr\u00e1sn\u00fd d\u00e1rek.<\/span><\/p>\n<p><span style=\"font-family: 'comic sans ms', sans-serif;\">**D\u016eLE\u017dIT\u00c9**<\/span><br \/>\n<span style=\"font-family: 'comic sans ms', sans-serif;\">\u2022 Jedn\u00e1 se o e-knihu ke sta\u017een\u00ed, kterou si vytiskne\u0161 doma &#8211; nebudou zas\u00edl\u00e1ny \u017e\u00e1dn\u00e9 fyzick\u00e9 kopie.<\/span><br \/>\n<span style=\"font-family: 'comic sans ms', sans-serif;\">\u2022 Soubory ke sta\u017een\u00ed neobsahuj\u00ed \u017e\u00e1dn\u00e9 vodoznaky.<\/span><br \/>\n<span style=\"font-family: 'comic sans ms', sans-serif;\">\u2022 POUZE pro OSOBN\u00cd\/SOUKROM\u00c9 pou\u017eit\u00ed! Komer\u010dn\u00ed vyu\u017eit\u00ed nen\u00ed povoleno.<\/span><br \/>\n<span style=\"font-family: 'comic sans ms', sans-serif;\">\u2022 Kniha je chr\u00e1n\u011bna autorsk\u00fdmi pr\u00e1vy a NEN\u00cd POVOLENA \u017d\u00c1DN\u00c1 HROMADN\u00c1 V\u00ddROBA ani DAL\u0160\u00cd PRODEJ.<\/span><\/p>\n<p><span style=\"font-family: 'comic sans ms', sans-serif;\">Po\u0159i\u010f si svou kopii je\u0161t\u011b dnes a o\u017eiv tyto roztomil\u00e9 velikono\u010dn\u00ed vzory!<\/span><\/p>\n<p><span style=\"font-family: 'comic sans ms', sans-serif;\">Pokud m\u00e1\u0161 n\u011bjak\u00e9 dotazy, po\u0161li n\u00e1m zpr\u00e1vu \ud83d\ude42<\/span><\/p>\n","protected":false},"excerpt":{"rendered":"<p>Vesel\u00e9 Velikonoce! Pro\u010d si ji zamiluje\u0161: \u2022 V\u00fdrazn\u00e9 vzory, kter\u00e9 se snadno vybarvuj\u00ed a jsou ide\u00e1ln\u00ed pro chv\u00edle odpo\u010dinku. \u2022 Kompletn\u00ed PDF se 40 jedine\u010dn\u00fdmi obr\u00e1zky &#8211; \u017e\u00e1dn\u00fd se neopakuje!\u2026<\/p>\n","protected":false},"featured_media":0,"comment_status":"open","ping_status":"closed","template":"","meta":{"_acf_changed":false,"_glsr_average":0,"_glsr_ranking":0,"_glsr_reviews":0},"product_brand":[],"product_cat":[1854,1844,1848],"product_tag":[],"class_list":["post-34804","product","type-product","status-publish","product_cat-velikonoce","product_cat-omalovanky","product_cat-vzory","first","instock","sold-individually","shipping-taxable","purchasable","product-type-variable"],"bundled_by":[],"bundle_stock_status":"instock","bundle_stock_quantity":null,"bundle_virtual":false,"bundle_layout":"","bundle_add_to_cart_form_location":"","bundle_editable_in_cart":false,"bundle_sold_individually_context":"","bundle_item_grouping":"","bundle_min_size":"","bundle_max_size":"","bundle_price":[],"bundled_items":[],"bundle_sell_ids":[],"acf":[],"_links":{"self":[{"href":"https:\/\/www.coloredcaramel.com\/cs\/wp-json\/wp\/v2\/product\/34804","targetHints":{"allow":["GET"]}}],"collection":[{"href":"https:\/\/www.coloredcaramel.com\/cs\/wp-json\/wp\/v2\/product"}],"about":[{"href":"https:\/\/www.coloredcaramel.com\/cs\/wp-json\/wp\/v2\/types\/product"}],"replies":[{"embeddable":true,"href":"https:\/\/www.coloredcaramel.com\/cs\/wp-json\/wp\/v2\/comments?post=34804"}],"wp:attachment":[{"href":"https:\/\/www.coloredcaramel.com\/cs\/wp-json\/wp\/v2\/media?parent=34804"}],"wp:term":[{"taxonomy":"product_brand","embeddable":true,"href":"https:\/\/www.coloredcaramel.com\/cs\/wp-json\/wp\/v2\/product_brand?post=34804"},{"taxonomy":"product_cat","embeddable":true,"href":"https:\/\/www.coloredcaramel.com\/cs\/wp-json\/wp\/v2\/product_cat?post=34804"},{"taxonomy":"product_tag","embeddable":true,"href":"https:\/\/www.coloredcaramel.com\/cs\/wp-json\/wp\/v2\/product_tag?post=34804"}],"curies":[{"name":"wp","href":"https:\/\/api.w.org\/{rel}","templated":true}]}}

Easter Patterns: útulné Bold &#038; Easy omalovánky

<p><span style="font-family: 'comic sans ms', sans-serif;">Veselé Velikonoce!</span></p>
<p><span style="font-family: 'comic sans ms', sans-serif;">Proč si ji zamiluješ:</span><br />
<span style="font-family: 'comic sans ms', sans-serif;">• Výrazné vzory, které se snadno vybarvují a jsou ideální pro chvíle odpočinku.</span><br />
<span style="font-family: 'comic sans ms', sans-serif;">• Kompletní PDF se 40 jedinečnými obrázky &#8211; žádný se neopakuje!</span><br />
<span style="font-family: 'comic sans ms', sans-serif;">• Rozměr stránky je 8.5 x 8.5 palců &#8211; nejlépe se tiskne na papír o rozměru 8.5 x 11 palců.</span><br />
<span style="font-family: 'comic sans ms', sans-serif;">• Ideální pro dospělé i teenagery, kteří rádi vybarvují.</span><br />
<span style="font-family: 'comic sans ms', sans-serif;">• Přivítej jaro uklidňujícími a kreativními chvilkami.</span><br />
<span style="font-family: 'comic sans ms', sans-serif;">• Krásný dárek.</span></p>
<p><span style="font-family: 'comic sans ms', sans-serif;">**DŮLEŽITÉ**</span><br />
<span style="font-family: 'comic sans ms', sans-serif;">• Jedná se o e-knihu ke stažení, kterou si vytiskneš doma &#8211; nebudou zasílány žádné fyzické kopie.</span><br />
<span style="font-family: 'comic sans ms', sans-serif;">• Soubory ke stažení neobsahují žádné vodoznaky.</span><br />
<span style="font-family: 'comic sans ms', sans-serif;">• POUZE pro OSOBNÍ/SOUKROMÉ použití! Komerční využití není povoleno.</span><br />
<span style="font-family: 'comic sans ms', sans-serif;">• Kniha je chráněna autorskými právy a NENÍ POVOLENA ŽÁDNÁ HROMADNÁ VÝROBA ani DALŠÍ PRODEJ.</span></p>
<p><span style="font-family: 'comic sans ms', sans-serif;">Pořiď si svou kopii ještě dnes a oživ tyto roztomilé velikonoční vzory!</span></p>
<p><span style="font-family: 'comic sans ms', sans-serif;">Pokud máš nějaké dotazy, pošli nám zprávu 🙂</span></p>

<p>Veselé Velikonoce! Proč si ji zamiluješ: • Výrazné vzory, které se snadno vybarvují a jsou ideální pro chvíle odpočinku. • Kompletní PDF se 40 jedinečnými obrázky &#8211; žádný se neopakuje!…</p>
