{"id":34750,"date":"2025-04-12T11:14:22","date_gmt":"2025-04-12T11:14:22","guid":{"rendered":"https:\/\/www.coloredcaramel.com\/product\/practice-coloring-pages-your-coloring-time-workbook-2\/"},"modified":"2026-09-05T12:36:12","modified_gmt":"2026-09-05T12:36:12","slug":"omalovanky-k-procvicovani-pracovni-sesit-pro-trenink","status":"publish","type":"product","link":"https:\/\/www.coloredcaramel.com\/cs\/product\/omalovanky-k-procvicovani-pracovni-sesit-pro-trenink\/","title":{"rendered":"Omalov\u00e1nky k procvi\u010dov\u00e1n\u00ed: pracovn\u00ed se\u0161it pro tr\u00e9nink a zlep\u0161en\u00ed tv\u00fdch dovednost\u00ed"},"content":{"rendered":"<p><span style=\"font-family: 'comic sans ms', sans-serif;\">V\u00edtej na sv\u00e9m omalov\u00e1nkov\u00e9m h\u0159i\u0161ti, kter\u00e9 je stvo\u0159en\u00e9 k hran\u00ed, tr\u00e9nov\u00e1n\u00ed a zdokonalov\u00e1n\u00ed tv\u00fdch dovednost\u00ed pomoc\u00ed t\u011bchto cvi\u010dn\u00fdch omalov\u00e1nek!<\/span><\/p>\n<p><span style=\"font-family: 'comic sans ms', sans-serif;\">Tahle kn\u00ed\u017eka je hlavn\u011b o z\u00e1bav\u011b p\u0159i procvi\u010dov\u00e1n\u00ed r\u016fzn\u00fdch technik vybarvov\u00e1n\u00ed. A\u0165 u\u017e jsi na sv\u00e9 cest\u011b za vybarvov\u00e1n\u00edm kdekoli, probud\u00ed tvou fantazii a pom\u016f\u017ee ti zdokonalit tv\u00e9 dovednosti.<\/span><\/p>\n<p><span style=\"font-family: 'comic sans ms', sans-serif;\">Pro\u010d si ji zamiluje\u0161:<\/span><br \/>\n<span style=\"font-family: 'comic sans ms', sans-serif;\">\u2728 Obsahuje 12 technik, jako jsou snov\u00e9 oblohy s p\u0159echody, \u00fatuln\u00e9 vzory, hv\u011bzdn\u00e9 noci, pr\u016fhlednost a p\u0159\u00edrodn\u00ed efekty jako tr\u00e1va, sv\u011btlo ohn\u011b, voda, mlha a dal\u0161\u00ed.<\/span><\/p>\n<p><span style=\"font-family: 'comic sans ms', sans-serif;\">\u2728 U ka\u017ed\u00e9 z 12 technik najde\u0161:<\/span><br \/>\n<span style=\"font-family: 'comic sans ms', sans-serif;\">2 cvi\u010dn\u00e9 str\u00e1nky se vzorn\u00edky, prostorem pro n\u00e1cvik konkr\u00e9tn\u00edch technik a ilustrac\u00ed, na kter\u00e9 si m\u016f\u017ee\u0161 vyzkou\u0161et sv\u00e9 dovednosti.<\/span><br \/>\n<span style=\"font-family: 'comic sans ms', sans-serif;\">1 str\u00e1nku s celou ilustrac\u00ed, na kter\u00e9 m\u016f\u017ee\u0161 uplatnit nov\u011b nabyt\u00e9 dovednosti.<\/span><\/p>\n<p><span style=\"font-family: 'comic sans ms', sans-serif;\">\ud83d\udd8d\ufe0f Rozm\u011br str\u00e1nky je 8.5 x 8.5 palce \u2013 nejl\u00e9pe se tiskne na pap\u00edr o rozm\u011bru 8.5 x 11 inch.<\/span><br \/>\n<span style=\"font-family: 'comic sans ms', sans-serif;\">\ud83d\udc96 Ide\u00e1ln\u00ed pro dosp\u011bl\u00e9, teenagery a v\u0161echny, kte\u0159\u00ed se cht\u011bj\u00ed nau\u010dit nebo procvi\u010dit r\u016fzn\u00e9 techniky vybarvov\u00e1n\u00ed a zdokonalit tak sv\u00e9 dovednosti.<\/span><br \/>\n<span style=\"font-family: 'comic sans ms', sans-serif;\">\ud83d\udda8\ufe0f Vytiskni si je a procvi\u010duj, kolik jen chce\u0161!<\/span><br \/>\n<span style=\"font-family: 'comic sans ms', sans-serif;\">\u2728 Lze pou\u017e\u00edt tak\u00e9 v aplikaci Procreate nebo v jak\u00e9koli jin\u00e9 aplikaci pro digit\u00e1ln\u00ed vybarvov\u00e1n\u00ed.<\/span><br \/>\n<span style=\"font-family: 'comic sans ms', sans-serif;\">\ud83c\udf81 Skv\u011bl\u00fd d\u00e1rek pro v\u0161echny milovn\u00edky vybarvov\u00e1n\u00ed.<\/span><\/p>\n<p><span style=\"font-family: 'comic sans ms', sans-serif;\">**D\u016eLE\u017dIT\u00c9**<\/span><br \/>\n<span style=\"font-family: 'comic sans ms', sans-serif;\">\u2022 Jedn\u00e1 se o elektronickou knihu ke sta\u017een\u00ed, kterou si vytiskne\u0161 doma \u2013 nebudou zas\u00edl\u00e1ny \u017e\u00e1dn\u00e9 fyzick\u00e9 v\u00fdtisky.<\/span><br \/>\n<span style=\"font-family: 'comic sans ms', sans-serif;\">\u2022 Soubory ke sta\u017een\u00ed neobsahuj\u00ed \u017e\u00e1dn\u00e9 vodoznaky.<\/span><br \/>\n<span style=\"font-family: 'comic sans ms', sans-serif;\">\u2022 POUZE pro OSOBN\u00cd\/SOUKROM\u00c9 pou\u017eit\u00ed! Komer\u010dn\u00ed vyu\u017eit\u00ed nen\u00ed povoleno.<\/span><br \/>\n<span style=\"font-family: 'comic sans ms', sans-serif;\">\u2022 Kniha je chr\u00e1n\u011bna autorsk\u00fdmi pr\u00e1vy a NEN\u00cd POVOLENA \u017d\u00c1DN\u00c1 HROMADN\u00c1 V\u00ddROBA ani DAL\u0160\u00cd PRODEJ.<\/span><\/p>\n<p><span style=\"font-family: 'comic sans ms', sans-serif;\">Po\u0159i\u010f si tyto cvi\u010dn\u00e9 omalov\u00e1nky je\u0161t\u011b dnes a u\u017eij si ka\u017ed\u00fd krok sv\u00e9 tv\u016fr\u010d\u00ed cesty!<\/span><\/p>\n<p><span style=\"font-family: 'comic sans ms', sans-serif;\">\ud83d\udc8c M\u00e1\u0161 dotazy? Kdykoli n\u00e1m napi\u0161.<\/span><\/p>\n","protected":false},"excerpt":{"rendered":"<p>Z\u00e1bavn\u00e1 kn\u00ed\u017eka na procvi\u010dov\u00e1n\u00ed r\u016fzn\u00fdch technik vybarvov\u00e1n\u00ed.<\/p>\n","protected":false},"featured_media":0,"comment_status":"open","ping_status":"closed","template":"","meta":{"_acf_changed":false,"_glsr_average":0,"_glsr_ranking":0,"_glsr_reviews":0},"product_brand":[],"product_cat":[1847,1849,1844],"product_tag":[],"class_list":["post-34750","product","type-product","status-publish","product_cat-cviceni","product_cat-aktivity","product_cat-omalovanky","first","instock","featured","sold-individually","shipping-taxable","purchasable","product-type-variable"],"bundled_by":[],"bundle_stock_status":"instock","bundle_stock_quantity":null,"bundle_virtual":false,"bundle_layout":"","bundle_add_to_cart_form_location":"","bundle_editable_in_cart":false,"bundle_sold_individually_context":"","bundle_item_grouping":"","bundle_min_size":"","bundle_max_size":"","bundle_price":[],"bundled_items":[],"bundle_sell_ids":[],"acf":[],"_links":{"self":[{"href":"https:\/\/www.coloredcaramel.com\/cs\/wp-json\/wp\/v2\/product\/34750","targetHints":{"allow":["GET"]}}],"collection":[{"href":"https:\/\/www.coloredcaramel.com\/cs\/wp-json\/wp\/v2\/product"}],"about":[{"href":"https:\/\/www.coloredcaramel.com\/cs\/wp-json\/wp\/v2\/types\/product"}],"replies":[{"embeddable":true,"href":"https:\/\/www.coloredcaramel.com\/cs\/wp-json\/wp\/v2\/comments?post=34750"}],"wp:attachment":[{"href":"https:\/\/www.coloredcaramel.com\/cs\/wp-json\/wp\/v2\/media?parent=34750"}],"wp:term":[{"taxonomy":"product_brand","embeddable":true,"href":"https:\/\/www.coloredcaramel.com\/cs\/wp-json\/wp\/v2\/product_brand?post=34750"},{"taxonomy":"product_cat","embeddable":true,"href":"https:\/\/www.coloredcaramel.com\/cs\/wp-json\/wp\/v2\/product_cat?post=34750"},{"taxonomy":"product_tag","embeddable":true,"href":"https:\/\/www.coloredcaramel.com\/cs\/wp-json\/wp\/v2\/product_tag?post=34750"}],"curies":[{"name":"wp","href":"https:\/\/api.w.org\/{rel}","templated":true}]}}

Omalovánky k procvičování: pracovní sešit pro trénink a zlepšení tvých dovedností

<p><span style="font-family: 'comic sans ms', sans-serif;">Vítej na svém omalovánkovém hřišti, které je stvořené k hraní, trénování a zdokonalování tvých dovedností pomocí těchto cvičných omalovánek!</span></p>
<p><span style="font-family: 'comic sans ms', sans-serif;">Tahle knížka je hlavně o zábavě při procvičování různých technik vybarvování. Ať už jsi na své cestě za vybarvováním kdekoli, probudí tvou fantazii a pomůže ti zdokonalit tvé dovednosti.</span></p>
<p><span style="font-family: 'comic sans ms', sans-serif;">Proč si ji zamiluješ:</span><br />
<span style="font-family: 'comic sans ms', sans-serif;">✨ Obsahuje 12 technik, jako jsou snové oblohy s přechody, útulné vzory, hvězdné noci, průhlednost a přírodní efekty jako tráva, světlo ohně, voda, mlha a další.</span></p>
<p><span style="font-family: 'comic sans ms', sans-serif;">✨ U každé z 12 technik najdeš:</span><br />
<span style="font-family: 'comic sans ms', sans-serif;">2 cvičné stránky se vzorníky, prostorem pro nácvik konkrétních technik a ilustrací, na které si můžeš vyzkoušet své dovednosti.</span><br />
<span style="font-family: 'comic sans ms', sans-serif;">1 stránku s celou ilustrací, na které můžeš uplatnit nově nabyté dovednosti.</span></p>
<p><span style="font-family: 'comic sans ms', sans-serif;">🖍️ Rozměr stránky je 8.5 x 8.5 palce – nejlépe se tiskne na papír o rozměru 8.5 x 11 inch.</span><br />
<span style="font-family: 'comic sans ms', sans-serif;">💖 Ideální pro dospělé, teenagery a všechny, kteří se chtějí naučit nebo procvičit různé techniky vybarvování a zdokonalit tak své dovednosti.</span><br />
<span style="font-family: 'comic sans ms', sans-serif;">🖨️ Vytiskni si je a procvičuj, kolik jen chceš!</span><br />
<span style="font-family: 'comic sans ms', sans-serif;">✨ Lze použít také v aplikaci Procreate nebo v jakékoli jiné aplikaci pro digitální vybarvování.</span><br />
<span style="font-family: 'comic sans ms', sans-serif;">🎁 Skvělý dárek pro všechny milovníky vybarvování.</span></p>
<p><span style="font-family: 'comic sans ms', sans-serif;">**DŮLEŽITÉ**</span><br />
<span style="font-family: 'comic sans ms', sans-serif;">• Jedná se o elektronickou knihu ke stažení, kterou si vytiskneš doma – nebudou zasílány žádné fyzické výtisky.</span><br />
<span style="font-family: 'comic sans ms', sans-serif;">• Soubory ke stažení neobsahují žádné vodoznaky.</span><br />
<span style="font-family: 'comic sans ms', sans-serif;">• POUZE pro OSOBNÍ/SOUKROMÉ použití! Komerční využití není povoleno.</span><br />
<span style="font-family: 'comic sans ms', sans-serif;">• Kniha je chráněna autorskými právy a NENÍ POVOLENA ŽÁDNÁ HROMADNÁ VÝROBA ani DALŠÍ PRODEJ.</span></p>
<p><span style="font-family: 'comic sans ms', sans-serif;">Pořiď si tyto cvičné omalovánky ještě dnes a užij si každý krok své tvůrčí cesty!</span></p>
<p><span style="font-family: 'comic sans ms', sans-serif;">💌 Máš dotazy? Kdykoli nám napiš.</span></p>

<p>Zábavná knížka na procvičování různých technik vybarvování.</p>
