{"id":33796,"date":"2025-04-12T11:14:06","date_gmt":"2025-04-12T11:14:06","guid":{"rendered":"https:\/\/www.coloredcaramel.com\/product\/spooky-christmas-coloring-book-2\/"},"modified":"2026-09-05T12:36:10","modified_gmt":"2026-09-05T12:36:10","slug":"strasidelne-vanocni-omalovanky","status":"publish","type":"product","link":"https:\/\/www.coloredcaramel.com\/cs\/product\/strasidelne-vanocni-omalovanky\/","title":{"rendered":"Stra\u0161ideln\u00e9 v\u00e1no\u010dn\u00ed omalov\u00e1nky"},"content":{"rendered":"<p><span style=\"font-family: comic sans ms, sans-serif;\">Tyto stra\u0161ideln\u00e9 v\u00e1no\u010dn\u00ed omalov\u00e1nky vnesou do tv\u00fdch sv\u00e1tk\u016f trochu stra\u0161ideln\u00e9 z\u00e1bavy. Jsou pln\u00e9 roztomil\u00fdch duch\u016f, netop\u00fdr\u016f, ozdob ve tvaru lebek a sv\u00e1te\u010dn\u00edch stromk\u016f a p\u0159edstavuj\u00ed tak dokonalou kombinaci stra\u0161ideln\u00e9ho a vesel\u00e9ho sv\u00e1te\u010dn\u00edho um\u011bn\u00ed.<\/span><\/p>\n<p><span style=\"font-family: comic sans ms, sans-serif;\"><strong>Pro\u010d si je zamiluje\u0161<\/strong><\/span><\/p>\n<ul>\n<li><span style=\"font-family: comic sans ms, sans-serif;\">\u00da\u017easn\u00e9 a super z\u00e1bavn\u00e9 omalov\u00e1nky se 40 uklid\u0148uj\u00edc\u00edmi motivy \u2013 \u017e\u00e1dn\u00e9 opakuj\u00edc\u00ed se obr\u00e1zky!<\/span><\/li>\n<li><span style=\"font-family: comic sans ms, sans-serif;\">Ur\u010deno pro dosp\u011bl\u00e9 a teenagery, kte\u0159\u00ed maj\u00ed r\u00e1di kreativn\u00ed z\u00e1bavu a vybarvov\u00e1n\u00ed bez stresu.<\/span><\/li>\n<li><span style=\"font-family: comic sans ms, sans-serif;\">V\u00fdrazn\u00e9, jednoduch\u00e9 motivy a siln\u00e9 \u010d\u00e1ry pro ten nejlep\u0161\u00ed z\u00e1\u017eitek z vybarvov\u00e1n\u00ed.<\/span><\/li>\n<li><span style=\"font-family: comic sans ms, sans-serif;\">Omalov\u00e1nky Spooky Christmas jsou z\u00e1bavn\u00e9 a uklid\u0148uj\u00edc\u00ed!<\/span><\/li>\n<li><span style=\"font-family: comic sans ms, sans-serif;\">Str\u00e1nky ve form\u00e1tu PDF k vytisknut\u00ed o rozm\u011brech 8.5 x 8.5 palc\u016f \u2013 nejl\u00e9pe se tisknou na pap\u00edr o rozm\u011brech 8.5 x 11 inch.<\/span><\/li>\n<li><span style=\"font-family: comic sans ms, sans-serif;\">\u00datuln\u00fd zp\u016fsob, jak si odpo\u010dinout a \u0161\u00ed\u0159it sv\u00e1te\u010dn\u00ed n\u00e1ladu.<\/span><\/li>\n<li><span style=\"font-family: comic sans ms, sans-serif;\">Skv\u011bl\u00fd a smyslupln\u00fd d\u00e1rek pro tv\u00e9 bl\u00edzk\u00e9 a p\u0159\u00e1tele b\u011bhem zimn\u00edch sv\u00e1tk\u016f.<\/span><\/li>\n<\/ul>\n<p><span style=\"font-family: comic sans ms, sans-serif;\"><strong>D\u016fle\u017eit\u00e9 pozn\u00e1mky<\/strong><\/span><\/p>\n<ul>\n<li><span style=\"font-family: comic sans ms, sans-serif;\">Okam\u017eit\u00e9 sta\u017een\u00ed ve form\u00e1tu PDF \u2013 nebudou zas\u00edl\u00e1ny \u017e\u00e1dn\u00e9 fyzick\u00e9 kopie.<\/span><\/li>\n<li><span style=\"font-family: comic sans ms, sans-serif;\">Soubory ke sta\u017een\u00ed neobsahuj\u00ed \u017e\u00e1dn\u00e9 vodoznaky.<\/span><\/li>\n<li><span style=\"font-family: comic sans ms, sans-serif;\">Pouze pro osobn\u00ed a soukrom\u00e9 pou\u017eit\u00ed. Komer\u010dn\u00ed vyu\u017eit\u00ed, hromadn\u00e1 v\u00fdroba nebo dal\u0161\u00ed prodej nejsou povoleny.<\/span><\/li>\n<li><span style=\"font-family: comic sans ms, sans-serif;\">V\u0161echny ilustrace jsou origin\u00e1ln\u00ed a chr\u00e1n\u011bn\u00e9 autorsk\u00fdm pr\u00e1vem.<\/span><\/li>\n<\/ul>\n<p><span style=\"font-family: comic sans ms, sans-serif;\">Vnes si dom\u016f trochu \u00fatuln\u00e9 v\u00e1no\u010dn\u00ed magie a u\u017eij si tyto roztomil\u00e9 omalov\u00e1nky, kter\u00e9 prom\u011bn\u00ed ka\u017edou str\u00e1nku ve sv\u00e1te\u010dn\u00ed dobrodru\u017estv\u00ed.<\/span><\/p>\n<p><span style=\"font-family: comic sans ms, sans-serif;\">Po\u0159i\u010f si sv\u016fj v\u00fdtisk je\u0161t\u011b dnes a ud\u011blej z t\u00e9to sez\u00f3ny n\u011bco \u00fa\u017easn\u00e9ho!<\/span><\/p>\n<p><span style=\"font-family: comic sans ms, sans-serif;\">Pokud m\u00e1\u0161 n\u011bjak\u00e9 dotazy, po\u0161li n\u00e1m zpr\u00e1vu \ud83d\ude42<\/span><\/p>\n","protected":false},"excerpt":{"rendered":"<p>Tyto stra\u0161ideln\u00e9 v\u00e1no\u010dn\u00ed omalov\u00e1nky vnesou do tv\u00fdch sv\u00e1tk\u016f trochu stra\u0161ideln\u00e9 z\u00e1bavy. Jsou pln\u00e9 roztomil\u00fdch duch\u016f, netop\u00fdr\u016f, ozdob ve tvaru lebek a sv\u00e1te\u010dn\u00edch stromk\u016f a p\u0159edstavuj\u00ed tak dokonalou kombinaci stra\u0161ideln\u00e9ho a\u2026<\/p>\n","protected":false},"featured_media":0,"comment_status":"open","ping_status":"closed","template":"","meta":{"_acf_changed":false,"_glsr_average":0,"_glsr_ranking":0,"_glsr_reviews":0},"product_brand":[],"product_cat":[1844,1851],"product_tag":[],"class_list":["post-33796","product","type-product","status-publish","product_cat-omalovanky","product_cat-vanoce","first","instock","sold-individually","shipping-taxable","purchasable","product-type-variable"],"bundled_by":[],"bundle_stock_status":"instock","bundle_stock_quantity":null,"bundle_virtual":false,"bundle_layout":"","bundle_add_to_cart_form_location":"","bundle_editable_in_cart":false,"bundle_sold_individually_context":"","bundle_item_grouping":"","bundle_min_size":"","bundle_max_size":"","bundle_price":[],"bundled_items":[],"bundle_sell_ids":[],"acf":[],"_links":{"self":[{"href":"https:\/\/www.coloredcaramel.com\/cs\/wp-json\/wp\/v2\/product\/33796","targetHints":{"allow":["GET"]}}],"collection":[{"href":"https:\/\/www.coloredcaramel.com\/cs\/wp-json\/wp\/v2\/product"}],"about":[{"href":"https:\/\/www.coloredcaramel.com\/cs\/wp-json\/wp\/v2\/types\/product"}],"replies":[{"embeddable":true,"href":"https:\/\/www.coloredcaramel.com\/cs\/wp-json\/wp\/v2\/comments?post=33796"}],"wp:attachment":[{"href":"https:\/\/www.coloredcaramel.com\/cs\/wp-json\/wp\/v2\/media?parent=33796"}],"wp:term":[{"taxonomy":"product_brand","embeddable":true,"href":"https:\/\/www.coloredcaramel.com\/cs\/wp-json\/wp\/v2\/product_brand?post=33796"},{"taxonomy":"product_cat","embeddable":true,"href":"https:\/\/www.coloredcaramel.com\/cs\/wp-json\/wp\/v2\/product_cat?post=33796"},{"taxonomy":"product_tag","embeddable":true,"href":"https:\/\/www.coloredcaramel.com\/cs\/wp-json\/wp\/v2\/product_tag?post=33796"}],"curies":[{"name":"wp","href":"https:\/\/api.w.org\/{rel}","templated":true}]}}

Strašidelné vánoční omalovánky

<p><span style="font-family: comic sans ms, sans-serif;">Tyto strašidelné vánoční omalovánky vnesou do tvých svátků trochu strašidelné zábavy. Jsou plné roztomilých duchů, netopýrů, ozdob ve tvaru lebek a svátečních stromků a představují tak dokonalou kombinaci strašidelného a veselého svátečního umění.</span></p>
<p><span style="font-family: comic sans ms, sans-serif;"><strong>Proč si je zamiluješ</strong></span></p>
<ul>
<li><span style="font-family: comic sans ms, sans-serif;">Úžasné a super zábavné omalovánky se 40 uklidňujícími motivy – žádné opakující se obrázky!</span></li>
<li><span style="font-family: comic sans ms, sans-serif;">Určeno pro dospělé a teenagery, kteří mají rádi kreativní zábavu a vybarvování bez stresu.</span></li>
<li><span style="font-family: comic sans ms, sans-serif;">Výrazné, jednoduché motivy a silné čáry pro ten nejlepší zážitek z vybarvování.</span></li>
<li><span style="font-family: comic sans ms, sans-serif;">Omalovánky Spooky Christmas jsou zábavné a uklidňující!</span></li>
<li><span style="font-family: comic sans ms, sans-serif;">Stránky ve formátu PDF k vytisknutí o rozměrech 8.5 x 8.5 palců – nejlépe se tisknou na papír o rozměrech 8.5 x 11 inch.</span></li>
<li><span style="font-family: comic sans ms, sans-serif;">Útulný způsob, jak si odpočinout a šířit sváteční náladu.</span></li>
<li><span style="font-family: comic sans ms, sans-serif;">Skvělý a smysluplný dárek pro tvé blízké a přátele během zimních svátků.</span></li>
</ul>
<p><span style="font-family: comic sans ms, sans-serif;"><strong>Důležité poznámky</strong></span></p>
<ul>
<li><span style="font-family: comic sans ms, sans-serif;">Okamžité stažení ve formátu PDF – nebudou zasílány žádné fyzické kopie.</span></li>
<li><span style="font-family: comic sans ms, sans-serif;">Soubory ke stažení neobsahují žádné vodoznaky.</span></li>
<li><span style="font-family: comic sans ms, sans-serif;">Pouze pro osobní a soukromé použití. Komerční využití, hromadná výroba nebo další prodej nejsou povoleny.</span></li>
<li><span style="font-family: comic sans ms, sans-serif;">Všechny ilustrace jsou originální a chráněné autorským právem.</span></li>
</ul>
<p><span style="font-family: comic sans ms, sans-serif;">Vnes si domů trochu útulné vánoční magie a užij si tyto roztomilé omalovánky, které promění každou stránku ve sváteční dobrodružství.</span></p>
<p><span style="font-family: comic sans ms, sans-serif;">Pořiď si svůj výtisk ještě dnes a udělej z této sezóny něco úžasného!</span></p>
<p><span style="font-family: comic sans ms, sans-serif;">Pokud máš nějaké dotazy, pošli nám zprávu 🙂</span></p>

<p>Tyto strašidelné vánoční omalovánky vnesou do tvých svátků trochu strašidelné zábavy. Jsou plné roztomilých duchů, netopýrů, ozdob ve tvaru lebek a svátečních stromků a představují tak dokonalou kombinaci strašidelného a…</p>
